CRAN Package Check Results for Package dexterMST

Last updated on 2022-06-26 12:54:45 CEST.

Flavor Version Tinstall Tcheck Ttotal Status Flags
r-devel-linux-x86_64-debian-clang 0.9.3 57.87 182.30 240.17 OK
r-devel-linux-x86_64-debian-gcc 0.9.3 52.39 129.02 181.41 OK
r-devel-linux-x86_64-fedora-clang 0.9.3 326.07 OK
r-devel-linux-x86_64-fedora-gcc 0.9.3 297.40 OK
r-devel-windows-x86_64 0.9.3 86.00 213.00 299.00 OK
r-patched-linux-x86_64 0.9.3 50.79 167.10 217.89 OK
r-release-linux-x86_64 0.9.3 42.42 164.94 207.36 OK
r-release-macos-arm64 0.9.3 79.00 OK
r-release-macos-x86_64 0.9.3 128.00 OK
r-release-windows-x86_64 0.9.3 79.00 207.00 286.00 OK
r-oldrel-macos-arm64 0.9.3 74.00 NOTE
r-oldrel-macos-x86_64 0.9.3 102.00 OK
r-oldrel-windows-ix86+x86_64 0.9.3 144.00 293.00 437.00 OK

Check Details

Version: 0.9.3
Check: installed package size
Result: NOTE
     installed size is 5.6Mb
     sub-directories of 1Mb or more:
     libs 4.9Mb
Flavor: r-oldrel-macos-arm64