CRAN Package Check Results for Package dga

Last updated on 2024-03-04 21:51:02 CET.

Flavor Version Tinstall Tcheck Ttotal Status Flags
r-devel-linux-x86_64-debian-clang 2.0.1 38.57 41.68 80.25 NOTE
r-devel-linux-x86_64-debian-gcc 2.0.1 25.18 31.62 56.80 NOTE
r-devel-linux-x86_64-fedora-clang 2.0.1 107.82 NOTE
r-devel-linux-x86_64-fedora-gcc 2.0.1 98.73 NOTE
r-devel-windows-x86_64 2.0.1 26.00 79.00 105.00 NOTE
r-patched-linux-x86_64 2.0.1 33.93 40.85 74.78 NOTE
r-release-linux-x86_64 2.0.1 35.36 41.15 76.51 NOTE
r-release-macos-arm64 2.0.1 30.00 NOTE
r-release-macos-x86_64 2.0.1 48.00 NOTE
r-release-windows-x86_64 2.0.1 24.00 82.00 106.00 NOTE
r-oldrel-macos-arm64 2.0.1 30.00 OK
r-oldrel-windows-x86_64 2.0.1 34.00 79.00 113.00 OK

Check Details

Version: 2.0.1
Check: C++ specification
Result: NOTE Specified C++11: please drop specification unless essential Flavors: r-devel-linux-x86_64-debian-clang, r-devel-linux-x86_64-debian-gcc, r-devel-linux-x86_64-fedora-clang, r-devel-linux-x86_64-fedora-gcc, r-devel-windows-x86_64, r-patched-linux-x86_64, r-release-linux-x86_64, r-release-macos-arm64, r-release-macos-x86_64, r-release-windows-x86_64