CRAN Package Check Results for Package dggridR

Last updated on 2018-05-23 00:46:31 CEST.

Flavor Version Tinstall Tcheck Ttotal Status Flags
r-devel-linux-x86_64-debian-clang 2.0.3 151.67 107.00 258.67 OK
r-devel-linux-x86_64-debian-gcc 2.0.3 163.04 84.76 247.80 OK
r-devel-linux-x86_64-fedora-clang 2.0.3 384.63 NOTE
r-devel-linux-x86_64-fedora-gcc 2.0.3 400.82 NOTE
r-devel-windows-ix86+x86_64 2.0.3 465.00 230.00 695.00 NOTE
r-patched-linux-x86_64 2.0.3 194.86 97.26 292.12 OK
r-patched-solaris-x86 2.0.3 414.70 OK
r-release-linux-x86_64 2.0.3 197.42 96.37 293.79 OK
r-release-windows-ix86+x86_64 2.0.3 596.00 216.00 812.00 NOTE
r-release-osx-x86_64 2.0.3 NOTE
r-oldrel-windows-ix86+x86_64 2.0.3 609.00 235.00 844.00 NOTE
r-oldrel-osx-x86_64 2.0.3 NOTE

Additional issues

gcc8

Check Details

Version: 2.0.3
Check: installed package size
Result: NOTE
     installed size is 19.4Mb
     sub-directories of 1Mb or more:
     doc 1.5Mb
     libs 17.4Mb
Flavors: r-devel-linux-x86_64-fedora-clang, r-devel-linux-x86_64-fedora-gcc, r-devel-windows-ix86+x86_64, r-release-windows-ix86+x86_64, r-release-osx-x86_64, r-oldrel-windows-ix86+x86_64, r-oldrel-osx-x86_64