CRAN Package Check Results for Package dggridR

Last updated on 2018-08-19 04:46:49 CEST.

Flavor Version Tinstall Tcheck Ttotal Status Flags
r-devel-linux-x86_64-debian-clang 2.0.3 155.98 110.23 266.21 OK
r-devel-linux-x86_64-debian-gcc 2.0.3 184.42 88.59 273.01 WARN
r-devel-linux-x86_64-fedora-clang 2.0.3 386.73 NOTE
r-devel-linux-x86_64-fedora-gcc 2.0.3 405.86 WARN
r-devel-windows-ix86+x86_64 2.0.3 607.00 244.00 851.00 NOTE
r-patched-linux-x86_64 2.0.3 227.87 99.20 327.07 WARN
r-patched-solaris-x86 2.0.3 414.60 OK
r-release-linux-x86_64 2.0.3 222.73 98.97 321.70 WARN
r-release-windows-ix86+x86_64 2.0.3 682.00 223.00 905.00 NOTE
r-release-osx-x86_64 2.0.3 NOTE
r-oldrel-windows-ix86+x86_64 2.0.3 504.00 172.00 676.00 NOTE
r-oldrel-osx-x86_64 2.0.3 NOTE

Check Details

Version: 2.0.3
Check: whether package can be installed
Result: WARN
    Found the following significant warnings:
     clipper.cpp:721:34: warning: ‘void* memset(void*, int, size_t)’ clearing an object of non-trivial type ‘struct ClipperLib::TEdge’; use assignment or value-initialization instead [-Wclass-memaccess]
     dbfopen.c:1346:6: warning: ‘strncpy’ output may be truncated copying between 0 and 399 bytes from a string of length 399 [-Wstringop-truncation]
     dbfopen.c:1328:6: warning: ‘strncpy’ output may be truncated copying between 0 and 399 bytes from a string of length 399 [-Wstringop-truncation]
     dbfopen.c:879:9: warning: ‘strncpy’ output truncated before terminating nul copying as many bytes from a string as its length [-Wstringop-truncation]
     dbfopen.c:1693:9: warning: ‘strncpy’ output may be truncated copying 11 bytes from a string of length 11 [-Wstringop-truncation]
     dbfopen.c:2065:9: warning: ‘strncpy’ output truncated before terminating nul copying as many bytes from a string as its length [-Wstringop-truncation]
Flavors: r-devel-linux-x86_64-debian-gcc, r-patched-linux-x86_64, r-release-linux-x86_64

Version: 2.0.3
Check: installed package size
Result: NOTE
     installed size is 19.4Mb
     sub-directories of 1Mb or more:
     doc 1.5Mb
     libs 17.4Mb
Flavors: r-devel-linux-x86_64-fedora-clang, r-devel-windows-ix86+x86_64, r-release-windows-ix86+x86_64, r-release-osx-x86_64, r-oldrel-windows-ix86+x86_64, r-oldrel-osx-x86_64

Version: 2.0.3
Check: whether package can be installed
Result: WARN
    Found the following significant warnings:
     dbfopen.c:1346:6: warning: ‘strncpy’ output may be truncated copying between 0 and 399 bytes from a string of length 399 [-Wstringop-truncation]
     dbfopen.c:1328:6: warning: ‘strncpy’ output may be truncated copying between 0 and 399 bytes from a string of length 399 [-Wstringop-truncation]
     dbfopen.c:879:9: warning: ‘strncpy’ output truncated before terminating nul copying as many bytes from a string as its length [-Wstringop-truncation]
     dbfopen.c:1693:9: warning: ‘strncpy’ output may be truncated copying 11 bytes from a string of length 11 [-Wstringop-truncation]
     dbfopen.c:2065:9: warning: ‘strncpy’ output truncated before terminating nul copying as many bytes from a string as its length [-Wstringop-truncation]
     clipper.cpp:721:34: warning: ‘void* memset(void*, int, size_t)’ clearing an object of non-trivial type ‘struct ClipperLib::TEdge’; use assignment or value-initialization instead [-Wclass-memaccess]
Flavor: r-devel-linux-x86_64-fedora-gcc