CRAN Package Check Results for Package dggridR

Last updated on 2018-02-18 17:48:07 CET.

Flavor Version Tinstall Tcheck Ttotal Status Flags
r-devel-linux-x86_64-debian-clang 2.0.1 171.87 123.55 295.42 OK
r-devel-linux-x86_64-debian-gcc 2.0.1 162.46 96.80 259.26 OK
r-devel-linux-x86_64-fedora-clang 2.0.1 413.05 NOTE
r-devel-linux-x86_64-fedora-gcc 2.0.1 408.63 NOTE
r-devel-windows-ix86+x86_64 2.0.1 439.00 223.00 662.00 NOTE
r-patched-linux-x86_64 2.0.1 203.66 134.30 337.96 OK
r-patched-solaris-x86 2.0.1 455.90 OK
r-release-linux-x86_64 2.0.1 194.43 134.02 328.45 OK
r-release-windows-ix86+x86_64 2.0.1 592.00 316.00 908.00 NOTE
r-release-osx-x86_64 2.0.1 NOTE
r-oldrel-windows-ix86+x86_64 0.1.11 489.00 113.00 602.00 NOTE
r-oldrel-osx-x86_64 2.0.1 ERROR

Additional issues

valgrind

Check Details

Version: 2.0.1
Check: installed package size
Result: NOTE
     installed size is 19.8Mb
     sub-directories of 1Mb or more:
     doc 1.9Mb
     libs 17.5Mb
Flavors: r-devel-linux-x86_64-fedora-clang, r-devel-linux-x86_64-fedora-gcc, r-devel-windows-ix86+x86_64, r-release-windows-ix86+x86_64, r-release-osx-x86_64

Version: 0.1.11
Check: installed package size
Result: NOTE
     installed size is 5.1Mb
     sub-directories of 1Mb or more:
     bin 3.1Mb
     doc 1.7Mb
Flavor: r-oldrel-windows-ix86+x86_64

Version: 2.0.1
Check: package dependencies
Result: ERROR
    Package required and available but unsuitable version: ‘methods’
    
    See section ‘The DESCRIPTION file’ in the ‘Writing R Extensions’
    manual.
Flavor: r-oldrel-osx-x86_64