CRAN Package Check Results for Package dggridR

Last updated on 2018-11-17 06:46:38 CET.

Flavor Version Tinstall Tcheck Ttotal Status Flags
r-devel-linux-x86_64-debian-clang 2.0.3 167.32 104.66 271.98 OK
r-devel-linux-x86_64-debian-gcc 2.0.3 184.63 84.19 268.82 WARN
r-devel-linux-x86_64-fedora-clang 2.0.3 419.54 NOTE
r-devel-linux-x86_64-fedora-gcc 2.0.3 402.82 WARN
r-devel-windows-ix86+x86_64 2.0.3 577.00 217.00 794.00 NOTE
r-patched-linux-x86_64 2.0.3 232.02 100.17 332.19 WARN
r-patched-solaris-x86 2.0.3 465.20 OK
r-release-linux-x86_64 2.0.3 226.54 100.41 326.95 WARN
r-release-windows-ix86+x86_64 2.0.3 633.00 210.00 843.00 NOTE
r-release-osx-x86_64 2.0.3 NOTE
r-oldrel-windows-ix86+x86_64 2.0.3 600.00 174.00 774.00 NOTE
r-oldrel-osx-x86_64 2.0.3 NOTE

Additional issues

gcc8

Check Details

Version: 2.0.3
Check: whether package can be installed
Result: WARN
    Found the following significant warnings:
     clipper.cpp:721:34: warning: ‘void* memset(void*, int, size_t)’ clearing an object of non-trivial type ‘struct ClipperLib::TEdge’; use assignment or value-initialization instead [-Wclass-memaccess]
     dbfopen.c:1346:6: warning: ‘strncpy’ output may be truncated copying between 0 and 399 bytes from a string of length 399 [-Wstringop-truncation]
     dbfopen.c:1328:6: warning: ‘strncpy’ output may be truncated copying between 0 and 399 bytes from a string of length 399 [-Wstringop-truncation]
     dbfopen.c:879:9: warning: ‘strncpy’ output truncated before terminating nul copying as many bytes from a string as its length [-Wstringop-truncation]
     dbfopen.c:1693:9: warning: ‘strncpy’ output may be truncated copying 11 bytes from a string of length 11 [-Wstringop-truncation]
     dbfopen.c:2065:9: warning: ‘strncpy’ output truncated before terminating nul copying as many bytes from a string as its length [-Wstringop-truncation]
Flavors: r-devel-linux-x86_64-debian-gcc, r-devel-linux-x86_64-fedora-gcc, r-patched-linux-x86_64, r-release-linux-x86_64

Version: 2.0.3
Check: installed package size
Result: NOTE
     installed size is 20.0Mb
     sub-directories of 1Mb or more:
     doc 1.5Mb
     libs 18.0Mb
Flavors: r-devel-linux-x86_64-fedora-clang, r-devel-windows-ix86+x86_64, r-release-windows-ix86+x86_64, r-release-osx-x86_64, r-oldrel-windows-ix86+x86_64, r-oldrel-osx-x86_64