CRAN Package Check Results for Package dgo

Last updated on 2018-05-24 04:49:29 CEST.

Flavor Version Tinstall Tcheck Ttotal Status Flags
r-devel-linux-x86_64-debian-clang 0.2.14 8.86 308.07 316.93 WARN
r-devel-linux-x86_64-debian-gcc 0.2.14 7.61 238.60 246.21 WARN
r-devel-linux-x86_64-fedora-clang 0.2.14 370.46 OK
r-devel-linux-x86_64-fedora-gcc 0.2.14 367.61 OK
r-devel-windows-ix86+x86_64 0.2.14 14.00 265.00 279.00 OK
r-patched-linux-x86_64 0.2.14 6.97 285.46 292.43 OK
r-patched-solaris-x86 0.2.14 396.30 OK
r-release-linux-x86_64 0.2.14 7.72 287.01 294.73 OK
r-release-windows-ix86+x86_64 0.2.14 19.00 320.00 339.00 OK
r-release-osx-x86_64 0.2.14 OK
r-oldrel-windows-ix86+x86_64 0.2.14 19.00 326.00 345.00 OK
r-oldrel-osx-x86_64 0.2.14 OK

Check Details

Version: 0.2.14
Check: for unstated dependencies in ‘tests’
Result: WARN
    '::' or ':::' import not declared from: ‘reshape2’
Flavors: r-devel-linux-x86_64-debian-clang, r-devel-linux-x86_64-debian-gcc