CRAN Package Check Results for Package dgo

Last updated on 2019-02-15 20:46:46 CET.

Flavor Version Tinstall Tcheck Ttotal Status Flags
r-devel-linux-x86_64-debian-clang 0.2.15 13.63 494.16 507.79 OK
r-devel-linux-x86_64-debian-gcc 0.2.15 11.50 756.74 768.24 OK
r-devel-linux-x86_64-fedora-clang 0.2.15 480.41 OK
r-devel-linux-x86_64-fedora-gcc 0.2.15 514.12 OK
r-devel-windows-ix86+x86_64 0.2.15 27.00 380.00 407.00 OK
r-patched-linux-x86_64 0.2.15 7.55 542.64 550.19 OK
r-patched-solaris-x86 0.2.15 353.40 WARN
r-release-linux-x86_64 0.2.15 7.79 547.85 555.64 OK
r-release-windows-ix86+x86_64 0.2.15 13.00 261.00 274.00 OK
r-release-osx-x86_64 0.2.15 OK
r-oldrel-windows-ix86+x86_64 0.2.15 19.00 367.00 386.00 OK
r-oldrel-osx-x86_64 0.2.15 OK

Check Details

Version: 0.2.15
Check: whether package can be installed
Result: WARN
    Found the following significant warnings:
     Warning: S3 methods ‘[.fun_list’, ‘[.grouped_df’, ‘all.equal.tbl_df’, ‘anti_join.data.frame’, ‘anti_join.tbl_df’, ‘arrange.data.frame’, ‘arrange.default’, ‘arrange.grouped_df’, ‘arrange.tbl_df’, ‘arrange_.data.frame’, ‘arrange_.tbl_df’, ‘as.data.frame.grouped_df’, ‘as.data.frame.rowwise_df’, ‘as.data.frame.tbl_cube’, ‘as.table.tbl_cube’, ‘as.tbl.data.frame’, ‘as.tbl.tbl’, ‘as.tbl_cube.array’, ‘as.tbl_cube.data.frame’, ‘as.tbl_cube.matrix’, ‘as.tbl_cube.table’, ‘as_tibble.grouped_df’, ‘as_tibble.tbl_cube’, ‘auto_copy.tbl_cube’, ‘auto_copy.tbl_df’, ‘cbind.grouped_df’, ‘collapse.data.frame’, ‘collect.data.frame’, ‘common_by.NULL’, ‘common_by.character’, ‘common_by.default’, ‘common_by.list’, ‘compute.data.frame’, ‘copy_to.DBIConnection’, ‘copy_to.src_local’, ‘default_missing.data.frame’, ‘default_missing.default’, ‘dim.tbl_cube’, ‘distinct.data.f [... truncated]
Flavor: r-patched-solaris-x86