CRAN Package Check Results for Package di

Last updated on 2018-02-24 16:48:48 CET.

Flavor Version Tinstall Tcheck Ttotal Status Flags
r-devel-linux-x86_64-debian-clang 1.1.3 1.25 23.52 24.77 WARN
r-devel-linux-x86_64-debian-gcc 1.1.3 1.02 19.10 20.12 WARN
r-devel-linux-x86_64-fedora-clang 1.1.3 30.07 WARN
r-devel-linux-x86_64-fedora-gcc 1.1.3 28.83 WARN
r-devel-windows-ix86+x86_64 1.1.3 7.00 49.00 56.00 WARN
r-patched-linux-x86_64 1.1.3 1.24 24.67 25.91 OK
r-patched-solaris-x86 1.1.3 42.80 OK
r-release-linux-x86_64 1.1.3 1.17 24.37 25.54 OK
r-release-windows-ix86+x86_64 1.1.3 7.00 51.00 58.00 OK
r-release-osx-x86_64 1.1.3 OK
r-oldrel-windows-ix86+x86_64 1.1.3 3.00 37.00 40.00 OK
r-oldrel-osx-x86_64 1.1.3 OK

Check Details

Version: 1.1.3
Check: whether package can be installed
Result: WARN
    Found the following significant warnings:
     Note: break may be used in wrong context: no loop is visible
Flavors: r-devel-linux-x86_64-debian-clang, r-devel-linux-x86_64-debian-gcc, r-devel-linux-x86_64-fedora-clang, r-devel-linux-x86_64-fedora-gcc, r-devel-windows-ix86+x86_64

Version: 1.1.3
Check: DESCRIPTION meta-information
Result: NOTE
    Dependence on R version ‘3.3.2’ not with patchlevel 0
Flavors: r-devel-linux-x86_64-debian-clang, r-devel-linux-x86_64-debian-gcc, r-devel-linux-x86_64-fedora-clang, r-devel-linux-x86_64-fedora-gcc