CRAN Package Check Results for Package did

Last updated on 2022-01-28 10:53:10 CET.

Flavor Version Tinstall Tcheck Ttotal Status Flags
r-devel-linux-x86_64-debian-clang 2.1.0 10.31 153.18 163.49 OK
r-devel-linux-x86_64-debian-gcc 2.1.0 7.85 111.68 119.53 OK
r-devel-linux-x86_64-fedora-clang 2.1.1 196.37 OK
r-devel-linux-x86_64-fedora-gcc 2.1.1 163.32 OK
r-devel-windows-x86_64-new-UL 2.1.0 120.00 194.00 314.00 OK
r-devel-windows-x86_64-new-TK 2.1.0 ERROR
r-patched-linux-x86_64 2.1.0 8.98 126.88 135.86 OK
r-release-linux-x86_64 2.1.0 7.20 128.30 135.50 OK
r-release-macos-arm64 2.1.0 OK
r-release-macos-x86_64 2.1.0 OK
r-release-windows-ix86+x86_64 2.1.0 20.00 152.00 172.00 OK
r-oldrel-macos-x86_64 2.1.0 OK
r-oldrel-windows-ix86+x86_64 2.1.0 20.00 156.00 176.00 OK

Check Details

Version: 2.1.0
Check: package dependencies
Result: ERROR
    Package required but not available: 'ggpubr'
    
    See section 'The DESCRIPTION file' in the 'Writing R Extensions'
    manual.
Flavor: r-devel-windows-x86_64-new-TK