Last updated on 2025-01-20 16:48:20 CET.
Flavor | Version | Tinstall | Tcheck | Ttotal | Status | Flags |
---|---|---|---|---|---|---|
r-devel-linux-x86_64-debian-clang | 1.5 | 4.74 | 27.25 | 31.99 | OK | |
r-devel-linux-x86_64-debian-gcc | 1.5 | 3.34 | 21.15 | 24.49 | OK | |
r-devel-linux-x86_64-fedora-clang | 1.5 | 53.19 | NOTE | |||
r-devel-linux-x86_64-fedora-gcc | 1.5 | 51.19 | NOTE | |||
r-devel-windows-x86_64 | 1.5 | 7.00 | 53.00 | 60.00 | OK | |
r-patched-linux-x86_64 | 1.5 | 5.20 | 26.44 | 31.64 | OK | |
r-release-linux-x86_64 | 1.5 | 4.68 | 26.07 | 30.75 | OK | |
r-release-macos-arm64 | 1.5 | 21.00 | OK | |||
r-release-macos-x86_64 | 1.5 | 31.00 | OK | |||
r-release-windows-x86_64 | 1.5 | 8.00 | 60.00 | 68.00 | OK | |
r-oldrel-macos-arm64 | 1.5 | 21.00 | OK | |||
r-oldrel-macos-x86_64 | 1.5 | 29.00 | OK | |||
r-oldrel-windows-x86_64 | 1.5 | 7.00 | 54.00 | 61.00 | OK |
Version: 1.5
Check: compiled code
Result: NOTE
File ‘diffIRT/libs/diffIRT.so’:
Found no calls to: ‘R_registerRoutines’, ‘R_useDynamicSymbols’
It is good practice to register native routines and to disable symbol
search.
See ‘Writing portable packages’ in the ‘Writing R Extensions’ manual.
Flavors: r-devel-linux-x86_64-fedora-clang, r-devel-linux-x86_64-fedora-gcc