CRAN Package Check Results for Package diffMeanVar

Last updated on 2019-09-16 00:47:38 CEST.

Flavor Version Tinstall Tcheck Ttotal Status Flags
r-devel-linux-x86_64-debian-clang 0.0.6 28.61 389.73 418.34 OK
r-devel-linux-x86_64-debian-gcc 0.0.6 24.87 301.21 326.08 OK
r-devel-linux-x86_64-fedora-clang 0.0.6 576.10 OK
r-devel-linux-x86_64-fedora-gcc 0.0.6 533.96 OK
r-devel-windows-ix86+x86_64 0.0.6 28.00 6.00 34.00 ERROR
r-patched-linux-x86_64 0.0.6 28.15 365.63 393.78 OK
r-release-linux-x86_64 0.0.6 28.23 363.47 391.70 OK
r-release-windows-ix86+x86_64 0.0.6 20.00 8.00 28.00 ERROR
r-release-osx-x86_64 0.0.6 ERROR
r-oldrel-windows-ix86+x86_64 0.0.6 27.00 5.00 32.00 ERROR
r-oldrel-osx-x86_64 0.0.6 ERROR

Check Details

Version: 0.0.6
Check: whether package can be installed
Result: ERROR
    Installation failed.
Flavors: r-devel-windows-ix86+x86_64, r-release-windows-ix86+x86_64, r-oldrel-windows-ix86+x86_64

Version: 0.0.6
Check: package dependencies
Result: ERROR
    Packages required but not available: 'Biobase', 'missMethyl', 'methylumi'
    
    See section ‘The DESCRIPTION file’ in the ‘Writing R Extensions’
    manual.
Flavor: r-release-osx-x86_64

Version: 0.0.6
Check: package dependencies
Result: ERROR
    Packages required but not available: ‘missMethyl’ ‘methylumi’
    
    See section ‘The DESCRIPTION file’ in the ‘Writing R Extensions’
    manual.
Flavor: r-oldrel-osx-x86_64