CRAN Package Check Results for Package diffdf

Last updated on 2024-02-28 15:49:20 CET.

Flavor Version Tinstall Tcheck Ttotal Status Flags
r-devel-linux-x86_64-debian-clang 1.0.4 5.57 67.97 73.54 NOTE
r-devel-linux-x86_64-debian-gcc 1.0.4 3.53 50.78 54.31 NOTE
r-devel-linux-x86_64-fedora-clang 1.0.4 89.67 NOTE
r-devel-linux-x86_64-fedora-gcc 1.0.4 97.67 NOTE
r-devel-windows-x86_64 1.0.4 5.00 73.00 78.00 NOTE
r-patched-linux-x86_64 1.0.4 5.03 65.82 70.85 NOTE
r-release-linux-x86_64 1.0.4 5.36 66.11 71.47 NOTE
r-release-macos-arm64 1.0.4 35.00 NOTE
r-release-macos-x86_64 1.0.4 58.00 NOTE
r-release-windows-x86_64 1.0.4 7.00 82.00 89.00 NOTE
r-oldrel-macos-arm64 1.0.4 24.00 NOTE
r-oldrel-windows-x86_64 1.0.4 7.00 82.00 89.00 NOTE

Check Details

Version: 1.0.4
Check: LazyData
Result: NOTE 'LazyData' is specified without a 'data' directory Flavors: r-devel-linux-x86_64-debian-clang, r-devel-linux-x86_64-debian-gcc, r-devel-linux-x86_64-fedora-clang, r-devel-linux-x86_64-fedora-gcc, r-devel-windows-x86_64, r-patched-linux-x86_64, r-release-linux-x86_64, r-release-macos-arm64, r-release-macos-x86_64, r-release-windows-x86_64, r-oldrel-macos-arm64, r-oldrel-windows-x86_64