CRAN Package Check Results for Package diffobj

Last updated on 2018-05-26 13:46:26 CEST.

Flavor Version Tinstall Tcheck Ttotal Status Flags
r-devel-linux-x86_64-debian-clang 0.1.9 13.90 105.00 118.90 WARN
r-devel-linux-x86_64-debian-gcc 0.1.9 11.39 80.07 91.46 WARN
r-devel-linux-x86_64-fedora-clang 0.1.9 147.12 OK
r-devel-linux-x86_64-fedora-gcc 0.1.9 144.37 OK
r-devel-windows-ix86+x86_64 0.1.9 22.00 158.00 180.00 OK
r-patched-linux-x86_64 0.1.9 13.24 97.42 110.66 OK
r-patched-solaris-x86 0.1.9 177.90 OK
r-release-linux-x86_64 0.1.9 13.85 96.38 110.23 OK
r-release-windows-ix86+x86_64 0.1.9 33.00 196.00 229.00 OK
r-release-osx-x86_64 0.1.9 OK
r-oldrel-windows-ix86+x86_64 0.1.9 18.00 160.00 178.00 OK
r-oldrel-osx-x86_64 0.1.9 OK

Check Details

Version: 0.1.9
Check: for unstated dependencies in ‘tests’
Result: WARN
    '::' or ':::' imports not declared from:
     ‘data.table’ ‘tibble’
Flavors: r-devel-linux-x86_64-debian-clang, r-devel-linux-x86_64-debian-gcc