CRAN Package Check Results for Package diffpriv

Last updated on 2018-02-25 09:50:14 CET.

Flavor Version Tinstall Tcheck Ttotal Status Flags
r-devel-linux-x86_64-debian-clang 0.4.2 3.01 76.94 79.95 OK
r-devel-linux-x86_64-debian-gcc 0.4.2 2.45 47.03 49.48 OK
r-devel-linux-x86_64-fedora-clang 0.4.2 81.56 OK
r-devel-linux-x86_64-fedora-gcc 0.4.2 69.95 OK
r-devel-windows-ix86+x86_64 0.4.2 7.00 104.00 111.00 OK
r-patched-linux-x86_64 0.4.2 1.20 62.29 63.49 OK
r-patched-solaris-x86 0.4.2 87.40 OK
r-release-linux-x86_64 0.4.2 1.25 63.54 64.79 OK
r-release-windows-ix86+x86_64 0.4.2 3.00 96.00 99.00 OK
r-release-osx-x86_64 0.4.2 WARN
r-oldrel-osx-x86_64 0.4.2 ERROR

Check Details

Version: 0.4.2
Check: re-building of vignette outputs
Result: WARN
    Error in re-building vignettes:
     ...
    Warning: running command 'kpsewhich framed.sty' had status 1
    Warning in test_latex_pkg("framed", system.file("misc", "framed.sty", package = "knitr")) :
     unable to find LaTeX package 'framed'; will use a copy from knitr
    Sampling sensitivity with m=500 gamma=0.2 k=439
    Error in texi2dvi(file = file, pdf = TRUE, clean = clean, quiet = quiet, :
     Running 'texi2dvi' on 'bernstein.tex' failed.
    LaTeX errors:
    ! LaTeX Error: File `fullpage.sty' not found.
    
    Type X to quit or <RETURN> to proceed,
    or enter new name. (Default extension: sty)
    
    ! Emergency stop.
    <read *>
    
    l.57 \usepackage
     {amsfonts}^^M
    ! ==> Fatal error occurred, no output PDF file produced!
    Calls: buildVignettes -> texi2pdf -> texi2dvi
    Execution halted
Flavor: r-release-osx-x86_64

Version: 0.4.2
Check: whether package can be installed
Result: ERROR
    Installation failed.
Flavor: r-oldrel-osx-x86_64