CRAN Package Check Results for Package diffpriv

Last updated on 2018-05-25 06:48:48 CEST.

Flavor Version Tinstall Tcheck Ttotal Status Flags
r-devel-linux-x86_64-debian-clang 0.4.2 2.38 69.33 71.71 OK
r-devel-linux-x86_64-debian-gcc 0.4.2 1.96 49.04 51.00 OK
r-devel-linux-x86_64-fedora-clang 0.4.2 78.99 OK
r-devel-linux-x86_64-fedora-gcc 0.4.2 71.96 OK
r-devel-windows-ix86+x86_64 0.4.2 5.00 105.00 110.00 OK
r-patched-linux-x86_64 0.4.2 2.84 59.88 62.72 OK
r-patched-solaris-x86 0.4.2 97.70 OK
r-release-linux-x86_64 0.4.2 2.54 62.41 64.95 OK
r-release-windows-ix86+x86_64 0.4.2 8.00 103.00 111.00 OK
r-release-osx-x86_64 0.4.2 OK
r-oldrel-windows-ix86+x86_64 0.4.2 5.00 74.00 79.00 OK
r-oldrel-osx-x86_64 0.4.2 WARN

Check Details

Version: 0.4.2
Check: re-building of vignette outputs
Result: WARN
    Error in re-building vignettes:
     ...
    Warning: running command 'kpsewhich framed.sty' had status 1
    Warning in test_latex_pkg("framed", system.file("misc", "framed.sty", package = "knitr")) :
     unable to find LaTeX package 'framed'; will use a copy from knitr
    Sampling sensitivity with m=500 gamma=0.2 k=439
    Error in texi2dvi(file = file, pdf = TRUE, clean = clean, quiet = quiet, :
     Running 'texi2dvi' on 'bernstein.tex' failed.
    LaTeX errors:
    ! LaTeX Error: File `fullpage.sty' not found.
    
    Type X to quit or <RETURN> to proceed,
    or enter new name. (Default extension: sty)
    
    ! Emergency stop.
    <read *>
    
    l.57 \usepackage
     {amsfonts}^^M
    ! ==> Fatal error occurred, no output PDF file produced!
    Calls: buildVignettes -> texi2pdf -> texi2dvi
    Execution halted
Flavor: r-oldrel-osx-x86_64