CRAN Package Check Results for Package diffpriv

Last updated on 2018-08-15 08:48:39 CEST.

Flavor Version Tinstall Tcheck Ttotal Status Flags
r-devel-linux-x86_64-debian-clang 0.4.2 3.14 77.97 81.11 OK
r-devel-linux-x86_64-debian-gcc 0.4.2 2.04 50.17 52.21 OK
r-devel-linux-x86_64-fedora-clang 0.4.2 76.74 OK
r-devel-linux-x86_64-fedora-gcc 0.4.2 72.22 OK
r-devel-windows-ix86+x86_64 0.4.2 6.00 75.00 81.00 OK
r-patched-linux-x86_64 0.4.2 2.27 61.04 63.31 OK
r-patched-solaris-x86 0.4.2 97.20 OK
r-release-linux-x86_64 0.4.2 2.94 61.56 64.50 OK
r-release-windows-ix86+x86_64 0.4.2 8.00 115.00 123.00 OK
r-release-osx-x86_64 0.4.2 OK
r-oldrel-windows-ix86+x86_64 0.4.2 5.00 73.00 78.00 OK
r-oldrel-osx-x86_64 0.4.2 WARN

Check Details

Version: 0.4.2
Check: re-building of vignette outputs
Result: WARN
    Error in re-building vignettes:
     ...
    Warning: running command 'kpsewhich framed.sty' had status 1
    Warning in test_latex_pkg("framed", system.file("misc", "framed.sty", package = "knitr")) :
     unable to find LaTeX package 'framed'; will use a copy from knitr
    Sampling sensitivity with m=500 gamma=0.2 k=439
    Error in texi2dvi(file = file, pdf = TRUE, clean = clean, quiet = quiet, :
     Running 'texi2dvi' on 'bernstein.tex' failed.
    LaTeX errors:
    ! LaTeX Error: File `fullpage.sty' not found.
    
    Type X to quit or <RETURN> to proceed,
    or enter new name. (Default extension: sty)
    
    ! Emergency stop.
    <read *>
    
    l.57 \usepackage
     {amsfonts}^^M
    ! ==> Fatal error occurred, no output PDF file produced!
    Calls: buildVignettes -> texi2pdf -> texi2dvi
    Execution halted
Flavor: r-oldrel-osx-x86_64