CRAN Package Check Results for Package diffrprojects

Last updated on 2018-08-21 16:50:20 CEST.

Flavor Version Tinstall Tcheck Ttotal Status Flags
r-devel-linux-x86_64-debian-clang 0.1.14 28.46 93.67 122.13 NOTE
r-devel-linux-x86_64-debian-gcc 0.1.14 20.22 68.03 88.25 NOTE
r-devel-linux-x86_64-fedora-clang 0.1.14 148.05 NOTE
r-devel-linux-x86_64-fedora-gcc 0.1.14 130.45 NOTE
r-devel-windows-ix86+x86_64 0.1.14 71.00 198.00 269.00 OK
r-patched-linux-x86_64 0.1.14 29.18 81.25 110.43 NOTE
r-patched-solaris-x86 0.1.14 249.50 OK
r-release-linux-x86_64 0.1.14 29.03 82.26 111.29 NOTE
r-release-windows-ix86+x86_64 0.1.14 72.00 154.00 226.00 OK
r-release-osx-x86_64 0.1.14 OK
r-oldrel-windows-ix86+x86_64 0.1.14 53.00 214.00 267.00 OK
r-oldrel-osx-x86_64 0.1.14 OK

Check Details

Version: 0.1.14
Check: compiled code
Result: NOTE
    File ‘diffrprojects/libs/diffrprojects.so’:
     Found no calls to: ‘R_registerRoutines’, ‘R_useDynamicSymbols’
    
    It is good practice to register native routines and to disable symbol
    search.
    
    See ‘Writing portable packages’ in the ‘Writing R Extensions’ manual.
Flavors: r-devel-linux-x86_64-debian-clang, r-devel-linux-x86_64-debian-gcc, r-devel-linux-x86_64-fedora-clang, r-devel-linux-x86_64-fedora-gcc, r-patched-linux-x86_64, r-release-linux-x86_64