CRAN Package Check Results for Package diffrprojects

Last updated on 2019-02-17 21:47:30 CET.

Flavor Version Tinstall Tcheck Ttotal Status Flags
r-devel-linux-x86_64-debian-clang 0.1.14 29.35 97.33 126.68 OK
r-devel-linux-x86_64-debian-gcc 0.1.14 21.18 69.14 90.32 OK
r-devel-linux-x86_64-fedora-clang 0.1.14 155.87 NOTE
r-devel-linux-x86_64-fedora-gcc 0.1.14 142.11 NOTE
r-devel-windows-ix86+x86_64 0.1.14 69.00 171.00 240.00 OK
r-patched-linux-x86_64 0.1.14 26.55 86.75 113.30 OK
r-patched-solaris-x86 0.1.14 265.20 OK
r-release-linux-x86_64 0.1.14 OK
r-release-windows-ix86+x86_64 0.1.14 54.00 153.00 207.00 OK
r-release-osx-x86_64 0.1.14 OK
r-oldrel-windows-ix86+x86_64 0.1.14 61.00 176.00 237.00 OK
r-oldrel-osx-x86_64 0.1.14 OK

Check Details

Version: 0.1.14
Check: compiled code
Result: NOTE
    File ‘diffrprojects/libs/diffrprojects.so’:
     Found no calls to: ‘R_registerRoutines’, ‘R_useDynamicSymbols’
    
    It is good practice to register native routines and to disable symbol
    search.
    
    See ‘Writing portable packages’ in the ‘Writing R Extensions’ manual.
Flavors: r-devel-linux-x86_64-fedora-clang, r-devel-linux-x86_64-fedora-gcc