CRAN Package Check Results for Package diffrprojects

Last updated on 2018-11-17 10:51:03 CET.

Flavor Version Tinstall Tcheck Ttotal Status Flags
r-devel-linux-x86_64-debian-clang 0.1.14 31.86 95.32 127.18 OK
r-devel-linux-x86_64-debian-gcc 0.1.14 24.53 68.69 93.22 OK
r-devel-linux-x86_64-fedora-clang 0.1.14 154.01 NOTE
r-devel-linux-x86_64-fedora-gcc 0.1.14 134.71 NOTE
r-devel-windows-ix86+x86_64 0.1.14 69.00 210.00 279.00 OK
r-patched-linux-x86_64 0.1.14 33.63 86.48 120.11 OK
r-patched-solaris-x86 0.1.14 262.50 OK
r-release-linux-x86_64 0.1.14 28.28 86.87 115.15 OK
r-release-windows-ix86+x86_64 0.1.14 67.00 215.00 282.00 OK
r-release-osx-x86_64 0.1.14 OK
r-oldrel-windows-ix86+x86_64 0.1.14 64.00 167.00 231.00 OK
r-oldrel-osx-x86_64 0.1.14 OK

Check Details

Version: 0.1.14
Check: compiled code
Result: NOTE
    File ‘diffrprojects/libs/diffrprojects.so’:
     Found no calls to: ‘R_registerRoutines’, ‘R_useDynamicSymbols’
    
    It is good practice to register native routines and to disable symbol
    search.
    
    See ‘Writing portable packages’ in the ‘Writing R Extensions’ manual.
Flavors: r-devel-linux-x86_64-fedora-clang, r-devel-linux-x86_64-fedora-gcc