CRAN Package Check Results for Package diffrprojects

Last updated on 2018-02-25 13:47:00 CET.

Flavor Version Tinstall Tcheck Ttotal Status Flags
r-devel-linux-x86_64-debian-clang 0.1.14 25.65 91.99 117.64 NOTE
r-devel-linux-x86_64-debian-gcc 0.1.14 18.81 68.76 87.57 NOTE
r-devel-linux-x86_64-fedora-clang 0.1.14 147.47 NOTE
r-devel-linux-x86_64-fedora-gcc 0.1.14 125.86 NOTE
r-devel-windows-ix86+x86_64 0.1.14 62.00 206.00 268.00 OK
r-patched-linux-x86_64 0.1.14 24.42 82.21 106.63 NOTE
r-patched-solaris-x86 0.1.14 227.90 OK
r-release-linux-x86_64 0.1.14 19.89 84.14 104.03 NOTE
r-release-windows-ix86+x86_64 0.1.14 65.00 199.00 264.00 OK
r-release-osx-x86_64 0.1.14 OK
r-oldrel-windows-ix86+x86_64 0.1.14 47.00 153.00 200.00 OK
r-oldrel-osx-x86_64 0.1.14 OK

Check Details

Version: 0.1.14
Check: compiled code
Result: NOTE
    File ‘diffrprojects/libs/diffrprojects.so’:
     Found no calls to: ‘R_registerRoutines’, ‘R_useDynamicSymbols’
    
    It is good practice to register native routines and to disable symbol
    search.
    
    See ‘Writing portable packages’ in the ‘Writing R Extensions’ manual.
Flavors: r-devel-linux-x86_64-debian-clang, r-devel-linux-x86_64-debian-gcc, r-devel-linux-x86_64-fedora-clang, r-devel-linux-x86_64-fedora-gcc, r-patched-linux-x86_64, r-release-linux-x86_64