CRAN Package Check Results for Package diffusr

Last updated on 2018-10-16 21:50:06 CEST.

Flavor Version Tinstall Tcheck Ttotal Status Flags
r-devel-linux-x86_64-debian-clang 0.1.4 56.16 33.14 89.30 OK
r-devel-linux-x86_64-debian-gcc 0.1.4 47.60 27.55 75.15 OK
r-devel-linux-x86_64-fedora-clang 0.1.4 130.82 NOTE
r-devel-linux-x86_64-fedora-gcc 0.1.4 115.98 NOTE
r-devel-windows-ix86+x86_64 0.1.4 112.00 102.00 214.00 OK
r-patched-linux-x86_64 0.1.4 63.86 30.00 93.86 OK
r-patched-solaris-x86 0.1.4 112.20 NOTE
r-release-linux-x86_64 0.1.4 63.29 30.65 93.94 OK
r-release-windows-ix86+x86_64 0.1.4 116.00 86.00 202.00 OK
r-release-osx-x86_64 0.1.4 NOTE
r-oldrel-windows-ix86+x86_64 0.1.4 153.00 86.00 239.00 OK
r-oldrel-osx-x86_64 0.1.4 NOTE

Check Details

Version: 0.1.4
Check: installed package size
Result: NOTE
     installed size is 12.0Mb
     sub-directories of 1Mb or more:
     libs 11.1Mb
Flavors: r-devel-linux-x86_64-fedora-clang, r-release-osx-x86_64, r-oldrel-osx-x86_64

Version: 0.1.4
Check: dependencies in R code
Result: NOTE
    Namespace in Imports field not imported from: ‘methods’
     All declared Imports should be used.
Flavors: r-devel-linux-x86_64-fedora-clang, r-devel-linux-x86_64-fedora-gcc, r-patched-solaris-x86, r-release-osx-x86_64, r-oldrel-osx-x86_64