CRAN Package Check Results for Package diffusr

Last updated on 2018-05-26 08:49:25 CEST.

Flavor Version Tinstall Tcheck Ttotal Status Flags
r-devel-linux-x86_64-debian-clang 0.1.4 52.72 32.18 84.90 OK
r-devel-linux-x86_64-debian-gcc 0.1.4 42.05 26.64 68.69 OK
r-devel-linux-x86_64-fedora-clang 0.1.4 126.13 NOTE
r-devel-linux-x86_64-fedora-gcc 0.1.4 113.65 NOTE
r-devel-windows-ix86+x86_64 0.1.4 108.00 74.00 182.00 OK
r-patched-linux-x86_64 0.1.4 53.58 30.40 83.98 OK
r-patched-solaris-x86 0.1.4 112.30 NOTE
r-release-linux-x86_64 0.1.4 51.58 30.23 81.81 OK
r-release-windows-ix86+x86_64 0.1.4 142.00 88.00 230.00 OK
r-release-osx-x86_64 0.1.4 NOTE
r-oldrel-windows-ix86+x86_64 0.1.4 145.00 67.00 212.00 OK
r-oldrel-osx-x86_64 0.1.2 NOTE

Check Details

Version: 0.1.4
Check: installed package size
Result: NOTE
     installed size is 11.9Mb
     sub-directories of 1Mb or more:
     libs 10.9Mb
Flavors: r-devel-linux-x86_64-fedora-clang, r-devel-linux-x86_64-fedora-gcc, r-release-osx-x86_64

Version: 0.1.4
Check: dependencies in R code
Result: NOTE
    Namespace in Imports field not imported from: ‘methods’
     All declared Imports should be used.
Flavors: r-devel-linux-x86_64-fedora-clang, r-devel-linux-x86_64-fedora-gcc, r-patched-solaris-x86, r-release-osx-x86_64

Version: 0.1.2
Check: installed package size
Result: NOTE
     installed size is 11.2Mb
     sub-directories of 1Mb or more:
     libs 10.4Mb
Flavor: r-oldrel-osx-x86_64

Version: 0.1.2
Check: dependencies in R code
Result: NOTE
    Namespace in Imports field not imported from: ‘methods’
     All declared Imports should be used.
Flavor: r-oldrel-osx-x86_64