CRAN Package Check Results for Package diffusr

Last updated on 2018-02-19 04:47:52 CET.

Flavor Version Tinstall Tcheck Ttotal Status Flags
r-devel-linux-x86_64-debian-clang 0.1.2 50.90 28.75 79.65 OK
r-devel-linux-x86_64-debian-gcc 0.1.2 40.70 24.36 65.06 OK
r-devel-linux-x86_64-fedora-clang 0.1.2 118.70 NOTE
r-devel-linux-x86_64-fedora-gcc 0.1.2 109.90 NOTE
r-devel-windows-ix86+x86_64 0.1.2 92.00 56.00 148.00 OK
r-patched-linux-x86_64 0.1.2 49.22 32.78 82.00 OK
r-patched-solaris-x86 0.1.2 112.80 NOTE
r-release-linux-x86_64 0.1.2 52.41 32.08 84.49 OK
r-release-windows-ix86+x86_64 0.1.2 140.00 83.00 223.00 OK
r-release-osx-x86_64 0.1.2 NOTE
r-oldrel-windows-ix86+x86_64 0.1.1 149.00 77.00 226.00 OK
r-oldrel-osx-x86_64 0.1.2 ERROR

Additional issues

clang-ASAN

Check Details

Version: 0.1.2
Check: installed package size
Result: NOTE
     installed size is 11.8Mb
     sub-directories of 1Mb or more:
     libs 10.8Mb
Flavors: r-devel-linux-x86_64-fedora-clang, r-devel-linux-x86_64-fedora-gcc, r-release-osx-x86_64

Version: 0.1.2
Check: dependencies in R code
Result: NOTE
    Namespace in Imports field not imported from: ‘methods’
     All declared Imports should be used.
Flavors: r-devel-linux-x86_64-fedora-clang, r-devel-linux-x86_64-fedora-gcc, r-patched-solaris-x86, r-release-osx-x86_64

Version: 0.1.2
Check: whether package can be installed
Result: ERROR
    Installation failed.
Flavor: r-oldrel-osx-x86_64