CRAN Package Check Results for Package diffusr

Last updated on 2019-01-23 08:49:01 CET.

Flavor Version Tinstall Tcheck Ttotal Status Flags
r-devel-linux-x86_64-debian-clang 0.1.4 57.70 32.88 90.58 OK
r-devel-linux-x86_64-debian-gcc 0.1.4 49.74 25.96 75.70 OK
r-devel-linux-x86_64-fedora-clang 0.1.4 131.44 NOTE
r-devel-linux-x86_64-fedora-gcc 0.1.4 113.32 NOTE
r-devel-windows-ix86+x86_64 0.1.4 145.00 88.00 233.00 OK
r-patched-linux-x86_64 0.1.4 62.12 30.40 92.52 OK
r-patched-solaris-x86 0.1.4 118.30 NOTE
r-release-linux-x86_64 0.1.4 63.83 30.39 94.22 OK
r-release-windows-ix86+x86_64 0.1.4 94.00 94.00 188.00 OK
r-release-osx-x86_64 0.1.4 NOTE
r-oldrel-windows-ix86+x86_64 0.1.4 120.00 82.00 202.00 OK
r-oldrel-osx-x86_64 0.1.4 NOTE

Check Details

Version: 0.1.4
Check: installed package size
Result: NOTE
     installed size is 12.0Mb
     sub-directories of 1Mb or more:
     libs 11.1Mb
Flavors: r-devel-linux-x86_64-fedora-clang, r-release-osx-x86_64, r-oldrel-osx-x86_64

Version: 0.1.4
Check: dependencies in R code
Result: NOTE
    Namespace in Imports field not imported from: ‘methods’
     All declared Imports should be used.
Flavors: r-devel-linux-x86_64-fedora-clang, r-devel-linux-x86_64-fedora-gcc, r-patched-solaris-x86, r-release-osx-x86_64, r-oldrel-osx-x86_64