CRAN Package Check Results for Package diffusr

Last updated on 2018-08-15 18:47:52 CEST.

Flavor Version Tinstall Tcheck Ttotal Status Flags
r-devel-linux-x86_64-debian-clang 0.1.4 54.38 33.45 87.83 OK
r-devel-linux-x86_64-debian-gcc 0.1.4 50.54 27.15 77.69 OK
r-devel-linux-x86_64-fedora-clang 0.1.4 120.21 NOTE
r-devel-linux-x86_64-fedora-gcc 0.1.4 117.14 NOTE
r-devel-windows-ix86+x86_64 0.1.4 105.00 63.00 168.00 OK
r-patched-linux-x86_64 0.1.4 61.40 30.77 92.17 OK
r-patched-solaris-x86 0.1.4 114.60 NOTE
r-release-linux-x86_64 0.1.4 63.98 30.98 94.96 OK
r-release-windows-ix86+x86_64 0.1.4 137.00 75.00 212.00 OK
r-release-osx-x86_64 0.1.4 NOTE
r-oldrel-windows-ix86+x86_64 0.1.4 144.00 64.00 208.00 OK
r-oldrel-osx-x86_64 0.1.4 NOTE

Check Details

Version: 0.1.4
Check: installed package size
Result: NOTE
     installed size is 11.9Mb
     sub-directories of 1Mb or more:
     libs 10.9Mb
Flavors: r-devel-linux-x86_64-fedora-clang, r-release-osx-x86_64, r-oldrel-osx-x86_64

Version: 0.1.4
Check: dependencies in R code
Result: NOTE
    Namespace in Imports field not imported from: ‘methods’
     All declared Imports should be used.
Flavors: r-devel-linux-x86_64-fedora-clang, r-devel-linux-x86_64-fedora-gcc, r-patched-solaris-x86, r-release-osx-x86_64, r-oldrel-osx-x86_64