CRAN Package Check Results for Package dimRed

Last updated on 2018-02-21 05:48:31 CET.

Flavor Version Tinstall Tcheck Ttotal Status Flags
r-devel-linux-x86_64-debian-clang 0.1.0 16.48 283.60 300.08 OK
r-devel-linux-x86_64-debian-gcc 0.1.0 12.38 220.96 233.34 OK
r-devel-linux-x86_64-fedora-clang 0.1.0 350.50 OK
r-devel-linux-x86_64-fedora-gcc 0.1.0 340.55 OK
r-devel-windows-ix86+x86_64 0.1.0 18.00 269.00 287.00 ERROR
r-patched-linux-x86_64 0.1.0 5.02 313.11 318.13 OK
r-patched-solaris-x86 0.1.0 490.60 OK
r-release-linux-x86_64 0.1.0 6.27 277.90 284.17 OK
r-release-windows-ix86+x86_64 0.1.0 14.00 351.00 365.00 OK
r-release-osx-x86_64 0.1.0 OK
r-oldrel-windows-ix86+x86_64 0.1.0 15.00 343.00 358.00 OK
r-oldrel-osx-x86_64 0.1.0 OK

Check Details

Version: 0.1.0
Check: tests
Result: ERROR
     Running 'testthat.R' [200s]
    Running the tests in 'tests/testthat.R' failed.
    Last 13 lines of output:
     sigma=10000 kernel=rbfdot lambda=10 nblocks=4 ( 0.2390202 )
     sigma=0.001 kernel=rbfdot lambda=100 nblocks=4 ( 0.244529 )
     sigma=0.01 kernel=rbfdot lambda=100 nblocks=4 ( 0.2446213 )
     sigma=0.1 kernel=rbfdot lambda=100 nblocks=4 ( 0.2409648 )
     sigma=1 kernel=rbfdot lambda=100 nblocks=4 ( 0.2356743 )
     sigma=10 kernel=rbfdot lambda=100 nblocks=4 ( 0.2379742 )
     sigma=100 kernel=rbfdot lambda=100 nblocks=4 ( 0.2396467 )
     sigma=1000 kernel=rbfdot lambda=100 nblocks=4 ( 0.2405242 )
     sigma=10000 kernel=rbfdot lambda=100 nblocks=4 ( 0.2408278 )
     == testthat results ===========================================================
     OK: 115 SKIPPED: 0 FAILED: 1
     1. Failure: check vs vegan isomap (@test_isomap.R#28)
    
     Error: testthat unit tests failed
     Execution halted
Flavor: r-devel-windows-ix86+x86_64