CRAN Package Check Results for Package dimRed

Last updated on 2018-08-20 07:47:36 CEST.

Flavor Version Tinstall Tcheck Ttotal Status Flags
r-devel-linux-x86_64-debian-clang 0.1.0 15.07 321.22 336.29 OK
r-devel-linux-x86_64-debian-gcc 0.1.0 10.84 249.17 260.01 OK
r-devel-linux-x86_64-fedora-clang 0.1.0 393.26 OK
r-devel-linux-x86_64-fedora-gcc 0.1.0 391.20 OK
r-devel-windows-ix86+x86_64 0.1.0 29.00 411.00 440.00 OK
r-patched-linux-x86_64 0.1.0 12.58 273.60 286.18 OK
r-patched-solaris-x86 0.1.0 558.20 OK
r-release-linux-x86_64 0.1.0 11.63 275.01 286.64 OK
r-release-windows-ix86+x86_64 0.1.0 29.00 348.00 377.00 OK
r-release-osx-x86_64 0.1.0 NOTE
r-oldrel-windows-ix86+x86_64 0.1.0 10.00 433.00 443.00 OK
r-oldrel-osx-x86_64 0.1.0 OK

Check Details

Version: 0.1.0
Check: dependencies in R code
Result: NOTE
    Error in globalVariables(c("C", "R", "key.row", "key.col", "label.row", :
     could not find function "globalVariables"
Flavor: r-release-osx-x86_64