CRAN Package Check Results for Package dimRed

Last updated on 2018-05-24 04:49:32 CEST.

Flavor Version Tinstall Tcheck Ttotal Status Flags
r-devel-linux-x86_64-debian-clang 0.1.0 15.70 281.41 297.11 OK
r-devel-linux-x86_64-debian-gcc 0.1.0 13.42 245.98 259.40 OK
r-devel-linux-x86_64-fedora-clang 0.1.0 395.59 OK
r-devel-linux-x86_64-fedora-gcc 0.1.0 388.71 OK
r-devel-windows-ix86+x86_64 0.1.0 26.00 298.00 324.00 OK
r-patched-linux-x86_64 0.1.0 14.58 270.06 284.64 OK
r-patched-solaris-x86 0.1.0 557.70 OK
r-release-linux-x86_64 0.1.0 11.85 272.99 284.84 OK
r-release-windows-ix86+x86_64 0.1.0 30.00 352.00 382.00 OK
r-release-osx-x86_64 0.1.0 NOTE
r-oldrel-windows-ix86+x86_64 0.1.0 15.00 345.00 360.00 OK
r-oldrel-osx-x86_64 0.1.0 OK

Check Details

Version: 0.1.0
Check: dependencies in R code
Result: NOTE
    Error in globalVariables(c("C", "R", "key.row", "key.col", "label.row", :
     could not find function "globalVariables"
Flavor: r-release-osx-x86_64