CRAN Package Check Results for Package dimRed

Last updated on 2018-11-18 21:47:19 CET.

Flavor Version Tinstall Tcheck Ttotal Status Flags
r-devel-linux-x86_64-debian-clang 0.2.2 12.17 242.74 254.91 OK
r-devel-linux-x86_64-debian-gcc 0.2.2 13.59 189.85 203.44 OK
r-devel-linux-x86_64-fedora-clang 0.2.2 300.35 OK
r-devel-linux-x86_64-fedora-gcc 0.2.2 291.86 OK
r-devel-windows-ix86+x86_64 0.2.2 30.00 236.00 266.00 OK
r-patched-linux-x86_64 0.2.2 10.93 238.88 249.81 OK
r-patched-solaris-x86 0.2.2 370.30 OK
r-release-linux-x86_64 0.2.2 13.23 237.44 250.67 OK
r-release-windows-ix86+x86_64 0.2.2 29.00 307.00 336.00 OK
r-release-osx-x86_64 0.2.2 ERROR
r-oldrel-windows-ix86+x86_64 0.2.2 11.00 293.00 304.00 OK
r-oldrel-osx-x86_64 0.2.2 ERROR

Check Details

Version: 0.2.2
Check: package dependencies
Result: NOTE
    Package suggested but not available for checking: ‘pcaL1’
Flavors: r-release-osx-x86_64, r-oldrel-osx-x86_64

Version: 0.2.2
Check: examples
Result: ERROR
    Running examples in ‘dimRed-Ex.R’ failed
    The error most likely occurred in:
    
    > ### Name: PCA_L1-class
    > ### Title: Principal Component Analysis with L1 error.
    > ### Aliases: PCA_L1-class PCA_L1
    >
    > ### ** Examples
    >
    > dat <- loadDataSet("Iris")
    >
    > ## using the S4 Class
    > pca_l1 <- PCA_L1()
    > emb <- pca_l1@fun(dat, pca_l1@stdpars)
    Error in chckpkg("pcaL1") :
     require 'pcaL1' package, install it using install.packages('pcaL1')
    Calls: <Anonymous> -> chckpkg
    Execution halted
Flavors: r-release-osx-x86_64, r-oldrel-osx-x86_64

Version: 0.2.2
Check: tests
Result: ERROR
     Running ‘testthat.R’ [108s/108s]
    Running the tests in ‘tests/testthat.R’ failed.
    Last 13 lines of output:
    
     Attaching package: 'dimRed'
    
     The following object is masked from 'package:stats':
    
     embed
    
     The following object is masked from 'package:base':
    
     as.data.frame
    
     >
     > test_check("dimRed", reporter = ListReporter)
     Error: Test failures
     Execution halted
Flavor: r-release-osx-x86_64

Version: 0.2.2
Check: tests
Result: ERROR
     Running ‘testthat.R’ [115s/115s]
    Running the tests in ‘tests/testthat.R’ failed.
    Last 13 lines of output:
    
     Attaching package: 'dimRed'
    
     The following object is masked from 'package:stats':
    
     embed
    
     The following object is masked from 'package:base':
    
     as.data.frame
    
     >
     > test_check("dimRed", reporter = ListReporter)
     Error: Test failures
     Execution halted
Flavor: r-oldrel-osx-x86_64