CRAN Package Check Results for Package dimRed

Last updated on 2019-02-21 01:50:39 CET.

Flavor Version Tinstall Tcheck Ttotal Status Flags
r-devel-linux-x86_64-debian-clang 0.2.2 15.30 236.15 251.45 OK
r-devel-linux-x86_64-debian-gcc 0.2.2 12.97 178.35 191.32 OK
r-devel-linux-x86_64-fedora-clang 0.2.2 302.57 OK
r-devel-linux-x86_64-fedora-gcc 0.2.2 284.33 OK
r-devel-windows-ix86+x86_64 0.2.2 32.00 326.00 358.00 OK
r-patched-linux-x86_64 0.2.2 OK
r-patched-solaris-x86 0.2.2 457.50 OK
r-release-linux-x86_64 0.2.2 OK
r-release-windows-ix86+x86_64 0.2.2 21.00 318.00 339.00 OK
r-release-osx-x86_64 0.2.2 ERROR
r-oldrel-windows-ix86+x86_64 0.2.2 11.00 265.00 276.00 OK
r-oldrel-osx-x86_64 0.2.2 ERROR

Additional issues

ATLAS MKL OpenBLAS

Check Details

Version: 0.2.2
Check: package dependencies
Result: NOTE
    Package suggested but not available for checking: ‘pcaL1’
Flavors: r-release-osx-x86_64, r-oldrel-osx-x86_64

Version: 0.2.2
Check: examples
Result: ERROR
    Running examples in ‘dimRed-Ex.R’ failed
    The error most likely occurred in:
    
    > ### Name: PCA_L1-class
    > ### Title: Principal Component Analysis with L1 error.
    > ### Aliases: PCA_L1-class PCA_L1
    >
    > ### ** Examples
    >
    > dat <- loadDataSet("Iris")
    >
    > ## using the S4 Class
    > pca_l1 <- PCA_L1()
    > emb <- pca_l1@fun(dat, pca_l1@stdpars)
    Error in chckpkg("pcaL1") :
     require 'pcaL1' package, install it using install.packages('pcaL1')
    Calls: <Anonymous> -> chckpkg
    Execution halted
Flavors: r-release-osx-x86_64, r-oldrel-osx-x86_64

Version: 0.2.2
Check: tests
Result: ERROR
     Running ‘testthat.R’ [109s/109s]
    Running the tests in ‘tests/testthat.R’ failed.
    Last 13 lines of output:
    
     Attaching package: 'dimRed'
    
     The following object is masked from 'package:stats':
    
     embed
    
     The following object is masked from 'package:base':
    
     as.data.frame
    
     >
     > test_check("dimRed", reporter = ListReporter)
     Error: Test failures
     Execution halted
Flavor: r-release-osx-x86_64

Version: 0.2.2
Check: tests
Result: ERROR
     Running ‘testthat.R’ [115s/115s]
    Running the tests in ‘tests/testthat.R’ failed.
    Last 13 lines of output:
    
     Attaching package: 'dimRed'
    
     The following object is masked from 'package:stats':
    
     embed
    
     The following object is masked from 'package:base':
    
     as.data.frame
    
     >
     > test_check("dimRed", reporter = ListReporter)
     Error: Test failures
     Execution halted
Flavor: r-oldrel-osx-x86_64