CRAN Package Check Results for Package dirmcmc

Last updated on 2018-02-20 23:50:01 CET.

Flavor Version Tinstall Tcheck Ttotal Status Flags
r-devel-linux-x86_64-debian-clang 1.3.3 1.11 21.17 22.28 OK
r-devel-linux-x86_64-debian-gcc 1.3.3 0.68 17.01 17.69 OK
r-devel-linux-x86_64-fedora-clang 1.3.3 27.24 OK
r-devel-linux-x86_64-fedora-gcc 1.3.3 25.59 OK
r-devel-windows-ix86+x86_64 1.3.3 3.00 33.00 36.00 OK
r-patched-linux-x86_64 1.3.3 1.19 20.57 21.76 OK
r-patched-solaris-x86 1.3.3 35.50 OK
r-release-linux-x86_64 1.3.3 1.18 20.21 21.39 OK
r-release-windows-ix86+x86_64 1.3.3 5.00 42.00 47.00 OK
r-release-osx-x86_64 1.3.3 NOTE
r-oldrel-windows-ix86+x86_64 1.3.3 4.00 44.00 48.00 OK
r-oldrel-osx-x86_64 1.3.3 OK

Check Details

Version: 1.3.3
Check: re-building of vignette outputs
Result: NOTE
    Error in re-building vignettes:
     ...
    Error in texi2dvi(file = file, pdf = TRUE, clean = clean, quiet = quiet, :
     Running 'texi2dvi' on 'dirmcmc_vignette.tex' failed.
    LaTeX errors:
    ! LaTeX Error: File `todonotes.sty' not found.
    
    Type X to quit or <RETURN> to proceed,
    or enter new name. (Default extension: sty)
    
    ! Emergency stop.
    <read *>
    
    l.14 \usepackage
     {Sweave}^^M
    ! ==> Fatal error occurred, no output PDF file produced!
    Calls: buildVignettes -> texi2pdf -> texi2dvi
    Execution halted
Flavor: r-release-osx-x86_64