CRAN Package Check Results for Package dirmcmc

Last updated on 2018-08-20 07:47:36 CEST.

Flavor Version Tinstall Tcheck Ttotal Status Flags
r-devel-linux-x86_64-debian-clang 1.3.3 1.05 23.30 24.35 OK
r-devel-linux-x86_64-debian-gcc 1.3.3 0.92 18.73 19.65 OK
r-devel-linux-x86_64-fedora-clang 1.3.3 30.10 OK
r-devel-linux-x86_64-fedora-gcc 1.3.3 28.78 OK
r-devel-windows-ix86+x86_64 1.3.3 4.00 52.00 56.00 OK
r-patched-linux-x86_64 1.3.3 1.06 21.45 22.51 OK
r-patched-solaris-x86 1.3.3 44.00 OK
r-release-linux-x86_64 1.3.3 1.07 21.76 22.83 OK
r-release-windows-ix86+x86_64 1.3.3 4.00 48.00 52.00 OK
r-release-osx-x86_64 1.3.3 OK
r-oldrel-windows-ix86+x86_64 1.3.3 3.00 114.00 117.00 OK
r-oldrel-osx-x86_64 1.3.3 NOTE

Check Details

Version: 1.3.3
Check: re-building of vignette outputs
Result: NOTE
    Error in re-building vignettes:
     ...
    Error in texi2dvi(file = file, pdf = TRUE, clean = clean, quiet = quiet, :
     Running 'texi2dvi' on 'dirmcmc_vignette.tex' failed.
    LaTeX errors:
    ! LaTeX Error: File `todonotes.sty' not found.
    
    Type X to quit or <RETURN> to proceed,
    or enter new name. (Default extension: sty)
    
    ! Emergency stop.
    <read *>
    
    l.14 \usepackage
     {Sweave}^^M
    ! ==> Fatal error occurred, no output PDF file produced!
    Calls: buildVignettes -> texi2pdf -> texi2dvi
    Execution halted
Flavor: r-oldrel-osx-x86_64