CRAN Package Check Results for Package dirmcmc

Last updated on 2019-02-16 19:47:23 CET.

Flavor Version Tinstall Tcheck Ttotal Status Flags
r-devel-linux-x86_64-debian-clang 1.3.3 1.50 23.71 25.21 OK
r-devel-linux-x86_64-debian-gcc 1.3.3 1.24 18.45 19.69 OK
r-devel-linux-x86_64-fedora-clang 1.3.3 31.46 OK
r-devel-linux-x86_64-fedora-gcc 1.3.3 29.42 OK
r-devel-windows-ix86+x86_64 1.3.3 8.00 50.00 58.00 OK
r-patched-linux-x86_64 1.3.3 1.10 21.61 22.71 OK
r-patched-solaris-x86 1.3.3 42.30 OK
r-release-linux-x86_64 1.3.3 OK
r-release-windows-ix86+x86_64 1.3.3 2.00 31.00 33.00 OK
r-release-osx-x86_64 1.3.3 OK
r-oldrel-windows-ix86+x86_64 1.3.3 3.00 48.00 51.00 OK
r-oldrel-osx-x86_64 1.3.3 NOTE

Check Details

Version: 1.3.3
Check: re-building of vignette outputs
Result: NOTE
    Error in re-building vignettes:
     ...
    Error in texi2dvi(file = file, pdf = TRUE, clean = clean, quiet = quiet, :
     Running 'texi2dvi' on 'dirmcmc_vignette.tex' failed.
    LaTeX errors:
    ! LaTeX Error: File `todonotes.sty' not found.
    
    Type X to quit or <RETURN> to proceed,
    or enter new name. (Default extension: sty)
    
    ! Emergency stop.
    <read *>
    
    l.14 \usepackage
     {Sweave}^^M
    ! ==> Fatal error occurred, no output PDF file produced!
    Calls: buildVignettes -> texi2pdf -> texi2dvi
    Execution halted
Flavor: r-oldrel-osx-x86_64