CRAN Package Check Results for Package dirmcmc

Last updated on 2018-05-24 19:49:30 CEST.

Flavor Version Tinstall Tcheck Ttotal Status Flags
r-devel-linux-x86_64-debian-clang 1.3.3 0.98 20.67 21.65 OK
r-devel-linux-x86_64-debian-gcc 1.3.3 0.70 18.03 18.73 OK
r-devel-linux-x86_64-fedora-clang 1.3.3 29.33 OK
r-devel-linux-x86_64-fedora-gcc 1.3.3 27.81 OK
r-devel-windows-ix86+x86_64 1.3.3 2.00 51.00 53.00 OK
r-patched-linux-x86_64 1.3.3 1.05 21.52 22.57 OK
r-patched-solaris-x86 1.3.3 44.00 OK
r-release-linux-x86_64 1.3.3 0.83 21.48 22.31 OK
r-release-windows-ix86+x86_64 1.3.3 4.00 36.00 40.00 OK
r-release-osx-x86_64 1.3.3 OK
r-oldrel-windows-ix86+x86_64 1.3.3 4.00 34.00 38.00 OK
r-oldrel-osx-x86_64 1.3.3 NOTE

Check Details

Version: 1.3.3
Check: re-building of vignette outputs
Result: NOTE
    Error in re-building vignettes:
     ...
    Error in texi2dvi(file = file, pdf = TRUE, clean = clean, quiet = quiet, :
     Running 'texi2dvi' on 'dirmcmc_vignette.tex' failed.
    LaTeX errors:
    ! LaTeX Error: File `todonotes.sty' not found.
    
    Type X to quit or <RETURN> to proceed,
    or enter new name. (Default extension: sty)
    
    ! Emergency stop.
    <read *>
    
    l.14 \usepackage
     {Sweave}^^M
    ! ==> Fatal error occurred, no output PDF file produced!
    Calls: buildVignettes -> texi2pdf -> texi2dvi
    Execution halted
Flavor: r-oldrel-osx-x86_64