CRAN Package Check Results for Package discSurv

Last updated on 2022-08-12 02:53:34 CEST.

Flavor Version Tinstall Tcheck Ttotal Status Flags
r-devel-linux-x86_64-debian-clang 2.0.0 18.09 202.11 220.20 NOTE
r-devel-linux-x86_64-debian-gcc 2.0.0 13.99 150.50 164.49 NOTE
r-devel-linux-x86_64-fedora-clang 2.0.0 279.85 NOTE
r-devel-linux-x86_64-fedora-gcc 2.0.0 281.45 NOTE
r-devel-windows-x86_64 2.0.0 45.00 237.00 282.00 NOTE
r-patched-linux-x86_64 2.0.0 11.11 188.03 199.14 OK
r-release-linux-x86_64 2.0.0 11.31 191.35 202.66 OK
r-release-macos-arm64 2.0.0 75.00 OK
r-release-macos-x86_64 2.0.0 161.00 OK
r-release-windows-x86_64 2.0.0 43.00 220.00 263.00 OK
r-oldrel-macos-arm64 2.0.0 83.00 OK
r-oldrel-macos-x86_64 2.0.0 99.00 OK
r-oldrel-windows-ix86+x86_64 2.0.0 35.00 221.00 256.00 OK

Check Details

Version: 2.0.0
Check: Rd files
Result: NOTE
    checkRd: (-1) dataCensoring.Rd:78: Escaped LaTeX specials: \&
    checkRd: (-1) dataLong.Rd:170: Escaped LaTeX specials: \&
    checkRd: (-1) dataLongCompRisksTimeDep.Rd:130: Escaped LaTeX specials: \&
    checkRd: (-1) dataLongMultiSpell.Rd:123: Escaped LaTeX specials: \&
    checkRd: (-1) dataLongTimeDep.Rd:96: Escaped LaTeX specials: \&
Flavors: r-devel-linux-x86_64-debian-clang, r-devel-linux-x86_64-debian-gcc, r-devel-linux-x86_64-fedora-clang, r-devel-linux-x86_64-fedora-gcc, r-devel-windows-x86_64

Version: 2.0.0
Check: Rd cross-references
Result: NOTE
    Undeclared package ‘Hmisc’ in Rd xrefs
Flavor: r-devel-linux-x86_64-fedora-clang