CRAN Package Check Results for Package discretecdAlgorithm

Last updated on 2018-11-20 19:47:40 CET.

Flavor Version Tinstall Tcheck Ttotal Status Flags
r-devel-linux-x86_64-debian-clang 0.0.5 68.46 35.00 103.46 OK
r-devel-linux-x86_64-debian-gcc 0.0.5 48.65 28.36 77.01 OK
r-devel-linux-x86_64-fedora-clang 0.0.5 149.02 NOTE
r-devel-linux-x86_64-fedora-gcc 0.0.5 112.74 OK
r-devel-windows-ix86+x86_64 0.0.5 125.00 71.00 196.00 OK
r-patched-linux-x86_64 0.0.5 60.07 33.50 93.57 OK
r-patched-solaris-x86 0.0.5 120.00 OK
r-release-linux-x86_64 0.0.5 55.96 34.41 90.37 OK
r-release-windows-ix86+x86_64 0.0.5 107.00 104.00 211.00 OK
r-release-osx-x86_64 0.0.5 NOTE
r-oldrel-windows-ix86+x86_64 0.0.5 125.00 98.00 223.00 OK
r-oldrel-osx-x86_64 0.0.5 NOTE

Check Details

Version: 0.0.5
Check: installed package size
Result: NOTE
     installed size is 10.2Mb
     sub-directories of 1Mb or more:
     libs 10.1Mb
Flavors: r-devel-linux-x86_64-fedora-clang, r-release-osx-x86_64, r-oldrel-osx-x86_64