CRAN Package Check Results for Package discretecdAlgorithm

Last updated on 2019-02-20 11:51:26 CET.

Flavor Version Tinstall Tcheck Ttotal Status Flags
r-devel-linux-x86_64-debian-clang 0.0.5 67.12 35.72 102.84 OK
r-devel-linux-x86_64-debian-gcc 0.0.5 42.75 27.81 70.56 OK
r-devel-linux-x86_64-fedora-clang 0.0.5 150.26 NOTE
r-devel-linux-x86_64-fedora-gcc 0.0.5 115.91 OK
r-devel-windows-ix86+x86_64 0.0.5 126.00 111.00 237.00 OK
r-patched-linux-x86_64 0.0.5 OK
r-patched-solaris-x86 0.0.5 113.20 OK
r-release-linux-x86_64 0.0.5 53.88 33.65 87.53 OK
r-release-windows-ix86+x86_64 0.0.5 93.00 90.00 183.00 OK
r-release-osx-x86_64 0.0.5 NOTE
r-oldrel-windows-ix86+x86_64 0.0.5 125.00 74.00 199.00 OK
r-oldrel-osx-x86_64 0.0.5 NOTE

Check Details

Version: 0.0.5
Check: installed package size
Result: NOTE
     installed size is 9.4Mb
     sub-directories of 1Mb or more:
     libs 9.2Mb
Flavors: r-devel-linux-x86_64-fedora-clang, r-release-osx-x86_64, r-oldrel-osx-x86_64