Last updated on 2022-05-24 20:53:16 CEST.
Flavor | Version | Tinstall | Tcheck | Ttotal | Status | Flags |
---|---|---|---|---|---|---|
r-devel-linux-x86_64-debian-clang | 0.0.7 | 70.78 | 53.84 | 124.62 | NOTE | |
r-devel-linux-x86_64-debian-gcc | 0.0.7 | 53.61 | 42.03 | 95.64 | NOTE | |
r-devel-linux-x86_64-fedora-clang | 0.0.7 | 181.95 | NOTE | |||
r-devel-linux-x86_64-fedora-gcc | 0.0.7 | 151.23 | NOTE | |||
r-devel-windows-x86_64 | 0.0.7 | 126.00 | 86.00 | 212.00 | NOTE | |
r-patched-linux-x86_64 | 0.0.7 | 62.67 | 52.99 | 115.66 | NOTE | |
r-release-linux-x86_64 | 0.0.7 | NOTE | ||||
r-release-macos-arm64 | 0.0.7 | 43.00 | NOTE | |||
r-release-macos-x86_64 | 0.0.7 | 61.00 | NOTE | |||
r-release-windows-x86_64 | 0.0.7 | 117.00 | 93.00 | 210.00 | NOTE | |
r-oldrel-macos-arm64 | 0.0.7 | 50.00 | NOTE | |||
r-oldrel-macos-x86_64 | 0.0.7 | 94.00 | NOTE | |||
r-oldrel-windows-ix86+x86_64 | 0.0.7 | 148.00 | 126.00 | 274.00 | NOTE |
Version: 0.0.7
Check: LazyData
Result: NOTE
'LazyData' is specified without a 'data' directory
Flavors: r-devel-linux-x86_64-debian-clang, r-devel-linux-x86_64-debian-gcc, r-devel-linux-x86_64-fedora-clang, r-devel-linux-x86_64-fedora-gcc, r-devel-windows-x86_64, r-patched-linux-x86_64, r-release-linux-x86_64, r-release-macos-arm64, r-release-macos-x86_64, r-release-windows-x86_64, r-oldrel-macos-arm64, r-oldrel-macos-x86_64, r-oldrel-windows-ix86+x86_64
Version: 0.0.7
Check: installed package size
Result: NOTE
installed size is 8.1Mb
sub-directories of 1Mb or more:
libs 8.0Mb
Flavors: r-devel-linux-x86_64-fedora-clang, r-release-macos-arm64, r-release-macos-x86_64, r-oldrel-macos-arm64, r-oldrel-macos-x86_64