CRAN Package Check Results for Package discretecdAlgorithm

Last updated on 2018-05-23 06:46:45 CEST.

Flavor Version Tinstall Tcheck Ttotal Status Flags
r-devel-linux-x86_64-debian-clang 0.0.5 65.40 36.35 101.75 OK
r-devel-linux-x86_64-debian-gcc 0.0.5 40.87 29.07 69.94 OK
r-devel-linux-x86_64-fedora-clang 0.0.5 141.38 NOTE
r-devel-linux-x86_64-fedora-gcc 0.0.5 114.32 NOTE
r-devel-windows-ix86+x86_64 0.0.5 94.00 101.00 195.00 OK
r-patched-linux-x86_64 0.0.5 49.88 33.86 83.74 OK
r-patched-solaris-x86 0.0.5 116.20 OK
r-release-linux-x86_64 0.0.5 51.02 33.64 84.66 OK
r-release-windows-ix86+x86_64 0.0.5 125.00 69.00 194.00 OK
r-release-osx-x86_64 0.0.5 NOTE
r-oldrel-windows-ix86+x86_64 0.0.5 125.00 89.00 214.00 OK
r-oldrel-osx-x86_64 0.0.5 NOTE

Check Details

Version: 0.0.5
Check: installed package size
Result: NOTE
     installed size is 9.9Mb
     sub-directories of 1Mb or more:
     libs 9.7Mb
Flavors: r-devel-linux-x86_64-fedora-clang, r-devel-linux-x86_64-fedora-gcc, r-release-osx-x86_64, r-oldrel-osx-x86_64