CRAN Package Check Results for Package discretecdAlgorithm

Last updated on 2018-08-22 06:46:43 CEST.

Flavor Version Tinstall Tcheck Ttotal Status Flags
r-devel-linux-x86_64-debian-clang 0.0.5 59.35 38.04 97.39 OK
r-devel-linux-x86_64-debian-gcc 0.0.5 50.60 30.14 80.74 OK
r-devel-linux-x86_64-fedora-clang 0.0.5 139.78 NOTE
r-devel-linux-x86_64-fedora-gcc 0.0.5 118.17 OK
r-devel-windows-ix86+x86_64 0.0.5 91.00 75.00 166.00 OK
r-patched-linux-x86_64 0.0.5 58.60 33.36 91.96 OK
r-patched-solaris-x86 0.0.5 116.70 OK
r-release-linux-x86_64 0.0.5 55.84 34.35 90.19 OK
r-release-windows-ix86+x86_64 0.0.5 133.00 69.00 202.00 OK
r-release-osx-x86_64 0.0.5 NOTE
r-oldrel-windows-ix86+x86_64 0.0.5 93.00 100.00 193.00 OK
r-oldrel-osx-x86_64 0.0.5 NOTE

Check Details

Version: 0.0.5
Check: installed package size
Result: NOTE
     installed size is 9.9Mb
     sub-directories of 1Mb or more:
     libs 9.8Mb
Flavors: r-devel-linux-x86_64-fedora-clang, r-release-osx-x86_64, r-oldrel-osx-x86_64