CRAN Package Check Results for Package discretecdAlgorithm

Last updated on 2018-02-22 15:49:07 CET.

Flavor Version Tinstall Tcheck Ttotal Status Flags
r-devel-linux-x86_64-debian-clang 0.0.5 60.87 31.04 91.91 OK
r-devel-linux-x86_64-debian-gcc 0.0.5 41.39 26.42 67.81 OK
r-devel-linux-x86_64-fedora-clang 0.0.5 134.89 NOTE
r-devel-linux-x86_64-fedora-gcc 0.0.5 110.49 NOTE
r-devel-windows-ix86+x86_64 0.0.5 134.00 73.00 207.00 OK
r-patched-linux-x86_64 0.0.5 49.86 35.56 85.42 OK
r-patched-solaris-x86 0.0.5 111.10 OK
r-release-linux-x86_64 0.0.5 49.39 34.68 84.07 OK
r-release-windows-ix86+x86_64 0.0.5 122.00 87.00 209.00 OK
r-release-osx-x86_64 0.0.5 NOTE
r-oldrel-windows-ix86+x86_64 0.0.5 97.00 64.00 161.00 OK
r-oldrel-osx-x86_64 0.0.5 NOTE

Check Details

Version: 0.0.5
Check: installed package size
Result: NOTE
     installed size is 9.9Mb
     sub-directories of 1Mb or more:
     libs 9.7Mb
Flavors: r-devel-linux-x86_64-fedora-clang, r-devel-linux-x86_64-fedora-gcc, r-release-osx-x86_64, r-oldrel-osx-x86_64