CRAN Package Check Results for Package diseasemapping

Last updated on 2018-11-18 12:46:18 CET.

Flavor Version Tinstall Tcheck Ttotal Status Flags
r-devel-linux-x86_64-debian-clang 1.4.6 3.91 67.71 71.62 NOTE
r-devel-linux-x86_64-debian-gcc 1.4.6 3.37 55.99 59.36 NOTE
r-devel-linux-x86_64-fedora-clang 1.4.6 88.95 OK
r-devel-linux-x86_64-fedora-gcc 1.4.6 85.97 OK
r-devel-windows-ix86+x86_64 1.4.6 10.00 80.00 90.00 OK
r-patched-linux-x86_64 1.4.6 3.96 68.96 72.92 NOTE
r-patched-solaris-x86 1.4.6 130.40 NOTE
r-release-linux-x86_64 1.4.6 3.43 68.54 71.97 NOTE
r-release-windows-ix86+x86_64 1.4.6 12.00 118.00 130.00 OK
r-release-osx-x86_64 1.4.6 NOTE
r-oldrel-windows-ix86+x86_64 1.4.6 8.00 111.00 119.00 OK
r-oldrel-osx-x86_64 1.4.6 NOTE

Check Details

Version: 1.4.6
Check: package dependencies
Result: NOTE
    Package which this enhances but not available for checking: ‘INLA’
Flavors: r-devel-linux-x86_64-debian-clang, r-devel-linux-x86_64-debian-gcc, r-patched-linux-x86_64, r-patched-solaris-x86, r-release-linux-x86_64, r-release-osx-x86_64, r-oldrel-osx-x86_64