CRAN Package Check Results for Package diseasemapping

Last updated on 2018-08-20 15:51:35 CEST.

Flavor Version Tinstall Tcheck Ttotal Status Flags
r-devel-linux-x86_64-debian-clang 1.4.6 4.98 73.80 78.78 NOTE
r-devel-linux-x86_64-debian-gcc 1.4.6 3.38 58.73 62.11 NOTE
r-devel-linux-x86_64-fedora-clang 1.4.6 96.06 OK
r-devel-linux-x86_64-fedora-gcc 1.4.6 90.94 OK
r-devel-windows-ix86+x86_64 1.4.6 11.00 114.00 125.00 OK
r-patched-linux-x86_64 1.4.6 4.14 66.20 70.34 NOTE
r-patched-solaris-x86 1.4.6 128.60 NOTE
r-release-linux-x86_64 1.4.6 4.29 65.84 70.13 NOTE
r-release-windows-ix86+x86_64 1.4.6 11.00 114.00 125.00 OK
r-release-osx-x86_64 1.4.6 NOTE
r-oldrel-windows-ix86+x86_64 1.4.6 6.00 138.00 144.00 WARN
r-oldrel-osx-x86_64 1.4.6 NOTE

Check Details

Version: 1.4.6
Check: package dependencies
Result: NOTE
    Package which this enhances but not available for checking: ‘INLA’
Flavors: r-devel-linux-x86_64-debian-clang, r-devel-linux-x86_64-debian-gcc, r-patched-linux-x86_64, r-patched-solaris-x86, r-release-linux-x86_64, r-release-osx-x86_64, r-oldrel-osx-x86_64

Version: 1.4.6
Check: whether package can be installed
Result: WARN
    Found the following significant warnings:
     Warning: S3 methods 'print.sparseSummary', 'print.diagSummary', 'c.abIndex', 'c.sparseVector', 'as.array.Matrix', 'as.array.sparseVector', 'as.matrix.Matrix', 'as.matrix.sparseVector', 'as.vector.Matrix', 'as.vector.sparseVector' were declared in NAMESPACE but not found
Flavor: r-oldrel-windows-ix86+x86_64