CRAN Package Check Results for Package diseasemapping

Last updated on 2019-02-21 01:50:40 CET.

Flavor Version Tinstall Tcheck Ttotal Status Flags
r-devel-linux-x86_64-debian-clang 1.4.6 4.61 74.99 79.60 NOTE
r-devel-linux-x86_64-debian-gcc 1.4.6 3.86 59.59 63.45 NOTE
r-devel-linux-x86_64-fedora-clang 1.4.6 98.49 OK
r-devel-linux-x86_64-fedora-gcc 1.4.6 94.37 OK
r-devel-windows-ix86+x86_64 1.4.6 12.00 124.00 136.00 OK
r-patched-linux-x86_64 1.4.6 NOTE
r-patched-solaris-x86 1.4.6 136.60 NOTE
r-release-linux-x86_64 1.4.6 NOTE
r-release-windows-ix86+x86_64 1.4.6 8.00 123.00 131.00 OK
r-release-osx-x86_64 1.4.6 NOTE
r-oldrel-windows-ix86+x86_64 1.4.6 6.00 105.00 111.00 OK
r-oldrel-osx-x86_64 1.4.6 NOTE

Check Details

Version: 1.4.6
Check: package dependencies
Result: NOTE
    Package which this enhances but not available for checking: ‘INLA’
Flavors: r-devel-linux-x86_64-debian-clang, r-devel-linux-x86_64-debian-gcc, r-patched-linux-x86_64, r-patched-solaris-x86, r-release-linux-x86_64, r-release-osx-x86_64, r-oldrel-osx-x86_64