CRAN Package Check Results for Package diskImageR

Last updated on 2018-10-16 21:50:06 CEST.

Flavor Version Tinstall Tcheck Ttotal Status Flags
r-devel-linux-x86_64-debian-clang 1.0.0 4.43 29.71 34.14 OK
r-devel-linux-x86_64-debian-gcc 1.0.0 3.00 23.21 26.21 OK
r-devel-linux-x86_64-fedora-clang 1.0.0 39.23 OK
r-devel-linux-x86_64-fedora-gcc 1.0.0 37.84 OK
r-devel-windows-ix86+x86_64 1.0.0 7.00 52.00 59.00 OK
r-patched-linux-x86_64 1.0.0 3.44 27.72 31.16 OK
r-patched-solaris-x86 1.0.0 53.50 OK
r-release-linux-x86_64 1.0.0 4.43 28.10 32.53 OK
r-release-windows-ix86+x86_64 1.0.0 6.00 50.00 56.00 OK
r-release-osx-x86_64 1.0.0 OK
r-oldrel-windows-ix86+x86_64 1.0.0 4.00 51.00 55.00 OK
r-oldrel-osx-x86_64 1.0.0 NOTE

Check Details

Version: 1.0.0
Check: Rd cross-references
Result: NOTE
    Package unavailable to check Rd xrefs: ‘diversitree’
Flavor: r-oldrel-osx-x86_64