CRAN Package Check Results for Package diskImageR

Last updated on 2018-05-25 06:48:50 CEST.

Flavor Version Tinstall Tcheck Ttotal Status Flags
r-devel-linux-x86_64-debian-clang 1.0.0 3.94 26.52 30.46 OK
r-devel-linux-x86_64-debian-gcc 1.0.0 3.31 22.46 25.77 OK
r-devel-linux-x86_64-fedora-clang 1.0.0 39.24 OK
r-devel-linux-x86_64-fedora-gcc 1.0.0 37.34 OK
r-devel-windows-ix86+x86_64 1.0.0 5.00 44.00 49.00 OK
r-patched-linux-x86_64 1.0.0 4.41 27.83 32.24 OK
r-patched-solaris-x86 1.0.0 54.60 OK
r-release-linux-x86_64 1.0.0 3.22 27.22 30.44 OK
r-release-windows-ix86+x86_64 1.0.0 8.00 40.00 48.00 OK
r-release-osx-x86_64 1.0.0 OK
r-oldrel-windows-ix86+x86_64 1.0.0 4.00 39.00 43.00 OK
r-oldrel-osx-x86_64 1.0.0 NOTE

Check Details

Version: 1.0.0
Check: Rd cross-references
Result: NOTE
    Package unavailable to check Rd xrefs: ‘diversitree’
Flavor: r-oldrel-osx-x86_64