CRAN Package Check Results for Package diskImageR

Last updated on 2018-02-25 09:50:14 CET.

Flavor Version Tinstall Tcheck Ttotal Status Flags
r-devel-linux-x86_64-debian-clang 1.0.0 2.90 27.64 30.54 OK
r-devel-linux-x86_64-debian-gcc 1.0.0 2.87 21.56 24.43 OK
r-devel-linux-x86_64-fedora-clang 1.0.0 38.92 OK
r-devel-linux-x86_64-fedora-gcc 1.0.0 36.14 OK
r-devel-windows-ix86+x86_64 1.0.0 9.00 47.00 56.00 OK
r-patched-linux-x86_64 1.0.0 1.08 27.90 28.98 OK
r-patched-solaris-x86 1.0.0 44.00 OK
r-release-linux-x86_64 1.0.0 0.74 28.11 28.85 OK
r-release-windows-ix86+x86_64 1.0.0 3.00 44.00 47.00 OK
r-release-osx-x86_64 1.0.0 NOTE
r-oldrel-windows-ix86+x86_64 1.0.0 3.00 35.00 38.00 OK
r-oldrel-osx-x86_64 1.0.0 NOTE

Check Details

Version: 1.0.0
Check: Rd cross-references
Result: NOTE
    Package unavailable to check Rd xrefs: ‘diversitree’
Flavor: r-release-osx-x86_64

Version: 1.0.0
Check: dependencies in R code
Result: NOTE
    Invalid MIT-MAGIC-COOKIE-1 key
Flavor: r-oldrel-osx-x86_64