CRAN Package Check Results for Package diskImageR

Last updated on 2018-08-15 08:48:39 CEST.

Flavor Version Tinstall Tcheck Ttotal Status Flags
r-devel-linux-x86_64-debian-clang 1.0.0 3.55 29.54 33.09 OK
r-devel-linux-x86_64-debian-gcc 1.0.0 3.05 23.70 26.75 OK
r-devel-linux-x86_64-fedora-clang 1.0.0 37.71 OK
r-devel-linux-x86_64-fedora-gcc 1.0.0 36.82 OK
r-devel-windows-ix86+x86_64 1.0.0 5.00 37.00 42.00 OK
r-patched-linux-x86_64 1.0.0 4.45 28.71 33.16 OK
r-patched-solaris-x86 1.0.0 55.10 OK
r-release-linux-x86_64 1.0.0 3.48 27.85 31.33 OK
r-release-windows-ix86+x86_64 1.0.0 7.00 42.00 49.00 OK
r-release-osx-x86_64 1.0.0 OK
r-oldrel-windows-ix86+x86_64 1.0.0 3.00 34.00 37.00 OK
r-oldrel-osx-x86_64 1.0.0 NOTE

Check Details

Version: 1.0.0
Check: Rd cross-references
Result: NOTE
    Package unavailable to check Rd xrefs: ‘diversitree’
Flavor: r-oldrel-osx-x86_64