CRAN Package Check Results for Package diskImageR

Last updated on 2019-01-23 08:49:01 CET.

Flavor Version Tinstall Tcheck Ttotal Status Flags
r-devel-linux-x86_64-debian-clang 1.0.0 4.68 31.98 36.66 OK
r-devel-linux-x86_64-debian-gcc 1.0.0 3.18 23.24 26.42 OK
r-devel-linux-x86_64-fedora-clang 1.0.0 39.36 OK
r-devel-linux-x86_64-fedora-gcc 1.0.0 37.09 OK
r-devel-windows-ix86+x86_64 1.0.0 8.00 50.00 58.00 OK
r-patched-linux-x86_64 1.0.0 3.31 27.95 31.26 OK
r-patched-solaris-x86 1.0.0 55.20 OK
r-release-linux-x86_64 1.0.0 4.30 27.96 32.26 OK
r-release-windows-ix86+x86_64 1.0.0 5.00 48.00 53.00 OK
r-release-osx-x86_64 1.0.0 OK
r-oldrel-windows-ix86+x86_64 1.0.0 3.00 47.00 50.00 OK
r-oldrel-osx-x86_64 1.0.0 NOTE

Check Details

Version: 1.0.0
Check: Rd cross-references
Result: NOTE
    Package unavailable to check Rd xrefs: ‘diversitree’
Flavor: r-oldrel-osx-x86_64