CRAN Package Check Results for Package dismo

Last updated on 2024-02-23 01:51:28 CET.

Flavor Version Tinstall Tcheck Ttotal Status Flags
r-devel-linux-x86_64-debian-clang 1.3-14 NOTE
r-devel-linux-x86_64-debian-gcc 1.3-14 52.60 273.52 326.12 NOTE
r-devel-linux-x86_64-fedora-clang 1.3-14 534.07 NOTE
r-devel-linux-x86_64-fedora-gcc 1.3-14 539.47 NOTE
r-devel-windows-x86_64 1.3-14 49.00 273.00 322.00 NOTE --no-vignettes
r-patched-linux-x86_64 1.3-14 66.90 364.21 431.11 OK
r-release-linux-x86_64 1.3-14 55.22 362.04 417.26 OK
r-release-macos-arm64 1.3-14 119.00 OK
r-release-macos-x86_64 1.3-14 412.00 OK
r-release-windows-x86_64 1.3-14 66.00 250.00 316.00 OK --no-vignettes
r-oldrel-macos-arm64 1.3-14 115.00 OK
r-oldrel-windows-x86_64 1.3-14 68.00 254.00 322.00 OK --no-vignettes

Check Details

Version: 1.3-14
Check: Rd files
Result: NOTE checkRd: (-1) mess.Rd:28: Lost braces 28 | Elith J., M. Kearney M., and S. Phillips, 2010. The art of modelling range-shifting species. \doi{10.1111/j.2041-210X.2010.00036.x}{Methods in Ecology and Evolution 1:330-342}. | ^ Flavors: r-devel-linux-x86_64-debian-clang, r-devel-linux-x86_64-debian-gcc

Version: 1.3-14
Check: data for non-ASCII characters
Result: NOTE Note: found 106 marked UTF-8 strings Flavors: r-devel-linux-x86_64-fedora-clang, r-devel-linux-x86_64-fedora-gcc

Version: 1.3-14
Flags: --no-vignettes
Check: Rd files
Result: NOTE checkRd: (-1) mess.Rd:28: Lost braces 28 | Elith J., M. Kearney M., and S. Phillips, 2010. The art of modelling range-shifting species. \doi{10.1111/j.2041-210X.2010.00036.x}{Methods in Ecology and Evolution 1:330-342}. | ^ Flavor: r-devel-windows-x86_64