CRAN Package Check Results for Package distcomp

Last updated on 2018-05-23 07:50:00 CEST.

Flavor Version Tinstall Tcheck Ttotal Status Flags
r-devel-linux-x86_64-debian-clang 1.0-1 10.32 67.19 77.51 OK
r-devel-linux-x86_64-debian-gcc 1.0-1 8.33 53.65 61.98 OK
r-devel-linux-x86_64-fedora-clang 1.0-1 95.55 OK
r-devel-linux-x86_64-fedora-gcc 1.0-1 91.28 OK
r-devel-windows-ix86+x86_64 1.0-1 24.00 128.00 152.00 OK
r-patched-linux-x86_64 1.0-1 7.79 58.99 66.78 OK
r-patched-solaris-x86 1.0-1 134.20 OK
r-release-linux-x86_64 1.0-1 7.94 58.48 66.42 OK
r-release-windows-ix86+x86_64 1.0-1 26.00 119.00 145.00 OK
r-release-osx-x86_64 1.0-1 OK
r-oldrel-windows-ix86+x86_64 1.0-1 31.00 111.00 142.00 ERROR
r-oldrel-osx-x86_64 1.0-1 OK

Check Details

Version: 1.0-1
Check: whether package can be installed
Result: ERROR
    Installation failed.
Flavor: r-oldrel-windows-ix86+x86_64