CRAN Package Check Results for Package distillery

Last updated on 2022-10-01 11:49:24 CEST.

Flavor Version Tinstall Tcheck Ttotal Status Flags
r-devel-linux-x86_64-debian-clang 1.2-1 4.15 37.46 41.61 NOTE
r-devel-linux-x86_64-debian-gcc 1.2-1 2.94 27.98 30.92 NOTE
r-devel-linux-x86_64-fedora-clang 1.2-1 61.82 NOTE
r-devel-linux-x86_64-fedora-gcc 1.2-1 58.03 NOTE
r-devel-windows-x86_64 1.2-1 19.00 60.00 79.00 NOTE
r-patched-linux-x86_64 1.2-1 3.07 35.58 38.65 OK
r-release-linux-x86_64 1.2-1 2.66 35.84 38.50 OK
r-release-macos-arm64 1.2-1 18.00 OK
r-release-macos-x86_64 1.2-1 25.00 OK
r-release-windows-x86_64 1.2-1 8.00 55.00 63.00 OK
r-oldrel-macos-arm64 1.2-1 23.00 OK
r-oldrel-macos-x86_64 1.2-1 33.00 OK
r-oldrel-windows-ix86+x86_64 1.2-1 8.00 36.00 44.00 OK

Check Details

Version: 1.2-1
Check: Rd files
Result: NOTE
    checkRd: (-1) booter.Rd:68: Escaped LaTeX specials: \&
    checkRd: (-1) ci.booted.Rd:53: Escaped LaTeX specials: \&
    checkRd: (-1) pbooter.Rd:57: Escaped LaTeX specials: \&
Flavors: r-devel-linux-x86_64-debian-clang, r-devel-linux-x86_64-debian-gcc, r-devel-linux-x86_64-fedora-clang, r-devel-linux-x86_64-fedora-gcc, r-devel-windows-x86_64