Last updated on 2023-12-09 21:54:14 CET.
Flavor | Version | Tinstall | Tcheck | Ttotal | Status | Flags |
---|---|---|---|---|---|---|
r-devel-linux-x86_64-debian-clang | 2.8.1 | 29.71 | 92.86 | 122.57 | OK | |
r-devel-linux-x86_64-debian-gcc | 2.8.1 | 24.91 | 71.51 | 96.42 | OK | |
r-devel-linux-x86_64-fedora-clang | 2.8.1 | 168.27 | OK | |||
r-devel-linux-x86_64-fedora-gcc | 2.8.1 | 156.38 | OK | |||
r-devel-windows-x86_64 | 2.8.1 | 27.00 | 96.00 | 123.00 | OK | |
r-patched-linux-x86_64 | 2.8.1 | 36.63 | 92.15 | 128.78 | OK | |
r-release-linux-x86_64 | 2.8.1 | 31.01 | 90.66 | 121.67 | OK | |
r-release-macos-arm64 | 2.8.1 | 51.00 | NOTE | |||
r-release-macos-x86_64 | 2.8.1 | 80.00 | OK | |||
r-release-windows-x86_64 | 2.8.1 | 24.00 | 109.00 | 133.00 | OK | |
r-oldrel-macos-arm64 | 2.8.1 | 48.00 | OK | |||
r-oldrel-macos-x86_64 | 2.8.1 | 60.00 | OK | |||
r-oldrel-windows-x86_64 | 2.8.1 | 38.00 | 111.00 | 149.00 | OK |
Version: 2.8.1
Check: package dependencies
Result: NOTE
Package suggested but not available for checking: ‘distrTEst’
Flavor: r-release-macos-arm64