Last updated on 2023-12-05 05:49:07 CET.
Flavor | Version | Tinstall | Tcheck | Ttotal | Status | Flags |
---|---|---|---|---|---|---|
r-devel-linux-x86_64-debian-clang | 2.9.0 | 42.05 | 223.69 | 265.74 | NOTE | |
r-devel-linux-x86_64-debian-gcc | 2.9.0 | 43.24 | 165.84 | 209.08 | NOTE | |
r-devel-linux-x86_64-fedora-clang | 2.9.0 | 363.85 | NOTE | |||
r-devel-linux-x86_64-fedora-gcc | 2.9.0 | 343.34 | NOTE | |||
r-devel-windows-x86_64 | 2.9.0 | 41.00 | 227.00 | 268.00 | NOTE | |
r-patched-linux-x86_64 | 2.9.0 | 60.55 | 212.74 | 273.29 | OK | |
r-release-linux-x86_64 | 2.9.0 | 45.87 | 212.30 | 258.17 | OK | |
r-release-macos-arm64 | 2.9.0 | 106.00 | OK | |||
r-release-macos-x86_64 | 2.9.0 | 183.00 | OK | |||
r-release-windows-x86_64 | 2.9.0 | 56.00 | 268.00 | 324.00 | OK | |
r-oldrel-macos-arm64 | 2.9.0 | 103.00 | OK | |||
r-oldrel-macos-x86_64 | 2.9.0 | 117.00 | OK | |||
r-oldrel-windows-x86_64 | 2.9.0 | 56.00 | 264.00 | 320.00 | OK |
Version: 2.9.0
Check: Rd \usage sections
Result: NOTE
Documented arguments not in \usage in Rd file 'internalmleHelpers.Rd':
‘validity.check’
Objects in \usage without \alias in Rd file 'internals.Rd':
‘.csimpsum’
Functions with \usage entries need to have the appropriate \alias
entries, and all their arguments documented.
The \usage entries must correspond to syntactically valid R code.
See chapter ‘Writing R documentation files’ in the ‘Writing R
Extensions’ manual.
Flavors: r-devel-linux-x86_64-debian-clang, r-devel-linux-x86_64-debian-gcc, r-devel-linux-x86_64-fedora-clang, r-devel-linux-x86_64-fedora-gcc, r-devel-windows-x86_64
Version: 2.9.0
Check: Rd cross-references
Result: NOTE
Undeclared package ‘RobAStBase’ in Rd xrefs
Flavor: r-devel-linux-x86_64-fedora-clang