Last updated on 2025-01-24 16:49:10 CET.
Flavor | Version | Tinstall | Tcheck | Ttotal | Status | Flags |
---|---|---|---|---|---|---|
r-devel-linux-x86_64-debian-clang | 0.5.0 | 7.33 | 71.52 | 78.85 | NOTE | |
r-devel-linux-x86_64-debian-gcc | 0.5.0 | 6.46 | 48.24 | 54.70 | NOTE | |
r-devel-linux-x86_64-fedora-clang | 0.5.0 | 131.20 | OK | |||
r-devel-linux-x86_64-fedora-gcc | 0.5.0 | 118.22 | OK | |||
r-devel-windows-x86_64 | 0.5.0 | 9.00 | 94.00 | 103.00 | OK | |
r-patched-linux-x86_64 | 0.5.0 | 8.41 | 66.69 | 75.10 | OK | |
r-release-linux-x86_64 | 0.5.0 | 8.00 | 66.22 | 74.22 | OK | |
r-release-macos-arm64 | 0.5.0 | 37.00 | OK | |||
r-release-macos-x86_64 | 0.5.0 | 71.00 | OK | |||
r-release-windows-x86_64 | 0.5.0 | 10.00 | 94.00 | 104.00 | OK | |
r-oldrel-macos-arm64 | 0.5.0 | 38.00 | OK | |||
r-oldrel-macos-x86_64 | 0.5.0 | 66.00 | OK | |||
r-oldrel-windows-x86_64 | 0.5.0 | 12.00 | 112.00 | 124.00 | OK |
Version: 0.5.0
Check: DESCRIPTION meta-information
Result: NOTE
Missing dependency on R >= 4.1.0 because package code uses the pipe
|> or function shorthand \(...) syntax added in R 4.1.0.
File(s) using such syntax:
‘mixture.R’
Flavors: r-devel-linux-x86_64-debian-clang, r-devel-linux-x86_64-debian-gcc