CRAN Package Check Results for Package distrom

Last updated on 2020-01-19 16:47:33 CET.

Flavor Version Tinstall Tcheck Ttotal Status Flags
r-devel-linux-x86_64-debian-clang 1.0 7.10 58.15 65.25 OK
r-devel-linux-x86_64-debian-gcc 1.0 6.43 45.73 52.16 OK
r-devel-linux-x86_64-fedora-clang 1.0 80.49 OK
r-devel-linux-x86_64-fedora-gcc 1.0 74.59 OK
r-devel-windows-ix86+x86_64 1.0 20.00 68.00 88.00 OK
r-devel-windows-ix86+x86_64-gcc8 1.0 14.00 97.00 111.00 OK
r-patched-linux-x86_64 1.0 5.91 51.21 57.12 OK
r-patched-solaris-x86 1.0 101.00 OK --no-examples
r-release-linux-x86_64 1.0 6.89 50.52 57.41 OK
r-release-windows-ix86+x86_64 1.0 18.00 64.00 82.00 OK
r-release-osx-x86_64 1.0 OK
r-oldrel-windows-ix86+x86_64 1.0 10.00 85.00 95.00 OK
r-oldrel-osx-x86_64 1.0 WARN

Check Details

Version: 1.0
Check: examples
Result: WARN
    Found the following significant warnings:
    
     Warning: 'rBind' is deprecated.
    Deprecated functions may be defunct as soon as of the next release of
    R.
    See ?Deprecated.
Flavor: r-oldrel-osx-x86_64