CRAN Package Check Results for Package distrom

Last updated on 2019-09-16 22:49:20 CEST.

Flavor Version Tinstall Tcheck Ttotal Status Flags
r-devel-linux-x86_64-debian-clang 1.0 7.68 51.18 58.86 OK
r-devel-linux-x86_64-debian-gcc 1.0 5.69 41.97 47.66 OK
r-devel-linux-x86_64-fedora-clang 1.0 70.86 OK
r-devel-linux-x86_64-fedora-gcc 1.0 69.29 OK
r-devel-windows-ix86+x86_64 1.0 17.00 63.00 80.00 OK
r-patched-linux-x86_64 1.0 7.08 50.88 57.96 OK
r-patched-solaris-x86 1.0 101.00 OK --no-examples
r-release-linux-x86_64 1.0 6.25 51.65 57.90 OK
r-release-windows-ix86+x86_64 1.0 13.00 83.00 96.00 OK
r-release-osx-x86_64 1.0 OK
r-oldrel-windows-ix86+x86_64 1.0 9.00 63.00 72.00 OK
r-oldrel-osx-x86_64 1.0 WARN

Check Details

Version: 1.0
Check: examples
Result: WARN
    Found the following significant warnings:
    
     Warning: 'rBind' is deprecated.
    Deprecated functions may be defunct as soon as of the next release of
    R.
    See ?Deprecated.
Flavor: r-oldrel-osx-x86_64