CRAN Package Check Results for Package divDyn

Last updated on 2024-04-15 12:54:46 CEST.

Flavor Version Tinstall Tcheck Ttotal Status Flags
r-devel-linux-x86_64-debian-clang 0.8.2 27.29 327.75 355.04 NOTE
r-devel-linux-x86_64-debian-gcc 0.8.2 24.02 241.76 265.78 NOTE
r-devel-linux-x86_64-fedora-clang 0.8.2 469.41 NOTE
r-devel-linux-x86_64-fedora-gcc 0.8.2 483.06 NOTE
r-prerel-macos-arm64 0.8.2 117.00 NOTE
r-prerel-windows-x86_64 0.8.2 25.00 443.00 468.00 NOTE
r-patched-linux-x86_64 0.8.2 30.94 308.58 339.52 NOTE
r-release-linux-x86_64 0.8.2 30.84 305.38 336.22 OK
r-release-macos-arm64 0.8.2 129.00 OK
r-release-macos-x86_64 0.8.2 227.00 OK
r-release-windows-x86_64 0.8.2 27.00 438.00 465.00 OK
r-oldrel-macos-arm64 0.8.2 119.00 OK
r-oldrel-windows-x86_64 0.8.2 32.00 439.00 471.00 OK

Check Details

Version: 0.8.2
Check: Rd files
Result: NOTE checkRd: (-1) fadlad.Rd:30: Lost braces 30 | \item{diffbin}{\code{(logical)}: Difference-based duration for discreet time (only applicabble to cases when \code{bin} is provided). If set to \code{TRUE}, single-interval taxa will \code{0} durations. Setting this argument to \code{FALSE} will add code{1} to the durations of all taxa.} | ^ checkRd: (-1) slice.Rd:27: Lost braces 27 | Due to stratigraphic constraints, we can only process deep time data, when it is sliced to discrete bins. It is suggested that you do this separately for most of your analyses. This function is also used by the code{\link{divDyn}} function when \code{age} entries are provided. | ^ checkRd: (-1) tabinate.Rd:31: Lost braces 31 | Setting both \code{bin} If \code{bin=NULL} and code{tax=NULL}, will run \code{FUN} on the entire dataset (no effect). Providing either \code{bin} or \code{tax} and keeping the other \code{NULL} will iterate \code{FUN} for every \code{bin} or \code{tax} entry (whichever is presented). | ^ Flavors: r-devel-linux-x86_64-debian-clang, r-devel-linux-x86_64-debian-gcc, r-devel-linux-x86_64-fedora-clang, r-devel-linux-x86_64-fedora-gcc, r-prerel-macos-arm64, r-prerel-windows-x86_64, r-patched-linux-x86_64