Last updated on 2022-05-28 13:51:18 CEST.
Flavor | Version | Tinstall | Tcheck | Ttotal | Status | Flags |
---|---|---|---|---|---|---|
r-devel-linux-x86_64-debian-clang | 0.8.1 | 25.21 | 335.16 | 360.37 | WARN | |
r-devel-linux-x86_64-debian-gcc | 0.8.1 | 22.00 | 252.41 | 274.41 | OK | |
r-devel-linux-x86_64-fedora-clang | 0.8.1 | 452.34 | WARN | |||
r-devel-linux-x86_64-fedora-gcc | 0.8.1 | 442.09 | OK | |||
r-devel-windows-x86_64 | 0.8.1 | 44.00 | 481.00 | 525.00 | OK | |
r-patched-linux-x86_64 | 0.8.1 | 28.02 | 329.90 | 357.92 | OK | |
r-release-linux-x86_64 | 0.8.1 | 24.39 | 324.68 | 349.07 | OK | |
r-release-macos-arm64 | 0.8.1 | 113.00 | OK | |||
r-release-macos-x86_64 | 0.8.1 | 148.00 | OK | |||
r-release-windows-x86_64 | 0.8.1 | 50.00 | 472.00 | 522.00 | OK | |
r-oldrel-macos-arm64 | 0.8.1 | 110.00 | OK | |||
r-oldrel-macos-x86_64 | 0.8.1 | 243.00 | OK | |||
r-oldrel-windows-ix86+x86_64 | 0.8.1 | 64.00 | 460.00 | 524.00 | OK |
Version: 0.8.1
Check: whether package can be installed
Result: WARN
Found the following significant warnings:
Engine.cpp:73:8: warning: use of bitwise '&' with boolean operands [-Wbitwise-instead-of-logical]
Engine.cpp:79:8: warning: use of bitwise '&' with boolean operands [-Wbitwise-instead-of-logical]
Engine.cpp:84:8: warning: use of bitwise '&' with boolean operands [-Wbitwise-instead-of-logical]
Engine.cpp:94:8: warning: use of bitwise '&' with boolean operands [-Wbitwise-instead-of-logical]
Engine.cpp:102:8: warning: use of bitwise '&' with boolean operands [-Wbitwise-instead-of-logical]
Engine.cpp:109:8: warning: use of bitwise '&' with boolean operands [-Wbitwise-instead-of-logical]
Engine.cpp:116:8: warning: use of bitwise '&' with boolean operands [-Wbitwise-instead-of-logical]
Engine.cpp:124:8: warning: use of bitwise '&' with boolean operands [-Wbitwise-instead-of-logical]
Engine.cpp:132:8: warning: use of bitwise '&' with boolean operands [-Wbitwise-instead-of-logical]
Engine.cpp:140:8: warning: use of bitwise '&' with boolean operands [-Wbitwise-instead-of-logical]
Engine.cpp:148:8: warning: use of bitwise '&' with boolean operands [-Wbitwise-instead-of-logical]
Engine.cpp:156:8: warning: use of bitwise '&' with boolean operands [-Wbitwise-instead-of-logical]
Engine.cpp:164:8: warning: use of bitwise '&' with boolean operands [-Wbitwise-instead-of-logical]
Flavors: r-devel-linux-x86_64-debian-clang, r-devel-linux-x86_64-fedora-clang