CRAN Package Check Results for Package diveRsity

Last updated on 2022-12-05 07:53:39 CET.

Flavor Version Tinstall Tcheck Ttotal Status Flags
r-devel-linux-x86_64-debian-clang 1.9.90 173.89 205.85 379.74 NOTE
r-devel-linux-x86_64-debian-gcc 1.9.90 119.83 153.54 273.37 NOTE
r-devel-linux-x86_64-fedora-clang 1.9.90 536.83 NOTE
r-devel-linux-x86_64-fedora-gcc 1.9.90 484.65 NOTE
r-devel-windows-x86_64 1.9.90 155.00 281.00 436.00 NOTE
r-patched-linux-x86_64 1.9.90 104.77 196.32 301.09 NOTE
r-release-linux-x86_64 1.9.90 102.39 195.86 298.25 NOTE
r-release-macos-arm64 1.9.90 117.00 NOTE
r-release-macos-x86_64 1.9.90 184.00 NOTE
r-release-windows-x86_64 1.9.90 173.00 265.00 438.00 NOTE
r-oldrel-macos-arm64 1.9.90 130.00 NOTE
r-oldrel-macos-x86_64 1.9.90 241.00 NOTE
r-oldrel-windows-ix86+x86_64 1.9.90 377.00 290.00 667.00 OK

Check Details

Version: 1.9.90
Check: package dependencies
Result: NOTE
    Packages suggested but not available for checking: 'sendplot', 'HWxtest'
Flavors: r-devel-linux-x86_64-debian-clang, r-devel-linux-x86_64-debian-gcc, r-devel-linux-x86_64-fedora-clang, r-devel-linux-x86_64-fedora-gcc, r-devel-windows-x86_64, r-patched-linux-x86_64, r-release-linux-x86_64, r-release-macos-arm64, r-release-windows-x86_64, r-oldrel-macos-arm64, r-oldrel-macos-x86_64

Version: 1.9.90
Check: Rd files
Result: NOTE
    checkRd: (-1) fastDivPart.Rd:13: Escaped LaTeX specials: \_
    checkRd: (-1) inCalc.Rd:26: Escaped LaTeX specials: \_
    checkRd: (-1) inCalc.Rd:13: Escaped LaTeX specials: \_
Flavors: r-devel-linux-x86_64-debian-clang, r-devel-linux-x86_64-debian-gcc, r-devel-linux-x86_64-fedora-clang, r-devel-linux-x86_64-fedora-gcc, r-devel-windows-x86_64

Version: 1.9.90
Check: HTML version of manual
Result: NOTE
    Found the following HTML validation problems:
    corPlotter.html:42:9 (corPlotter.Rd:15): Warning: <code> anchor "x" already defined
Flavors: r-devel-linux-x86_64-debian-clang, r-devel-linux-x86_64-debian-gcc, r-devel-linux-x86_64-fedora-clang, r-devel-linux-x86_64-fedora-gcc, r-devel-windows-x86_64

Version: 1.9.90
Check: installed package size
Result: NOTE
     installed size is 5.2Mb
     sub-directories of 1Mb or more:
     libs 3.8Mb
Flavors: r-release-macos-arm64, r-oldrel-macos-arm64

Version: 1.9.90
Check: package dependencies
Result: NOTE
    Packages suggested but not available for checking:
     'xlsx', 'sendplot', 'HWxtest'
Flavor: r-release-macos-x86_64