CRAN Package Check Results for Package diversitree

Last updated on 2021-03-09 06:50:52 CET.

Flavor Version Tinstall Tcheck Ttotal Status Flags
r-devel-linux-x86_64-debian-clang 0.9-15 88.21 119.06 207.27 OK
r-devel-linux-x86_64-debian-gcc 0.9-15 57.52 87.66 145.18 OK
r-devel-linux-x86_64-fedora-clang 0.9-15 269.90 NOTE
r-devel-linux-x86_64-fedora-gcc 0.9-15 238.06 OK
r-devel-windows-ix86+x86_64 0.9-15 187.00 137.00 324.00 NOTE
r-devel-windows-x86_64-gcc10-UCRT 0.9-15 OK
r-patched-linux-x86_64 0.9-15 68.16 107.88 176.04 OK
r-patched-solaris-x86 0.9-15 238.10 OK
r-release-linux-x86_64 0.9-15 66.66 109.06 175.72 OK
r-release-macos-x86_64 0.9-15 NOTE
r-release-windows-ix86+x86_64 0.9-15 152.00 184.00 336.00 NOTE
r-oldrel-macos-x86_64 0.9-15 NOTE
r-oldrel-windows-ix86+x86_64 0.9-15 143.00 126.00 269.00 NOTE

Check Details

Version: 0.9-15
Check: installed package size
Result: NOTE
     installed size is 7.0Mb
     sub-directories of 1Mb or more:
     libs 5.8Mb
Flavors: r-devel-linux-x86_64-fedora-clang, r-devel-windows-ix86+x86_64, r-release-macos-x86_64, r-release-windows-ix86+x86_64, r-oldrel-macos-x86_64, r-oldrel-windows-ix86+x86_64