CRAN Package Check Results for Package dnet

Last updated on 2019-08-17 18:46:09 CEST.

Flavor Version Tinstall Tcheck Ttotal Status Flags
r-devel-linux-x86_64-debian-clang 1.1.4 16.76 136.36 153.12 OK
r-devel-linux-x86_64-debian-gcc 1.1.4 14.18 110.92 125.10 OK
r-devel-linux-x86_64-fedora-clang 1.1.4 187.05 OK
r-devel-linux-x86_64-fedora-gcc 1.1.4 188.41 OK
r-devel-windows-ix86+x86_64 1.1.4 38.00 204.00 242.00 OK
r-patched-linux-x86_64 1.1.4 15.27 134.22 149.49 OK
r-patched-solaris-x86 1.1.4 291.70 OK
r-release-linux-x86_64 1.1.4 17.42 133.68 151.10 OK
r-release-windows-ix86+x86_64 1.1.4 35.00 196.00 231.00 OK
r-release-osx-x86_64 1.1.4 ERROR
r-oldrel-windows-ix86+x86_64 1.1.4 25.00 178.00 203.00 OK
r-oldrel-osx-x86_64 1.1.4 OK

Check Details

Version: 1.1.4
Check: package dependencies
Result: ERROR
    Packages required but not available: 'supraHex', 'graph', 'Rgraphviz'
    
    Packages suggested but not available for checking: 'limma', 'Biobase'
    
    See section ‘The DESCRIPTION file’ in the ‘Writing R Extensions’
    manual.
Flavor: r-release-osx-x86_64