CRAN Package Check Results for Package dnet

Last updated on 2018-02-25 03:54:51 CET.

Flavor Version Tinstall Tcheck Ttotal Status Flags
r-devel-linux-x86_64-debian-clang 1.1.2 12.05 130.01 142.06 OK
r-devel-linux-x86_64-debian-gcc 1.1.3 12.70 102.06 114.76 OK
r-devel-windows-ix86+x86_64 1.1.3 21.00 125.00 146.00 OK
r-patched-linux-x86_64 1.1.2 5.95 135.37 141.32 OK
r-patched-solaris-x86 1.1.3 220.10 OK
r-release-linux-x86_64 1.1.3 5.76 135.13 140.89 OK
r-release-windows-ix86+x86_64 1.1.2 19.00 179.00 198.00 OK
r-release-osx-x86_64 1.1.3 ERROR
r-oldrel-windows-ix86+x86_64 1.1.3 17.00 175.00 192.00 OK
r-oldrel-osx-x86_64 1.1.1 OK

Check Details

Version: 1.1.3
Check: package dependencies
Result: ERROR
    Package required but not available: ‘supraHex’
    
    See section ‘The DESCRIPTION file’ in the ‘Writing R Extensions’
    manual.
Flavor: r-release-osx-x86_64