CRAN Package Check Results for Package dnr

Last updated on 2018-06-23 10:49:35 CEST.

Flavor Version Tinstall Tcheck Ttotal Status Flags
r-devel-linux-x86_64-debian-clang 0.3.2 8.28 140.37 148.65 WARN
r-devel-linux-x86_64-debian-gcc 0.3.2 8.74 108.10 116.84 OK
r-devel-linux-x86_64-fedora-clang 0.3.2 175.13 WARN
r-devel-linux-x86_64-fedora-gcc 0.3.2 167.06 WARN
r-devel-windows-ix86+x86_64 0.3.2 14.00 141.00 155.00 WARN
r-patched-linux-x86_64 0.3.2 7.10 129.68 136.78 OK
r-patched-solaris-x86 0.3.2 241.20 WARN
r-release-linux-x86_64 0.3.2 7.32 130.30 137.62 WARN
r-release-windows-ix86+x86_64 0.3.2 11.00 132.00 143.00 WARN
r-release-osx-x86_64 0.3.2 OK
r-oldrel-windows-ix86+x86_64 0.3.2 16.00 144.00 160.00 WARN
r-oldrel-osx-x86_64 0.3.2 OK

Check Details

Version: 0.3.2
Check: examples
Result: WARN
    Found the following significant warnings:
    
     Warning: 'term.list.formula' is deprecated.
     Warning: 'term.list.formula' is deprecated.
     Warning: 'term.list.formula' is deprecated.
     Warning: 'term.list.formula' is deprecated.
     Warning: 'term.list.formula' is deprecated.
     Warning: 'term.list.formula' is deprecated.
     Warning: 'term.list.formula' is deprecated.
     Warning: 'term.list.formula' is deprecated.
     Warning: 'term.list.formula' is deprecated.
     Warning: 'term.list.formula' is deprecated.
     Warning: 'term.list.formula' is deprecated.
     Warning: 'term.list.formula' is deprecated.
     Warning: 'term.list.formula' is deprecated.
     Warning: 'term.list.formula' is deprecated.
     Warning: 'term.list.formula' is deprecated.
     Warning: 'term.list.formula' is deprecated.
     Warning: 'term.list.formula' is deprecated.
     Warning: 'term.list.formula' is deprecated.
     Warning: 'term.list.formula' is deprecated.
     Warning: 'term.list.formula' is deprecated.
     Warning: 'term.list.formula' is deprecated.
     Warning: 'term.list.formula' is deprecated.
     Warning: 'term.list.formula' is deprecated.
     Warning: 'term.list.formula' is deprecated.
     Warning: 'term.list.formula' is deprecated.
     Warning: 'term.list.formula' is deprecated.
     Warning: 'term.list.formula' is deprecated.
     Warning: 'term.list.formula' is deprecated.
     Warning: 'term.list.formula' is deprecated.
     Warning: 'term.list.formula' is deprecated.
     Warning: 'term.list.formula' is deprecated.
     Warning: 'term.list.formula' is deprecated.
     Warning: 'term.list.formula' is deprecated.
     Warning: 'term.list.formula' is deprecated.
     Warning: 'term.list.formula' is deprecated.
     Warning: 'term.list.formula' is deprecated.
     Warning: 'term.list.formula' is deprecated.
     Warning: 'term.list.formula' is deprecated.
     Warning: 'term.list.formula' is deprecated.
     Warning: 'term.list.formula' is deprecated.
     Warning: 'term.list.formula' is deprecated.
     Warning: 'term.list.formula' is deprecated.
    Deprecated functions may be defunct as soon as of the next release of
    R.
    See ?Deprecated.
    Examples with CPU or elapsed time > 5s
     user system elapsed
    paramVertex 3.284 0.107 5.042
Flavor: r-devel-linux-x86_64-debian-clang

Version: 0.3.2
Check: examples
Result: WARN
    Found the following significant warnings:
    
     Warning: 'term.list.formula' is deprecated.
     Warning: 'term.list.formula' is deprecated.
     Warning: 'term.list.formula' is deprecated.
     Warning: 'term.list.formula' is deprecated.
     Warning: 'term.list.formula' is deprecated.
     Warning: 'term.list.formula' is deprecated.
     Warning: 'term.list.formula' is deprecated.
     Warning: 'term.list.formula' is deprecated.
     Warning: 'term.list.formula' is deprecated.
     Warning: 'term.list.formula' is deprecated.
     Warning: 'term.list.formula' is deprecated.
     Warning: 'term.list.formula' is deprecated.
     Warning: 'term.list.formula' is deprecated.
     Warning: 'term.list.formula' is deprecated.
     Warning: 'term.list.formula' is deprecated.
     Warning: 'term.list.formula' is deprecated.
     Warning: 'term.list.formula' is deprecated.
     Warning: 'term.list.formula' is deprecated.
     Warning: 'term.list.formula' is deprecated.
     Warning: 'term.list.formula' is deprecated.
     Warning: 'term.list.formula' is deprecated.
     Warning: 'term.list.formula' is deprecated.
     Warning: 'term.list.formula' is deprecated.
     Warning: 'term.list.formula' is deprecated.
     Warning: 'term.list.formula' is deprecated.
     Warning: 'term.list.formula' is deprecated.
     Warning: 'term.list.formula' is deprecated.
     Warning: 'term.list.formula' is deprecated.
     Warning: 'term.list.formula' is deprecated.
     Warning: 'term.list.formula' is deprecated.
     Warning: 'term.list.formula' is deprecated.
     Warning: 'term.list.formula' is deprecated.
     Warning: 'term.list.formula' is deprecated.
     Warning: 'term.list.formula' is deprecated.
     Warning: 'term.list.formula' is deprecated.
     Warning: 'term.list.formula' is deprecated.
     Warning: 'term.list.formula' is deprecated.
     Warning: 'term.list.formula' is deprecated.
     Warning: 'term.list.formula' is deprecated.
     Warning: 'term.list.formula' is deprecated.
     Warning: 'term.list.formula' is deprecated.
     Warning: 'term.list.formula' is deprecated.
    Deprecated functions may be defunct as soon as of the next release of
    R.
    See ?Deprecated.
Flavors: r-devel-linux-x86_64-fedora-clang, r-devel-linux-x86_64-fedora-gcc, r-devel-windows-ix86+x86_64, r-patched-solaris-x86, r-release-linux-x86_64, r-release-windows-ix86+x86_64, r-oldrel-windows-ix86+x86_64