CRAN Package Check Results for Package doMPI

Last updated on 2018-08-17 00:49:43 CEST.

Flavor Version Tinstall Tcheck Ttotal Status Flags
r-devel-linux-x86_64-debian-clang 0.2.2 2.17 27.96 30.13 OK
r-devel-linux-x86_64-debian-gcc 0.2.2 1.85 22.10 23.95 OK
r-devel-linux-x86_64-fedora-clang 0.2.2 36.46 OK
r-devel-linux-x86_64-fedora-gcc 0.2.2 33.90 OK
r-devel-windows-ix86+x86_64 0.2.2 7.00 55.00 62.00 OK
r-patched-linux-x86_64 0.2.2 2.11 26.26 28.37 OK
r-patched-solaris-x86 0.2.2 50.80 OK
r-release-linux-x86_64 0.2.2 1.99 26.22 28.21 OK
r-release-windows-ix86+x86_64 0.2.2 7.00 59.00 66.00 OK
r-release-osx-x86_64 0.2.2 ERROR
r-oldrel-windows-ix86+x86_64 0.2.2 6.00 40.00 46.00 OK
r-oldrel-osx-x86_64 0.2.2 ERROR

Check Details

Version: 0.2.2
Check: package dependencies
Result: ERROR
    Package required but not available: ‘Rmpi’
    
    See section ‘The DESCRIPTION file’ in the ‘Writing R Extensions’
    manual.
Flavors: r-release-osx-x86_64, r-oldrel-osx-x86_64