CRAN Package Check Results for Package doMPI

Last updated on 2020-01-27 02:47:13 CET.

Flavor Version Tinstall Tcheck Ttotal Status Flags
r-devel-linux-x86_64-debian-clang 0.2.2 3.67 28.12 31.79 OK
r-devel-linux-x86_64-debian-gcc 0.2.2 2.79 23.68 26.47 OK
r-devel-linux-x86_64-fedora-clang 0.2.2 40.10 OK
r-devel-linux-x86_64-fedora-gcc 0.2.2 39.59 OK
r-devel-windows-ix86+x86_64 0.2.2 10.00 65.00 75.00 OK
r-devel-windows-ix86+x86_64-gcc8 0.2.2 9.00 64.00 73.00 OK
r-patched-linux-x86_64 0.2.2 2.96 26.77 29.73 OK
r-patched-solaris-x86 0.2.2 53.50 OK
r-release-linux-x86_64 0.2.2 2.79 26.34 29.13 OK
r-release-windows-ix86+x86_64 0.2.2 6.00 40.00 46.00 OK
r-release-osx-x86_64 0.2.2 ERROR
r-oldrel-windows-ix86+x86_64 0.2.2 4.00 60.00 64.00 OK
r-oldrel-osx-x86_64 0.2.2 ERROR

Check Details

Version: 0.2.2
Check: package dependencies
Result: ERROR
    Package required but not available: ‘Rmpi’
    
    See section ‘The DESCRIPTION file’ in the ‘Writing R Extensions’
    manual.
Flavors: r-release-osx-x86_64, r-oldrel-osx-x86_64