CRAN Package Check Results for Package doMPI

Last updated on 2018-10-19 06:47:49 CEST.

Flavor Version Tinstall Tcheck Ttotal Status Flags
r-devel-linux-x86_64-debian-clang 0.2.2 2.06 27.98 30.04 WARN
r-devel-linux-x86_64-debian-gcc 0.2.2 1.76 22.53 24.29 WARN
r-devel-linux-x86_64-fedora-clang 0.2.2 35.78 OK
r-devel-linux-x86_64-fedora-gcc 0.2.2 35.36 OK
r-devel-windows-ix86+x86_64 0.2.2 5.00 58.00 63.00 OK
r-patched-linux-x86_64 0.2.2 1.84 26.26 28.10 WARN
r-patched-solaris-x86 0.2.2 49.60 OK
r-release-linux-x86_64 0.2.2 1.82 26.10 27.92 WARN
r-release-windows-ix86+x86_64 0.2.2 4.00 59.00 63.00 OK
r-release-osx-x86_64 0.2.2 ERROR
r-oldrel-windows-ix86+x86_64 0.2.2 3.00 66.00 69.00 OK
r-oldrel-osx-x86_64 0.2.2 ERROR

Check Details

Version: 0.2.2
Check: dependencies in R code
Result: NOTE
    gimli.6111hfi_wait_for_device: The /dev/hfi1_0 device failed to appear after 15.0 seconds: Connection timed out
Flavor: r-devel-linux-x86_64-debian-clang

Version: 0.2.2
Check: S3 generic/method consistency
Result: WARN
    gimli.14479hfi_wait_for_device: The /dev/hfi1_0 device failed to appear after 15.0 seconds: Connection timed out
    See section ‘Generic functions and methods’ in the ‘Writing R
    Extensions’ manual.
Flavor: r-devel-linux-x86_64-debian-clang

Version: 0.2.2
Check: replacement functions
Result: WARN
    gimli.23881hfi_wait_for_device: The /dev/hfi1_0 device failed to appear after 15.0 seconds: Connection timed out
    The argument of a replacement function which corresponds to the right
    hand side must be named ‘value’.
Flavor: r-devel-linux-x86_64-debian-clang

Version: 0.2.2
Check: foreign function calls
Result: NOTE
    gimli.32022hfi_wait_for_device: The /dev/hfi1_0 device failed to appear after 15.0 seconds: Connection timed out
    See chapter ‘System and foreign language interfaces’ in the ‘Writing R
    Extensions’ manual.
Flavor: r-devel-linux-x86_64-debian-clang

Version: 0.2.2
Check: R code for possible problems
Result: NOTE
    gimli.30092hfi_wait_for_device: The /dev/hfi1_0 device failed to appear after 15.0 seconds: Connection timed out
    gimli.8332hfi_wait_for_device: The /dev/hfi1_0 device failed to appear after 15.0 seconds: Connection timed out
Flavor: r-devel-linux-x86_64-debian-clang

Version: 0.2.2
Check: for missing documentation entries
Result: WARN
    gimli.7253hfi_wait_for_device: The /dev/hfi1_0 device failed to appear after 15.0 seconds: Connection timed out
    All user-level objects in a package should have documentation entries.
    See chapter ‘Writing R documentation files’ in the ‘Writing R
    Extensions’ manual.
Flavor: r-devel-linux-x86_64-debian-clang

Version: 0.2.2
Check: for code/documentation mismatches
Result: WARN
    gimli.14879hfi_wait_for_device: The /dev/hfi1_0 device failed to appear after 15.0 seconds: Connection timed out
    gimli.19420hfi_wait_for_device: The /dev/hfi1_0 device failed to appear after 15.0 seconds: Connection timed out
    gimli.27954hfi_wait_for_device: The /dev/hfi1_0 device failed to appear after 15.0 seconds: Connection timed out
Flavor: r-devel-linux-x86_64-debian-clang

Version: 0.2.2
Check: Rd \usage sections
Result: NOTE
    gimli.4575hfi_wait_for_device: The /dev/hfi1_0 device failed to appear after 15.0 seconds: Connection timed out
    The \usage entries for S3 methods should use the \method markup and not
    their full name.
    See chapter ‘Writing R documentation files’ in the ‘Writing R
    Extensions’ manual.
Flavor: r-devel-linux-x86_64-debian-clang

Version: 0.2.2
Check: dependencies in R code
Result: NOTE
    gimli2.16549hfi_wait_for_device: The /dev/hfi1_0 device failed to appear after 15.0 seconds: Connection timed out
Flavor: r-devel-linux-x86_64-debian-gcc

Version: 0.2.2
Check: S3 generic/method consistency
Result: WARN
    gimli2.29003hfi_wait_for_device: The /dev/hfi1_0 device failed to appear after 15.0 seconds: Connection timed out
    See section ‘Generic functions and methods’ in the ‘Writing R
    Extensions’ manual.
Flavor: r-devel-linux-x86_64-debian-gcc

Version: 0.2.2
Check: replacement functions
Result: WARN
    gimli2.7825hfi_wait_for_device: The /dev/hfi1_0 device failed to appear after 15.0 seconds: Connection timed out
    The argument of a replacement function which corresponds to the right
    hand side must be named ‘value’.
Flavor: r-devel-linux-x86_64-debian-gcc

Version: 0.2.2
Check: foreign function calls
Result: NOTE
    gimli2.15244hfi_wait_for_device: The /dev/hfi1_0 device failed to appear after 15.0 seconds: Connection timed out
    See chapter ‘System and foreign language interfaces’ in the ‘Writing R
    Extensions’ manual.
Flavor: r-devel-linux-x86_64-debian-gcc

Version: 0.2.2
Check: R code for possible problems
Result: NOTE
    gimli2.18956hfi_wait_for_device: The /dev/hfi1_0 device failed to appear after 15.0 seconds: Connection timed out
    gimli2.28991hfi_wait_for_device: The /dev/hfi1_0 device failed to appear after 15.0 seconds: Connection timed out
Flavor: r-devel-linux-x86_64-debian-gcc

Version: 0.2.2
Check: for missing documentation entries
Result: WARN
    gimli2.30542hfi_wait_for_device: The /dev/hfi1_0 device failed to appear after 15.0 seconds: Connection timed out
    All user-level objects in a package should have documentation entries.
    See chapter ‘Writing R documentation files’ in the ‘Writing R
    Extensions’ manual.
Flavor: r-devel-linux-x86_64-debian-gcc

Version: 0.2.2
Check: for code/documentation mismatches
Result: WARN
    gimli2.5833hfi_wait_for_device: The /dev/hfi1_0 device failed to appear after 15.0 seconds: Connection timed out
    gimli2.17232hfi_wait_for_device: The /dev/hfi1_0 device failed to appear after 15.0 seconds: Connection timed out
    gimli2.27201hfi_wait_for_device: The /dev/hfi1_0 device failed to appear after 15.0 seconds: Connection timed out
Flavor: r-devel-linux-x86_64-debian-gcc

Version: 0.2.2
Check: Rd \usage sections
Result: NOTE
    gimli2.4584hfi_wait_for_device: The /dev/hfi1_0 device failed to appear after 15.0 seconds: Connection timed out
    The \usage entries for S3 methods should use the \method markup and not
    their full name.
    See chapter ‘Writing R documentation files’ in the ‘Writing R
    Extensions’ manual.
Flavor: r-devel-linux-x86_64-debian-gcc

Version: 0.2.2
Check: dependencies in R code
Result: NOTE
    gimli.32745hfi_wait_for_device: The /dev/hfi1_0 device failed to appear after 15.0 seconds: Connection timed out
Flavor: r-patched-linux-x86_64

Version: 0.2.2
Check: S3 generic/method consistency
Result: WARN
    gimli.9023hfi_wait_for_device: The /dev/hfi1_0 device failed to appear after 15.0 seconds: Connection timed out
    See section ‘Generic functions and methods’ in the ‘Writing R
    Extensions’ manual.
Flavor: r-patched-linux-x86_64

Version: 0.2.2
Check: replacement functions
Result: WARN
    gimli.14910hfi_wait_for_device: The /dev/hfi1_0 device failed to appear after 15.0 seconds: Connection timed out
    The argument of a replacement function which corresponds to the right
    hand side must be named ‘value’.
Flavor: r-patched-linux-x86_64

Version: 0.2.2
Check: foreign function calls
Result: NOTE
    gimli.24328hfi_wait_for_device: The /dev/hfi1_0 device failed to appear after 15.0 seconds: Connection timed out
    See chapter ‘System and foreign language interfaces’ in the ‘Writing R
    Extensions’ manual.
Flavor: r-patched-linux-x86_64

Version: 0.2.2
Check: R code for possible problems
Result: NOTE
    gimli.19283hfi_wait_for_device: The /dev/hfi1_0 device failed to appear after 15.0 seconds: Connection timed out
    gimli.605hfi_wait_for_device: The /dev/hfi1_0 device failed to appear after 15.0 seconds: Connection timed out
Flavor: r-patched-linux-x86_64

Version: 0.2.2
Check: for missing documentation entries
Result: WARN
    gimli.27702hfi_wait_for_device: The /dev/hfi1_0 device failed to appear after 15.0 seconds: Connection timed out
    All user-level objects in a package should have documentation entries.
    See chapter ‘Writing R documentation files’ in the ‘Writing R
    Extensions’ manual.
Flavor: r-patched-linux-x86_64

Version: 0.2.2
Check: for code/documentation mismatches
Result: WARN
    gimli.915hfi_wait_for_device: The /dev/hfi1_0 device failed to appear after 15.0 seconds: Connection timed out
    gimli.8463hfi_wait_for_device: The /dev/hfi1_0 device failed to appear after 15.0 seconds: Connection timed out
    gimli.15304hfi_wait_for_device: The /dev/hfi1_0 device failed to appear after 15.0 seconds: Connection timed out
Flavor: r-patched-linux-x86_64

Version: 0.2.2
Check: Rd \usage sections
Result: NOTE
    gimli.24790hfi_wait_for_device: The /dev/hfi1_0 device failed to appear after 15.0 seconds: Connection timed out
    The \usage entries for S3 methods should use the \method markup and not
    their full name.
    See chapter ‘Writing R documentation files’ in the ‘Writing R
    Extensions’ manual.
Flavor: r-patched-linux-x86_64

Version: 0.2.2
Check: dependencies in R code
Result: NOTE
    gimli.8227hfi_wait_for_device: The /dev/hfi1_0 device failed to appear after 15.0 seconds: Connection timed out
Flavor: r-release-linux-x86_64

Version: 0.2.2
Check: S3 generic/method consistency
Result: WARN
    gimli.16267hfi_wait_for_device: The /dev/hfi1_0 device failed to appear after 15.0 seconds: Connection timed out
    See section ‘Generic functions and methods’ in the ‘Writing R
    Extensions’ manual.
Flavor: r-release-linux-x86_64

Version: 0.2.2
Check: replacement functions
Result: WARN
    gimli.22540hfi_wait_for_device: The /dev/hfi1_0 device failed to appear after 15.0 seconds: Connection timed out
    The argument of a replacement function which corresponds to the right
    hand side must be named ‘value’.
Flavor: r-release-linux-x86_64

Version: 0.2.2
Check: foreign function calls
Result: NOTE
    gimli.31209hfi_wait_for_device: The /dev/hfi1_0 device failed to appear after 15.0 seconds: Connection timed out
    See chapter ‘System and foreign language interfaces’ in the ‘Writing R
    Extensions’ manual.
Flavor: r-release-linux-x86_64

Version: 0.2.2
Check: R code for possible problems
Result: NOTE
    gimli.26503hfi_wait_for_device: The /dev/hfi1_0 device failed to appear after 15.0 seconds: Connection timed out
    gimli.8369hfi_wait_for_device: The /dev/hfi1_0 device failed to appear after 15.0 seconds: Connection timed out
Flavor: r-release-linux-x86_64

Version: 0.2.2
Check: for missing documentation entries
Result: WARN
    gimli.2856hfi_wait_for_device: The /dev/hfi1_0 device failed to appear after 15.0 seconds: Connection timed out
    All user-level objects in a package should have documentation entries.
    See chapter ‘Writing R documentation files’ in the ‘Writing R
    Extensions’ manual.
Flavor: r-release-linux-x86_64

Version: 0.2.2
Check: for code/documentation mismatches
Result: WARN
    gimli.8621hfi_wait_for_device: The /dev/hfi1_0 device failed to appear after 15.0 seconds: Connection timed out
    gimli.16146hfi_wait_for_device: The /dev/hfi1_0 device failed to appear after 15.0 seconds: Connection timed out
    gimli.24327hfi_wait_for_device: The /dev/hfi1_0 device failed to appear after 15.0 seconds: Connection timed out
Flavor: r-release-linux-x86_64

Version: 0.2.2
Check: Rd \usage sections
Result: NOTE
    gimli.32125hfi_wait_for_device: The /dev/hfi1_0 device failed to appear after 15.0 seconds: Connection timed out
    The \usage entries for S3 methods should use the \method markup and not
    their full name.
    See chapter ‘Writing R documentation files’ in the ‘Writing R
    Extensions’ manual.
Flavor: r-release-linux-x86_64

Version: 0.2.2
Check: package dependencies
Result: ERROR
    Package required but not available: ‘Rmpi’
    
    See section ‘The DESCRIPTION file’ in the ‘Writing R Extensions’
    manual.
Flavors: r-release-osx-x86_64, r-oldrel-osx-x86_64