CRAN Package Check Results for Package doParallel

Last updated on 2018-02-23 22:47:53 CET.

Flavor Version Tinstall Tcheck Ttotal Status Flags
r-devel-linux-x86_64-debian-clang 1.0.11 1.33 83.61 84.94 NOTE
r-devel-linux-x86_64-debian-gcc 1.0.11 0.82 58.41 59.23 NOTE
r-devel-linux-x86_64-fedora-clang 1.0.11 88.28 OK
r-devel-linux-x86_64-fedora-gcc 1.0.11 86.29 OK
r-devel-windows-ix86+x86_64 1.0.11 4.00 143.00 147.00 OK
r-patched-linux-x86_64 1.0.11 0.94 76.20 77.14 NOTE
r-patched-solaris-x86 1.0.11 170.80 OK
r-release-linux-x86_64 1.0.11 0.96 86.36 87.32 NOTE
r-release-windows-ix86+x86_64 1.0.11 3.00 150.00 153.00 OK
r-release-osx-x86_64 1.0.11 OK
r-oldrel-windows-ix86+x86_64 1.0.11 3.00 141.00 144.00 OK
r-oldrel-osx-x86_64 1.0.11 OK

Check Details

Version: 1.0.11
Check: R code for possible problems
Result: NOTE
    Found the following calls to attach():
    File ‘doParallel/R/doParallel.R’:
     attach(exportEnv)
    See section ‘Good practice’ in ‘?attach’.
Flavors: r-devel-linux-x86_64-debian-clang, r-devel-linux-x86_64-debian-gcc, r-patched-linux-x86_64, r-release-linux-x86_64