CRAN Package Check Results for Package doParallel

Last updated on 2018-11-17 06:46:38 CET.

Flavor Version Tinstall Tcheck Ttotal Status Flags
r-devel-linux-x86_64-debian-clang 1.0.14 1.41 120.04 121.45 NOTE
r-devel-linux-x86_64-debian-gcc 1.0.14 1.20 94.47 95.67 NOTE
r-devel-linux-x86_64-fedora-clang 1.0.14 138.37 OK
r-devel-linux-x86_64-fedora-gcc 1.0.14 141.66 OK
r-devel-windows-ix86+x86_64 1.0.14 4.00 175.00 179.00 OK
r-patched-linux-x86_64 1.0.14 1.30 116.35 117.65 NOTE
r-patched-solaris-x86 1.0.14 293.70 OK
r-release-linux-x86_64 1.0.14 1.38 118.21 119.59 NOTE
r-release-windows-ix86+x86_64 1.0.14 4.00 144.00 148.00 OK
r-release-osx-x86_64 1.0.14 OK
r-oldrel-windows-ix86+x86_64 1.0.14 5.00 144.00 149.00 OK
r-oldrel-osx-x86_64 1.0.14 OK

Check Details

Version: 1.0.14
Check: R code for possible problems
Result: NOTE
    Found the following calls to attach():
    File ‘doParallel/R/doParallel.R’:
     attach(exportEnv)
    See section ‘Good practice’ in ‘?attach’.
Flavors: r-devel-linux-x86_64-debian-clang, r-devel-linux-x86_64-debian-gcc, r-patched-linux-x86_64, r-release-linux-x86_64