CRAN Package Check Results for Package doParallel

Last updated on 2019-02-19 21:49:18 CET.

Flavor Version Tinstall Tcheck Ttotal Status Flags
r-devel-linux-x86_64-debian-clang 1.0.14 1.70 114.96 116.66 NOTE
r-devel-linux-x86_64-debian-gcc 1.0.14 1.43 85.52 86.95 NOTE
r-devel-linux-x86_64-fedora-clang 1.0.14 134.79 OK
r-devel-linux-x86_64-fedora-gcc 1.0.14 131.34 OK
r-devel-windows-ix86+x86_64 1.0.14 5.00 167.00 172.00 OK
r-patched-linux-x86_64 1.0.14 1.13 112.91 114.04 NOTE
r-patched-solaris-x86 1.0.14 297.20 OK
r-release-linux-x86_64 1.0.14 1.06 111.09 112.15 NOTE
r-release-windows-ix86+x86_64 1.0.14 3.00 171.00 174.00 OK
r-release-osx-x86_64 1.0.14 OK
r-oldrel-windows-ix86+x86_64 1.0.14 5.00 22.00 27.00 FAIL
r-oldrel-osx-x86_64 1.0.14 OK

Check Details

Version: 1.0.14
Check: R code for possible problems
Result: NOTE
    Found the following calls to attach():
    File ‘doParallel/R/doParallel.R’:
     attach(exportEnv)
    See section ‘Good practice’ in ‘?attach’.
Flavors: r-devel-linux-x86_64-debian-clang, r-devel-linux-x86_64-debian-gcc, r-patched-linux-x86_64, r-release-linux-x86_64

Version: 1.0.14
Check: examples
Result: FAIL
    
Flavor: r-oldrel-windows-ix86+x86_64