CRAN Package Check Results for Package doParallel

Last updated on 2021-04-18 08:51:45 CEST.

Flavor Version Tinstall Tcheck Ttotal Status Flags
r-devel-linux-x86_64-debian-clang 1.0.16 2.45 126.09 128.54 NOTE
r-devel-linux-x86_64-debian-gcc 1.0.16 1.87 98.59 100.46 NOTE
r-devel-linux-x86_64-fedora-clang 1.0.16 156.69 OK
r-devel-linux-x86_64-fedora-gcc 1.0.16 160.77 OK
r-devel-windows-ix86+x86_64 1.0.16 6.00 160.00 166.00 OK
r-devel-windows-x86_64-gcc10-UCRT 1.0.16 OK
r-patched-linux-x86_64 1.0.16 2.31 123.65 125.96 NOTE
r-patched-solaris-x86 1.0.16 304.00 OK
r-release-linux-x86_64 1.0.16 2.18 121.66 123.84 NOTE
r-release-macos-x86_64 1.0.16 OK
r-release-windows-ix86+x86_64 1.0.16 4.00 160.00 164.00 OK
r-oldrel-macos-x86_64 1.0.16 OK
r-oldrel-windows-ix86+x86_64 1.0.16 3.00 151.00 154.00 OK

Check Details

Version: 1.0.16
Check: R code for possible problems
Result: NOTE
    Found the following calls to attach():
    File 'doParallel/R/doParallel.R':
     attach(exportEnv)
    See section 'Good practice' in '?attach'.
Flavors: r-devel-linux-x86_64-debian-clang, r-devel-linux-x86_64-debian-gcc, r-patched-linux-x86_64, r-release-linux-x86_64