CRAN Package Check Results for Package doParallel

Last updated on 2018-08-19 04:46:50 CEST.

Flavor Version Tinstall Tcheck Ttotal Status Flags
r-devel-linux-x86_64-debian-clang 1.0.11 1.59 75.31 76.90 NOTE
r-devel-linux-x86_64-debian-gcc 1.0.11 1.11 57.11 58.22 NOTE
r-devel-linux-x86_64-fedora-clang 1.0.11 90.05 OK
r-devel-linux-x86_64-fedora-gcc 1.0.11 89.16 OK
r-devel-windows-ix86+x86_64 1.0.11 4.00 146.00 150.00 OK
r-patched-linux-x86_64 1.0.11 1.11 73.16 74.27 NOTE
r-patched-solaris-x86 1.0.11 195.00 OK
r-release-linux-x86_64 1.0.11 1.01 73.72 74.73 NOTE
r-release-windows-ix86+x86_64 1.0.11 4.00 108.00 112.00 OK
r-release-osx-x86_64 1.0.11 OK
r-oldrel-windows-ix86+x86_64 1.0.11 2.00 104.00 106.00 OK
r-oldrel-osx-x86_64 1.0.11 OK

Check Details

Version: 1.0.11
Check: R code for possible problems
Result: NOTE
    Found the following calls to attach():
    File ‘doParallel/R/doParallel.R’:
     attach(exportEnv)
    See section ‘Good practice’ in ‘?attach’.
Flavors: r-devel-linux-x86_64-debian-clang, r-devel-linux-x86_64-debian-gcc, r-patched-linux-x86_64, r-release-linux-x86_64