CRAN Package Check Results for Package doRNG

Last updated on 2020-02-20 19:48:22 CET.

Flavor Version Tinstall Tcheck Ttotal Status Flags
r-devel-linux-x86_64-debian-clang 1.8.2 2.40 65.47 67.87 OK
r-devel-linux-x86_64-debian-gcc 1.8.2 2.00 52.30 54.30 OK
r-devel-linux-x86_64-fedora-clang 1.8.2 84.41 OK
r-devel-linux-x86_64-fedora-gcc 1.8.2 83.48 OK
r-devel-windows-ix86+x86_64 1.8.2 5.00 87.00 92.00 OK
r-devel-windows-ix86+x86_64-gcc8 1.8.2 7.00 129.00 136.00 OK
r-patched-linux-x86_64 1.8.2 1.93 61.30 63.23 OK
r-patched-solaris-x86 1.8.2 131.00 NOTE
r-release-linux-x86_64 1.8.2 1.90 61.38 63.28 OK
r-release-windows-ix86+x86_64 1.8.2 5.00 88.00 93.00 OK
r-release-osx-x86_64 1.8.2 NOTE
r-oldrel-windows-ix86+x86_64 1.8.2 3.00 83.00 86.00 OK
r-oldrel-osx-x86_64 1.8.2 NOTE

Check Details

Version: 1.8.2
Check: package dependencies
Result: NOTE
    Package suggested but not available for checking: ‘doRedis’
Flavor: r-patched-solaris-x86

Version: 1.8.2
Check: package dependencies
Result: NOTE
    Package suggested but not available for checking: ‘doMPI’
Flavors: r-release-osx-x86_64, r-oldrel-osx-x86_64

Version: 1.8.2
Check: Rd cross-references
Result: NOTE
    Package unavailable to check Rd xrefs: ‘doMPI’
Flavors: r-release-osx-x86_64, r-oldrel-osx-x86_64