CRAN Package Check Results for Package doRNG

Last updated on 2018-11-18 12:46:18 CET.

Flavor Version Tinstall Tcheck Ttotal Status Flags
r-devel-linux-x86_64-debian-clang 1.7.1 1.49 56.67 58.16 OK --no-tests
r-devel-linux-x86_64-debian-gcc 1.7.1 1.16 46.94 48.10 OK --no-tests
r-devel-linux-x86_64-fedora-clang 1.7.1 83.89 OK
r-devel-linux-x86_64-fedora-gcc 1.7.1 81.01 OK
r-devel-windows-ix86+x86_64 1.7.1 5.00 93.00 98.00 OK
r-patched-linux-x86_64 1.7.1 1.24 56.47 57.71 OK --no-tests
r-patched-solaris-x86 1.7.1 127.10 OK
r-release-linux-x86_64 1.7.1 1.44 56.06 57.50 OK --no-tests
r-release-windows-ix86+x86_64 1.7.1 5.00 89.00 94.00 OK
r-release-osx-x86_64 1.7.1 NOTE
r-oldrel-windows-ix86+x86_64 1.7.1 4.00 96.00 100.00 OK
r-oldrel-osx-x86_64 1.7.1 NOTE

Check Details

Version: 1.7.1
Check: package dependencies
Result: NOTE
    Package suggested but not available for checking: ‘doMPI’
Flavors: r-release-osx-x86_64, r-oldrel-osx-x86_64

Version: 1.7.1
Check: Rd cross-references
Result: NOTE
    Package unavailable to check Rd xrefs: ‘doMPI’
Flavors: r-release-osx-x86_64, r-oldrel-osx-x86_64