CRAN Package Check Results for Package doRNG

Last updated on 2019-09-17 17:48:51 CEST.

Flavor Version Tinstall Tcheck Ttotal Status Flags
r-devel-linux-x86_64-debian-clang 1.7.1 2.60 61.76 64.36 OK
r-devel-linux-x86_64-debian-gcc 1.7.1 2.25 50.29 52.54 OK
r-devel-linux-x86_64-fedora-clang 1.7.1 89.52 OK
r-devel-linux-x86_64-fedora-gcc 1.7.1 88.16 OK
r-devel-windows-ix86+x86_64 1.7.1 13.00 89.00 102.00 OK
r-patched-linux-x86_64 1.7.1 2.35 61.15 63.50 OK
r-patched-solaris-x86 1.7.1 136.70 OK
r-release-linux-x86_64 1.7.1 2.29 61.16 63.45 OK
r-release-windows-ix86+x86_64 1.7.1 6.00 84.00 90.00 OK
r-release-osx-x86_64 1.7.1 NOTE
r-oldrel-windows-ix86+x86_64 1.7.1 5.00 85.00 90.00 OK
r-oldrel-osx-x86_64 1.7.1 NOTE

Check Details

Version: 1.7.1
Check: package dependencies
Result: NOTE
    Package suggested but not available for checking: ‘doMPI’
Flavors: r-release-osx-x86_64, r-oldrel-osx-x86_64

Version: 1.7.1
Check: Rd cross-references
Result: NOTE
    Package unavailable to check Rd xrefs: ‘doMPI’
Flavors: r-release-osx-x86_64, r-oldrel-osx-x86_64