CRAN Package Check Results for Package doRNG

Last updated on 2020-11-28 19:46:59 CET.

Flavor Version Tinstall Tcheck Ttotal Status Flags
r-devel-linux-x86_64-debian-clang 1.8.2 3.08 71.08 74.16 OK
r-devel-linux-x86_64-debian-gcc 1.8.2 2.27 55.55 57.82 OK
r-devel-linux-x86_64-fedora-clang 1.8.2 96.13 NOTE
r-devel-linux-x86_64-fedora-gcc 1.8.2 85.96 OK
r-devel-windows-ix86+x86_64 1.8.2 6.00 77.00 83.00 OK
r-patched-linux-x86_64 1.8.2 3.16 70.18 73.34 OK
r-patched-solaris-x86 1.8.2 138.40 NOTE
r-release-linux-x86_64 1.8.2 2.91 68.10 71.01 OK
r-release-macos-x86_64 1.8.2 NOTE
r-release-windows-ix86+x86_64 1.8.2 7.00 76.00 83.00 OK
r-oldrel-macos-x86_64 1.8.2 NOTE
r-oldrel-windows-ix86+x86_64 1.8.2 4.00 90.00 94.00 OK

Check Details

Version: 1.8.2
Check: package dependencies
Result: NOTE
    Suggests orphaned package: ‘bibtex’
Flavor: r-devel-linux-x86_64-fedora-clang

Version: 1.8.2
Check: package dependencies
Result: NOTE
    Package suggested but not available for checking: ‘doRedis’
Flavor: r-patched-solaris-x86

Version: 1.8.2
Check: package dependencies
Result: NOTE
    Package suggested but not available for checking: ‘doMPI’
Flavors: r-release-macos-x86_64, r-oldrel-macos-x86_64

Version: 1.8.2
Check: Rd cross-references
Result: NOTE
    Package unavailable to check Rd xrefs: ‘doMPI’
Flavors: r-release-macos-x86_64, r-oldrel-macos-x86_64