CRAN Package Check Results for Package doRNG

Last updated on 2018-08-19 02:47:44 CEST.

Flavor Version Tinstall Tcheck Ttotal Status Flags
r-devel-linux-x86_64-debian-clang 1.7.1 1.59 58.31 59.90 OK --no-tests
r-devel-linux-x86_64-debian-gcc 1.7.1 1.16 47.34 48.50 OK --no-tests
r-devel-linux-x86_64-fedora-clang 1.7.1 86.94 OK
r-devel-linux-x86_64-fedora-gcc 1.7.1 84.36 OK
r-devel-windows-ix86+x86_64 1.7.1 4.00 124.00 128.00 OK
r-patched-linux-x86_64 1.7.1 1.50 56.43 57.93 OK --no-tests
r-patched-solaris-x86 1.7.1 125.90 OK
r-release-linux-x86_64 1.7.1 1.44 56.65 58.09 OK --no-tests
r-release-windows-ix86+x86_64 1.7.1 5.00 114.00 119.00 OK
r-release-osx-x86_64 1.7.1 NOTE
r-oldrel-windows-ix86+x86_64 1.7.1 4.00 87.00 91.00 OK
r-oldrel-osx-x86_64 1.7.1 NOTE

Check Details

Version: 1.7.1
Check: package dependencies
Result: NOTE
    Package suggested but not available for checking: ‘doMPI’
Flavors: r-release-osx-x86_64, r-oldrel-osx-x86_64

Version: 1.7.1
Check: Rd cross-references
Result: NOTE
    Package unavailable to check Rd xrefs: ‘doMPI’
Flavors: r-release-osx-x86_64, r-oldrel-osx-x86_64