CRAN Package Check Results for Package doRNG

Last updated on 2019-02-21 01:50:40 CET.

Flavor Version Tinstall Tcheck Ttotal Status Flags
r-devel-linux-x86_64-debian-clang 1.7.1 1.85 61.67 63.52 OK
r-devel-linux-x86_64-debian-gcc 1.7.1 1.21 50.90 52.11 OK
r-devel-linux-x86_64-fedora-clang 1.7.1 87.11 OK
r-devel-linux-x86_64-fedora-gcc 1.7.1 83.90 OK
r-devel-windows-ix86+x86_64 1.7.1 5.00 123.00 128.00 OK
r-patched-linux-x86_64 1.7.1 OK
r-patched-solaris-x86 1.7.1 131.40 OK
r-release-linux-x86_64 1.7.1 OK
r-release-windows-ix86+x86_64 1.7.1 3.00 123.00 126.00 OK
r-release-osx-x86_64 1.7.1 NOTE
r-oldrel-windows-ix86+x86_64 1.7.1 4.00 95.00 99.00 OK
r-oldrel-osx-x86_64 1.7.1 NOTE

Check Details

Version: 1.7.1
Check: package dependencies
Result: NOTE
    Package suggested but not available for checking: ‘doMPI’
Flavors: r-release-osx-x86_64, r-oldrel-osx-x86_64

Version: 1.7.1
Check: Rd cross-references
Result: NOTE
    Package unavailable to check Rd xrefs: ‘doMPI’
Flavors: r-release-osx-x86_64, r-oldrel-osx-x86_64