CRAN Package Check Results for Package doSNOW

Last updated on 2018-11-15 13:47:32 CET.

Flavor Version Tinstall Tcheck Ttotal Status Flags
r-devel-linux-x86_64-debian-clang 1.0.16 1.28 21.46 22.74 NOTE
r-devel-linux-x86_64-debian-gcc 1.0.16 1.00 17.32 18.32 NOTE
r-devel-linux-x86_64-fedora-clang 1.0.16 26.32 OK
r-devel-linux-x86_64-fedora-gcc 1.0.16 25.83 OK
r-devel-windows-ix86+x86_64 1.0.16 2.00 51.00 53.00 OK
r-patched-linux-x86_64 1.0.16 1.15 19.61 20.76 NOTE
r-patched-solaris-x86 1.0.16 41.30 OK
r-release-linux-x86_64 1.0.16 1.19 19.69 20.88 NOTE
r-release-windows-ix86+x86_64 1.0.16 3.00 38.00 41.00 OK
r-release-osx-x86_64 1.0.16 OK
r-oldrel-windows-ix86+x86_64 1.0.16 4.00 64.00 68.00 OK
r-oldrel-osx-x86_64 1.0.16 OK

Check Details

Version: 1.0.16
Check: R code for possible problems
Result: NOTE
    Found the following calls to attach():
    File ‘doSNOW/R/doSNOW.R’:
     attach(exportEnv)
    See section ‘Good practice’ in ‘?attach’.
Flavors: r-devel-linux-x86_64-debian-clang, r-devel-linux-x86_64-debian-gcc, r-patched-linux-x86_64, r-release-linux-x86_64