CRAN Package Check Results for Package doSNOW

Last updated on 2018-05-26 10:49:14 CEST.

Flavor Version Tinstall Tcheck Ttotal Status Flags
r-devel-linux-x86_64-debian-clang 1.0.16 1.18 20.33 21.51 NOTE
r-devel-linux-x86_64-debian-gcc 1.0.16 0.86 15.96 16.82 NOTE
r-devel-linux-x86_64-fedora-clang 1.0.16 25.64 OK
r-devel-linux-x86_64-fedora-gcc 1.0.16 23.80 OK
r-devel-windows-ix86+x86_64 1.0.16 3.00 43.00 46.00 OK
r-patched-linux-x86_64 1.0.16 0.93 18.97 19.90 NOTE
r-patched-solaris-x86 1.0.16 39.20 OK
r-release-linux-x86_64 1.0.16 0.98 19.11 20.09 NOTE
r-release-windows-ix86+x86_64 1.0.16 5.00 45.00 50.00 OK
r-release-osx-x86_64 1.0.16 OK
r-oldrel-windows-ix86+x86_64 1.0.16 5.00 35.00 40.00 OK
r-oldrel-osx-x86_64 1.0.16 OK

Check Details

Version: 1.0.16
Check: R code for possible problems
Result: NOTE
    Found the following calls to attach():
    File ‘doSNOW/R/doSNOW.R’:
     attach(exportEnv)
    See section ‘Good practice’ in ‘?attach’.
Flavors: r-devel-linux-x86_64-debian-clang, r-devel-linux-x86_64-debian-gcc, r-patched-linux-x86_64, r-release-linux-x86_64