CRAN Package Check Results for Package doSNOW

Last updated on 2018-08-19 20:50:06 CEST.

Flavor Version Tinstall Tcheck Ttotal Status Flags
r-devel-linux-x86_64-debian-clang 1.0.16 1.13 20.75 21.88 NOTE
r-devel-linux-x86_64-debian-gcc 1.0.16 0.98 16.83 17.81 NOTE
r-devel-linux-x86_64-fedora-clang 1.0.16 26.01 OK
r-devel-linux-x86_64-fedora-gcc 1.0.16 24.81 OK
r-devel-windows-ix86+x86_64 1.0.16 7.00 51.00 58.00 OK
r-patched-linux-x86_64 1.0.16 1.16 19.19 20.35 NOTE
r-patched-solaris-x86 1.0.16 39.90 OK
r-release-linux-x86_64 1.0.16 1.08 19.31 20.39 NOTE
r-release-windows-ix86+x86_64 1.0.16 4.00 35.00 39.00 OK
r-release-osx-x86_64 1.0.16 OK
r-oldrel-windows-ix86+x86_64 1.0.16 2.00 30.00 32.00 OK
r-oldrel-osx-x86_64 1.0.16 OK

Check Details

Version: 1.0.16
Check: R code for possible problems
Result: NOTE
    Found the following calls to attach():
    File ‘doSNOW/R/doSNOW.R’:
     attach(exportEnv)
    See section ‘Good practice’ in ‘?attach’.
Flavors: r-devel-linux-x86_64-debian-clang, r-devel-linux-x86_64-debian-gcc, r-patched-linux-x86_64, r-release-linux-x86_64