CRAN Package Check Results for Package doSNOW

Last updated on 2019-02-19 21:49:18 CET.

Flavor Version Tinstall Tcheck Ttotal Status Flags
r-devel-linux-x86_64-debian-clang 1.0.16 1.30 20.88 22.18 NOTE
r-devel-linux-x86_64-debian-gcc 1.0.16 1.26 17.02 18.28 NOTE
r-devel-linux-x86_64-fedora-clang 1.0.16 27.65 OK
r-devel-linux-x86_64-fedora-gcc 1.0.16 25.84 OK
r-devel-windows-ix86+x86_64 1.0.16 5.00 47.00 52.00 OK
r-patched-linux-x86_64 1.0.16 1.16 19.71 20.87 NOTE
r-patched-solaris-x86 1.0.16 42.40 OK
r-release-linux-x86_64 1.0.16 1.08 19.23 20.31 NOTE
r-release-windows-ix86+x86_64 1.0.16 3.00 51.00 54.00 OK
r-release-osx-x86_64 1.0.16 OK
r-oldrel-windows-ix86+x86_64 1.0.16 2.00 37.00 39.00 OK
r-oldrel-osx-x86_64 1.0.16 OK

Check Details

Version: 1.0.16
Check: R code for possible problems
Result: NOTE
    Found the following calls to attach():
    File ‘doSNOW/R/doSNOW.R’:
     attach(exportEnv)
    See section ‘Good practice’ in ‘?attach’.
Flavors: r-devel-linux-x86_64-debian-clang, r-devel-linux-x86_64-debian-gcc, r-patched-linux-x86_64, r-release-linux-x86_64