CRAN Package Check Results for Package doconv

Last updated on 2025-04-30 18:51:28 CEST.

Flavor Version Tinstall Tcheck Ttotal Status Flags
r-devel-linux-x86_64-debian-clang 0.3.2 3.23 30.15 33.38 NOTE
r-devel-linux-x86_64-debian-gcc 0.3.2 2.15 23.56 25.71 NOTE
r-devel-linux-x86_64-fedora-clang 0.3.2 52.54 OK
r-devel-linux-x86_64-fedora-gcc 0.3.2 49.21 OK
r-devel-windows-x86_64 0.3.2 5.00 57.00 62.00 NOTE
r-patched-linux-x86_64 0.3.2 2.71 27.59 30.30 NOTE
r-release-linux-x86_64 0.3.2 2.92 27.46 30.38 NOTE
r-release-macos-arm64 0.3.2 23.00 OK
r-release-macos-x86_64 0.3.2 37.00 OK
r-release-windows-x86_64 0.3.2 5.00 58.00 63.00 NOTE
r-oldrel-macos-arm64 0.3.2 20.00 OK
r-oldrel-macos-x86_64 0.3.2 30.00 OK
r-oldrel-windows-x86_64 0.3.2 5.00 57.00 62.00 OK

Check Details

Version: 0.3.2
Check: Rd cross-references
Result: NOTE Found the following Rd file(s) with Rd \link{} targets missing package anchors: to_miniature.Rd: image_border, pdf_convert, image_read Please provide package anchors for all Rd \link{} targets not in the package itself and the base packages. Flavors: r-devel-linux-x86_64-debian-clang, r-devel-linux-x86_64-debian-gcc, r-devel-windows-x86_64, r-patched-linux-x86_64, r-release-linux-x86_64, r-release-windows-x86_64