CRAN Package Check Results for Package docstring

Last updated on 2018-08-18 12:50:02 CEST.

Flavor Version Tinstall Tcheck Ttotal Status Flags
r-devel-linux-x86_64-debian-clang 1.0.0 1.46 30.39 31.85 OK
r-devel-linux-x86_64-debian-gcc 1.0.0 1.36 24.65 26.01 OK
r-devel-linux-x86_64-fedora-clang 1.0.0 37.83 OK
r-devel-linux-x86_64-fedora-gcc 1.0.0 35.82 OK
r-devel-windows-ix86+x86_64 1.0.0 4.00 60.00 64.00 OK
r-patched-linux-x86_64 1.0.0 1.18 26.88 28.06 OK
r-patched-solaris-x86 1.0.0 57.30 OK
r-release-linux-x86_64 1.0.0 1.41 27.03 28.44 OK
r-release-windows-ix86+x86_64 1.0.0 3.00 56.00 59.00 OK
r-release-osx-x86_64 1.0.0 OK
r-oldrel-windows-ix86+x86_64 1.0.0 4.00 61.00 65.00 OK
r-oldrel-osx-x86_64 1.0.0 NOTE

Check Details

Version: 1.0.0
Check: package dependencies
Result: NOTE
    Package suggested but not available for checking: ‘devtools’
Flavor: r-oldrel-osx-x86_64