CRAN Package Check Results for Package docstring

Last updated on 2018-02-23 04:48:12 CET.

Flavor Version Tinstall Tcheck Ttotal Status Flags
r-devel-linux-x86_64-debian-clang 1.0.0 1.08 23.58 24.66 OK
r-devel-linux-x86_64-debian-gcc 1.0.0 1.00 21.58 22.58 OK
r-devel-linux-x86_64-fedora-clang 1.0.0 32.28 OK
r-devel-linux-x86_64-fedora-gcc 1.0.0 30.51 OK
r-devel-windows-ix86+x86_64 1.0.0 6.00 40.00 46.00 OK
r-patched-linux-x86_64 1.0.0 1.22 27.61 28.83 OK
r-patched-solaris-x86 1.0.0 49.70 OK
r-release-linux-x86_64 1.0.0 1.36 27.68 29.04 OK
r-release-windows-ix86+x86_64 1.0.0 4.00 55.00 59.00 OK
r-release-osx-x86_64 1.0.0 NOTE
r-oldrel-windows-ix86+x86_64 1.0.0 3.00 36.00 39.00 OK
r-oldrel-osx-x86_64 1.0.0 OK

Check Details

Version: 1.0.0
Check: package dependencies
Result: NOTE
    Package suggested but not available for checking: ‘devtools’
Flavor: r-release-osx-x86_64