CRAN Package Check Results for Package docstring

Last updated on 2018-05-27 07:50:45 CEST.

Flavor Version Tinstall Tcheck Ttotal Status Flags
r-devel-linux-x86_64-debian-clang 1.0.0 1.22 28.07 29.29 OK
r-devel-linux-x86_64-debian-gcc 1.0.0 0.80 22.45 23.25 OK
r-devel-linux-x86_64-fedora-clang 1.0.0 35.41 OK
r-devel-linux-x86_64-fedora-gcc 1.0.0 33.74 OK
r-devel-windows-ix86+x86_64 1.0.0 3.00 66.00 69.00 OK
r-patched-linux-x86_64 1.0.0 1.33 25.88 27.21 OK
r-patched-solaris-x86 1.0.0 54.80 OK
r-release-linux-x86_64 1.0.0 0.89 25.64 26.53 OK
r-release-windows-ix86+x86_64 1.0.0 6.00 61.00 67.00 OK
r-release-osx-x86_64 1.0.0 OK
r-oldrel-windows-ix86+x86_64 1.0.0 4.00 41.00 45.00 OK
r-oldrel-osx-x86_64 1.0.0 NOTE

Check Details

Version: 1.0.0
Check: package dependencies
Result: NOTE
    Package suggested but not available for checking: ‘devtools’
Flavor: r-oldrel-osx-x86_64