CRAN Package Check Results for Package docstring

Last updated on 2018-10-19 06:47:48 CEST.

Flavor Version Tinstall Tcheck Ttotal Status Flags
r-devel-linux-x86_64-debian-clang 1.0.0 1.57 30.92 32.49 OK
r-devel-linux-x86_64-debian-gcc 1.0.0 1.30 24.91 26.21 OK
r-devel-linux-x86_64-fedora-clang 1.0.0 37.66 OK
r-devel-linux-x86_64-fedora-gcc 1.0.0 36.89 OK
r-devel-windows-ix86+x86_64 1.0.0 6.00 61.00 67.00 OK
r-patched-linux-x86_64 1.0.0 1.40 26.90 28.30 OK
r-patched-solaris-x86 1.0.0 57.20 OK
r-release-linux-x86_64 1.0.0 1.52 27.01 28.53 OK
r-release-windows-ix86+x86_64 1.0.0 5.00 62.00 67.00 OK
r-release-osx-x86_64 1.0.0 OK
r-oldrel-windows-ix86+x86_64 1.0.0 3.00 62.00 65.00 OK
r-oldrel-osx-x86_64 1.0.0 NOTE

Check Details

Version: 1.0.0
Check: package dependencies
Result: NOTE
    Package suggested but not available for checking: ‘devtools’
Flavor: r-oldrel-osx-x86_64