CRAN Package Check Results for Package docstring

Last updated on 2019-01-24 06:47:05 CET.

Flavor Version Tinstall Tcheck Ttotal Status Flags
r-devel-linux-x86_64-debian-clang 1.0.0 1.38 29.08 30.46 OK
r-devel-linux-x86_64-debian-gcc 1.0.0 1.04 23.43 24.47 OK
r-devel-linux-x86_64-fedora-clang 1.0.0 36.96 OK
r-devel-linux-x86_64-fedora-gcc 1.0.0 34.26 OK
r-devel-windows-ix86+x86_64 1.0.0 6.00 42.00 48.00 OK
r-patched-linux-x86_64 1.0.0 1.38 27.23 28.61 OK
r-patched-solaris-x86 1.0.0 60.50 OK
r-release-linux-x86_64 1.0.0 1.27 27.48 28.75 OK
r-release-windows-ix86+x86_64 1.0.0 4.00 67.00 71.00 OK
r-release-osx-x86_64 1.0.0 OK
r-oldrel-windows-ix86+x86_64 1.0.0 6.00 45.00 51.00 OK
r-oldrel-osx-x86_64 1.0.0 NOTE

Check Details

Version: 1.0.0
Check: package dependencies
Result: NOTE
    Package suggested but not available for checking: ‘devtools’
Flavor: r-oldrel-osx-x86_64