CRAN Package Check Results for Package documenter

Last updated on 2019-09-20 05:46:53 CEST.

Flavor Version Tinstall Tcheck Ttotal Status Flags
r-devel-linux-x86_64-debian-clang 0.1.1 2.13 29.62 31.75 NOTE
r-devel-linux-x86_64-debian-gcc 0.1.1 1.72 23.74 25.46 NOTE
r-devel-linux-x86_64-fedora-clang 0.1.1 38.62 NOTE
r-devel-linux-x86_64-fedora-gcc 0.1.1 38.13 NOTE
r-devel-windows-ix86+x86_64 0.1.1 9.00 45.00 54.00 NOTE
r-patched-linux-x86_64 0.1.1 1.89 28.91 30.80 OK
r-patched-solaris-x86 0.1.1 59.70 OK
r-release-linux-x86_64 0.1.1 1.95 28.65 30.60 OK
r-release-windows-ix86+x86_64 0.1.1 5.00 45.00 50.00 OK
r-release-osx-x86_64 0.1.1 OK
r-oldrel-windows-ix86+x86_64 0.1.1 3.00 41.00 44.00 OK
r-oldrel-osx-x86_64 0.1.1 OK

Check Details

Version: 0.1.1
Check: package vignettes
Result: NOTE
    Package vignette with placeholder title 'Vignette Title':
     'documenter.Rmd'
Flavors: r-devel-linux-x86_64-debian-clang, r-devel-linux-x86_64-debian-gcc, r-devel-windows-ix86+x86_64

Version: 0.1.1
Check: for non-standard things in the check directory
Result: NOTE
    Found the following files/directories:
     'annotation_file.yml'
Flavors: r-devel-linux-x86_64-debian-clang, r-devel-linux-x86_64-debian-gcc, r-devel-linux-x86_64-fedora-clang, r-devel-linux-x86_64-fedora-gcc