CRAN Package Check Results for Package documenter

Last updated on 2020-02-27 17:50:53 CET.

Flavor Version Tinstall Tcheck Ttotal Status Flags
r-devel-linux-x86_64-debian-clang 0.1.1 1.99 32.76 34.75 NOTE
r-devel-linux-x86_64-debian-gcc 0.1.1 1.89 25.75 27.64 NOTE
r-devel-linux-x86_64-fedora-clang 0.1.1 47.34 NOTE
r-devel-linux-x86_64-fedora-gcc 0.1.1 45.84 NOTE
r-devel-windows-ix86+x86_64 0.1.1 6.00 50.00 56.00 NOTE
r-devel-windows-ix86+x86_64-gcc8 0.1.1 6.00 48.00 54.00 NOTE
r-patched-linux-x86_64 0.1.1 1.91 30.67 32.58 OK
r-patched-solaris-x86 0.1.1 62.30 OK
r-release-linux-x86_64 0.1.1 1.92 30.13 32.05 OK
r-release-windows-ix86+x86_64 0.1.1 5.00 43.00 48.00 OK
r-release-osx-x86_64 0.1.1 OK
r-oldrel-windows-ix86+x86_64 0.1.1 3.00 44.00 47.00 OK
r-oldrel-osx-x86_64 0.1.1 OK

Check Details

Version: 0.1.1
Check: package vignettes
Result: NOTE
    Package vignette with placeholder title 'Vignette Title':
     'documenter.Rmd'
Flavors: r-devel-linux-x86_64-debian-clang, r-devel-linux-x86_64-debian-gcc, r-devel-windows-ix86+x86_64, r-devel-windows-ix86+x86_64-gcc8

Version: 0.1.1
Check: for non-standard things in the check directory
Result: NOTE
    Found the following files/directories:
     'annotation_file.yml'
Flavors: r-devel-linux-x86_64-debian-clang, r-devel-linux-x86_64-debian-gcc, r-devel-linux-x86_64-fedora-clang, r-devel-linux-x86_64-fedora-gcc