CRAN Package Check Results for Package docxtools

Last updated on 2018-05-23 12:48:13 CEST.

Flavor Version Tinstall Tcheck Ttotal Status Flags
r-devel-linux-x86_64-debian-clang 0.1.1 3.27 44.08 47.35 OK
r-devel-linux-x86_64-debian-gcc 0.1.1 0.20 1.47 1.67 ERROR
r-devel-linux-x86_64-fedora-clang 0.1.1 55.89 OK
r-devel-linux-x86_64-fedora-gcc 0.1.1 53.36 OK
r-devel-windows-ix86+x86_64 0.1.1 6.00 91.00 97.00 OK
r-patched-linux-x86_64 0.1.1 2.87 41.39 44.26 OK
r-patched-solaris-x86 0.1.1 80.30 OK
r-release-linux-x86_64 0.1.1 2.53 41.04 43.57 OK
r-release-windows-ix86+x86_64 0.1.1 12.00 90.00 102.00 OK
r-release-osx-x86_64 0.1.1 OK
r-oldrel-windows-ix86+x86_64 0.1.1 10.00 91.00 101.00 OK
r-oldrel-osx-x86_64 0.1.1 OK

Check Details

Version: 0.1.1
Check: package dependencies
Result: ERROR
    Packages required but not available: ‘ggplot2’ ‘dplyr’ ‘tidyr’
    
    See section ‘The DESCRIPTION file’ in the ‘Writing R Extensions’
    manual.
Flavor: r-devel-linux-x86_64-debian-gcc