CRAN Package Check Results for Package dodgr

Last updated on 2018-08-16 22:50:27 CEST.

Flavor Version Tinstall Tcheck Ttotal Status Flags
r-devel-linux-x86_64-debian-clang 0.0.3 60.00 153.92 213.92 OK
r-devel-linux-x86_64-debian-gcc 0.0.3 59.38 129.16 188.54 OK
r-devel-linux-x86_64-fedora-clang 0.0.3 297.84 NOTE
r-devel-linux-x86_64-fedora-gcc 0.0.3 275.82 OK
r-devel-windows-ix86+x86_64 0.0.3 196.00 268.00 464.00 NOTE
r-patched-linux-x86_64 0.0.3 77.95 158.05 236.00 OK
r-patched-solaris-x86 0.0.3 300.50 OK
r-release-linux-x86_64 0.0.3 75.11 159.62 234.73 OK
r-release-windows-ix86+x86_64 0.0.3 184.00 259.00 443.00 NOTE
r-release-osx-x86_64 0.0.3 WARN
r-oldrel-windows-ix86+x86_64 0.0.3 190.00 206.00 396.00 NOTE
r-oldrel-osx-x86_64 0.0.3 WARN

Check Details

Version: 0.0.3
Check: installed package size
Result: NOTE
     installed size is 9.4Mb
     sub-directories of 1Mb or more:
     doc 3.4Mb
     libs 5.8Mb
Flavors: r-devel-linux-x86_64-fedora-clang, r-devel-windows-ix86+x86_64, r-release-windows-ix86+x86_64, r-release-osx-x86_64, r-oldrel-windows-ix86+x86_64, r-oldrel-osx-x86_64

Version: 0.0.3
Check: re-building of vignette outputs
Result: WARN
    Error in re-building vignettes:
     ...
    Warning in engine$weave(file, quiet = quiet, encoding = enc) :
     Pandoc (>= 1.12.3) and/or pandoc-citeproc not available. Falling back to R Markdown v1.
    Loading dodgr
    Quitting from lines 117-144 (benchmark.Rmd)
    Error: processing vignette 'benchmark.Rmd' failed with diagnostics:
    polygon edge not found
    Execution halted
Flavors: r-release-osx-x86_64, r-oldrel-osx-x86_64