CRAN Package Check Results for Package dodgr

Last updated on 2018-05-24 02:48:19 CEST.

Flavor Version Tinstall Tcheck Ttotal Status Flags
r-devel-linux-x86_64-debian-clang 0.0.3 61.08 130.54 191.62 OK
r-devel-linux-x86_64-debian-gcc 0.0.3 55.15 117.24 172.39 OK
r-devel-linux-x86_64-fedora-clang 0.0.3 299.00 NOTE
r-devel-linux-x86_64-fedora-gcc 0.0.3 271.04 NOTE
r-devel-windows-ix86+x86_64 0.0.3 139.00 208.00 347.00 NOTE
r-patched-linux-x86_64 0.0.3 62.72 149.76 212.48 OK
r-patched-solaris-x86 0.0.3 296.40 OK
r-release-linux-x86_64 0.0.3 64.21 151.87 216.08 OK
r-release-windows-ix86+x86_64 0.0.3 181.00 271.00 452.00 NOTE
r-release-osx-x86_64 0.0.3 WARN
r-oldrel-windows-ix86+x86_64 0.0.3 183.00 261.00 444.00 NOTE
r-oldrel-osx-x86_64 0.0.3 WARN

Check Details

Version: 0.0.3
Check: installed package size
Result: NOTE
     installed size is 9.4Mb
     sub-directories of 1Mb or more:
     doc 3.4Mb
     libs 5.8Mb
Flavors: r-devel-linux-x86_64-fedora-clang, r-devel-linux-x86_64-fedora-gcc, r-devel-windows-ix86+x86_64, r-release-windows-ix86+x86_64, r-release-osx-x86_64, r-oldrel-windows-ix86+x86_64, r-oldrel-osx-x86_64

Version: 0.0.3
Check: re-building of vignette outputs
Result: WARN
    Error in re-building vignettes:
     ...
    Warning in engine$weave(file, quiet = quiet, encoding = enc) :
     Pandoc (>= 1.12.3) and/or pandoc-citeproc not available. Falling back to R Markdown v1.
    Loading dodgr
    Quitting from lines 117-144 (benchmark.Rmd)
    Error: processing vignette 'benchmark.Rmd' failed with diagnostics:
    polygon edge not found
    Execution halted
Flavors: r-release-osx-x86_64, r-oldrel-osx-x86_64