CRAN Package Check Results for Package dodgr

Last updated on 2018-02-24 10:48:45 CET.

Flavor Version Tinstall Tcheck Ttotal Status Flags
r-devel-linux-x86_64-debian-clang 0.0.3 64.68 148.23 212.91 OK
r-devel-linux-x86_64-debian-gcc 0.0.3 53.90 114.81 168.71 OK
r-devel-linux-x86_64-fedora-clang 0.0.3 299.45 NOTE
r-devel-linux-x86_64-fedora-gcc 0.0.3 264.06 NOTE
r-devel-windows-ix86+x86_64 0.0.3 176.00 262.00 438.00 NOTE
r-patched-linux-x86_64 0.0.3 62.42 161.50 223.92 OK
r-patched-solaris-x86 0.0.3 286.20 OK
r-release-linux-x86_64 0.0.3 67.23 161.25 228.48 OK
r-release-windows-ix86+x86_64 0.0.3 183.00 261.00 444.00 NOTE
r-release-osx-x86_64 0.0.3 WARN
r-oldrel-windows-ix86+x86_64 0.0.3 137.00 189.00 326.00 NOTE
r-oldrel-osx-x86_64 0.0.3 WARN

Check Details

Version: 0.0.3
Check: installed package size
Result: NOTE
     installed size is 9.4Mb
     sub-directories of 1Mb or more:
     doc 3.4Mb
     libs 5.8Mb
Flavors: r-devel-linux-x86_64-fedora-clang, r-devel-linux-x86_64-fedora-gcc, r-devel-windows-ix86+x86_64, r-release-windows-ix86+x86_64, r-release-osx-x86_64, r-oldrel-windows-ix86+x86_64, r-oldrel-osx-x86_64

Version: 0.0.3
Check: re-building of vignette outputs
Result: WARN
    Error in re-building vignettes:
     ...
    Warning in engine$weave(file, quiet = quiet, encoding = enc) :
     Pandoc (>= 1.12.3) and/or pandoc-citeproc not available. Falling back to R Markdown v1.
    Loading dodgr
    Quitting from lines 117-144 (benchmark.Rmd)
    Error: processing vignette 'benchmark.Rmd' failed with diagnostics:
    polygon edge not found
    Execution halted
Flavors: r-release-osx-x86_64, r-oldrel-osx-x86_64