CRAN Package Check Results for Package dodgr

Last updated on 2019-01-22 05:49:07 CET.

Flavor Version Tinstall Tcheck Ttotal Status Flags
r-devel-linux-x86_64-debian-clang 0.1.2 86.11 194.69 280.80 NOTE
r-devel-linux-x86_64-debian-gcc 0.1.2 73.57 153.64 227.21 NOTE
r-devel-linux-x86_64-fedora-clang 0.1.2 363.03 NOTE
r-devel-linux-x86_64-fedora-gcc 0.1.2 310.12 NOTE
r-devel-windows-ix86+x86_64 0.1.2 230.00 315.00 545.00 WARN
r-patched-linux-x86_64 0.1.2 84.47 198.22 282.69 NOTE
r-patched-solaris-x86 0.1.2 334.90 WARN
r-release-linux-x86_64 0.1.2 87.62 196.99 284.61 NOTE
r-release-windows-ix86+x86_64 0.1.2 233.00 341.00 574.00 NOTE
r-release-osx-x86_64 0.1.2 NOTE
r-oldrel-windows-ix86+x86_64 0.1.2 231.00 341.00 572.00 NOTE
r-oldrel-osx-x86_64 0.1.1 NOTE

Additional issues

clang-UBSAN gcc-UBSAN

Check Details

Version: 0.1.2
Check: for GNU extensions in Makefiles
Result: NOTE
    GNU make is a SystemRequirements.
Flavors: r-devel-linux-x86_64-debian-clang, r-devel-linux-x86_64-debian-gcc, r-devel-linux-x86_64-fedora-clang, r-devel-linux-x86_64-fedora-gcc, r-devel-windows-ix86+x86_64, r-patched-linux-x86_64, r-patched-solaris-x86, r-release-linux-x86_64, r-release-windows-ix86+x86_64, r-release-osx-x86_64, r-oldrel-windows-ix86+x86_64

Version: 0.1.2
Check: installed package size
Result: NOTE
     installed size is 11.6Mb
     sub-directories of 1Mb or more:
     doc 3.2Mb
     libs 8.1Mb
Flavors: r-devel-linux-x86_64-fedora-clang, r-devel-windows-ix86+x86_64, r-release-windows-ix86+x86_64, r-release-osx-x86_64, r-oldrel-windows-ix86+x86_64

Version: 0.1.2
Check: re-building of vignette outputs
Result: WARN
    Error(s) in re-building vignettes:
    --- re-building 'benchmark.Rmd' using rmarkdown
    Loading dodgr
    Re-compiling dodgr
    --- finished re-building 'benchmark.Rmd'
    
    --- re-building 'dodgr.Rmd' using rmarkdown
    Loading dodgr
    Warning in system(paste(shQuote(texi2dvi), if (quiet) "--quiet" else "", :
     running command '"D:\compiler\texmf\miktex\bin\texify.exe" --quiet ".\tikz36d46de67bef.tex" --max-iterations=20 -I "D:/RCompile/recent/R/share/texmf/tex/latex" -I "D:/RCompile/recent/R/share/texmf/bibtex/bst"' had status 1
    Quitting from lines 38-38 (dodgr.Rmd)
    Error: processing vignette 'dodgr.Rmd' failed with diagnostics:
    Failed to compile tikz; check the template: D:/temp/RtmpwhEb1d/RLIBS_2286823605e/knitr/misc/tikz2pdf.tex
    --- failed re-building 'dodgr.Rmd'
    
    SUMMARY: processing the following file failed:
     'dodgr.Rmd'
    
    Error: Vignette re-building failed.
    Execution halted
Flavor: r-devel-windows-ix86+x86_64

Version: 0.1.2
Check: re-building of vignette outputs
Result: WARN
    Error in re-building vignettes:
     ...
    Warning in engine$weave(file, quiet = quiet, encoding = enc) :
     Pandoc (>= 1.12.3) and/or pandoc-citeproc not available. Falling back to R Markdown v1.
    Loading dodgr
    Re-compiling dodgr
    Quitting from lines 18-19 (benchmark.Rmd)
    Error: processing vignette 'benchmark.Rmd' failed with diagnostics:
    System command error
    Execution halted
Flavor: r-patched-solaris-x86

Version: 0.1.1
Check: installed package size
Result: NOTE
     installed size is 9.5Mb
     sub-directories of 1Mb or more:
     doc 3.2Mb
     libs 6.1Mb
Flavor: r-oldrel-osx-x86_64

Version: 0.1.1
Check: for GNU extensions in Makefiles
Result: NOTE
    GNU make is a SystemRequirements.
Flavor: r-oldrel-osx-x86_64