Last updated on 2022-06-26 12:54:45 CEST.
Flavor | Version | Tinstall | Tcheck | Ttotal | Status | Flags |
---|---|---|---|---|---|---|
r-devel-linux-x86_64-debian-clang | 1.42.1 | 10.81 | 106.19 | 117.00 | OK | |
r-devel-linux-x86_64-debian-gcc | 1.42.1 | 8.44 | 75.81 | 84.25 | OK | |
r-devel-linux-x86_64-fedora-clang | 1.42.1 | 153.10 | NOTE | |||
r-devel-linux-x86_64-fedora-gcc | 1.42.1 | 150.23 | NOTE | |||
r-devel-windows-x86_64 | 1.42.1 | 36.00 | 160.00 | 196.00 | NOTE | |
r-patched-linux-x86_64 | 1.42.1 | 12.40 | 107.56 | 119.96 | OK | |
r-release-linux-x86_64 | 1.42.1 | 10.13 | 103.86 | 113.99 | OK | |
r-release-macos-arm64 | 1.42.1 | 222.00 | NOTE | |||
r-release-macos-x86_64 | 1.42.1 | 403.00 | NOTE | |||
r-release-windows-x86_64 | 1.42.1 | 38.00 | 168.00 | 206.00 | NOTE | |
r-oldrel-macos-arm64 | 1.42.1 | 230.00 | NOTE | |||
r-oldrel-macos-x86_64 | 1.42.1 | 373.00 | NOTE | |||
r-oldrel-windows-ix86+x86_64 | 1.42.1 | 21.00 | 137.00 | 158.00 | NOTE |
Version: 1.42.1
Check: installed package size
Result: NOTE
installed size is 6.5Mb
sub-directories of 1Mb or more:
R 2.1Mb
data 2.0Mb
extdata 2.3Mb
Flavors: r-devel-linux-x86_64-fedora-clang, r-devel-windows-x86_64, r-release-macos-arm64, r-release-macos-x86_64, r-release-windows-x86_64, r-oldrel-macos-arm64, r-oldrel-macos-x86_64, r-oldrel-windows-ix86+x86_64
Version: 1.42.1
Check: dependencies in R code
Result: NOTE
Namespace in Imports field not imported from: ‘usethis’
All declared Imports should be used.
Flavors: r-devel-linux-x86_64-fedora-clang, r-devel-linux-x86_64-fedora-gcc, r-release-macos-arm64, r-release-macos-x86_64, r-oldrel-macos-arm64, r-oldrel-macos-x86_64