Last updated on 2022-06-27 14:53:41 CEST.
Flavor | Version | Tinstall | Tcheck | Ttotal | Status | Flags |
---|---|---|---|---|---|---|
r-devel-linux-x86_64-debian-clang | 1.0.0 | 15.64 | 313.76 | 329.40 | OK | |
r-devel-linux-x86_64-debian-gcc | 1.0.0 | 11.54 | 215.30 | 226.84 | OK | |
r-devel-linux-x86_64-fedora-clang | 1.0.0 | 368.46 | NOTE | |||
r-devel-linux-x86_64-fedora-gcc | 1.0.0 | 371.17 | NOTE | |||
r-devel-windows-x86_64 | 1.0.0 | 31.00 | 314.00 | 345.00 | OK | |
r-patched-linux-x86_64 | 1.0.0 | 12.14 | 276.44 | 288.58 | OK | |
r-release-linux-x86_64 | 1.0.0 | 12.20 | 277.25 | 289.45 | OK | |
r-release-macos-arm64 | 1.0.0 | 131.00 | NOTE | |||
r-release-macos-x86_64 | 1.0.0 | 193.00 | NOTE | |||
r-release-windows-x86_64 | 1.0.0 | 26.00 | 316.00 | 342.00 | OK | |
r-oldrel-macos-arm64 | 1.0.0 | 183.00 | NOTE | |||
r-oldrel-macos-x86_64 | 1.0.0 | 201.00 | NOTE | |||
r-oldrel-windows-ix86+x86_64 | 1.0.0 | 35.00 | 327.00 | 362.00 | OK |
Version: 1.0.0
Check: dependencies in R code
Result: NOTE
Namespace in Imports field not imported from: ‘gridExtra’
All declared Imports should be used.
Flavors: r-devel-linux-x86_64-fedora-clang, r-devel-linux-x86_64-fedora-gcc, r-release-macos-arm64, r-release-macos-x86_64, r-oldrel-macos-arm64, r-oldrel-macos-x86_64