CRAN Package Check Results for Package dots

Last updated on 2022-12-06 19:55:44 CET.

Flavor Version Tinstall Tcheck Ttotal Status Flags
r-devel-linux-x86_64-debian-clang 0.0.2 6.80 132.37 139.17 OK
r-devel-linux-x86_64-debian-gcc 0.0.2 5.30 98.65 103.95 OK
r-devel-linux-x86_64-fedora-clang 0.0.2 198.44 NOTE
r-devel-linux-x86_64-fedora-gcc 0.0.2 194.00 NOTE
r-devel-windows-x86_64 0.0.2 14.00 175.00 189.00 OK
r-patched-linux-x86_64 0.0.2 7.10 129.91 137.01 OK
r-release-linux-x86_64 0.0.2 8.15 128.74 136.89 OK
r-release-macos-arm64 0.0.2 51.00 NOTE
r-release-macos-x86_64 0.0.2 72.00 NOTE
r-release-windows-x86_64 0.0.2 24.00 181.00 205.00 OK
r-oldrel-macos-arm64 0.0.2 49.00 NOTE
r-oldrel-macos-x86_64 0.0.2 70.00 NOTE
r-oldrel-windows-ix86+x86_64 0.0.2 20.00 188.00 208.00 OK

Check Details

Version: 0.0.2
Check: data for non-ASCII characters
Result: NOTE
     Note: found 2 marked UTF-8 strings
Flavors: r-devel-linux-x86_64-fedora-clang, r-devel-linux-x86_64-fedora-gcc, r-release-macos-arm64, r-release-macos-x86_64, r-oldrel-macos-arm64, r-oldrel-macos-x86_64