CRAN Package Check Results for Package downscale

Last updated on 2020-05-29 17:49:03 CEST.

Flavor Version Tinstall Tcheck Ttotal Status Flags
r-devel-linux-x86_64-debian-clang 3.0-1 11.09 134.46 145.55 WARN
r-devel-linux-x86_64-debian-gcc 3.0-1 10.58 102.17 112.75 WARN
r-devel-linux-x86_64-fedora-clang 3.0-1 187.27 WARN
r-devel-linux-x86_64-fedora-gcc 3.0-1 177.58 WARN
r-devel-windows-ix86+x86_64 3.0-1 27.00 155.00 182.00 WARN
r-patched-linux-x86_64 3.0-1 11.83 133.56 145.39 OK
r-patched-solaris-x86 3.0-1 234.10 OK
r-release-linux-x86_64 3.0-1 12.02 133.03 145.05 OK
r-release-osx-x86_64 3.0-1 OK
r-release-windows-ix86+x86_64 3.0-1 24.00 202.00 226.00 OK
r-oldrel-osx-x86_64 3.0-1 OK
r-oldrel-windows-ix86+x86_64 3.0-1 19.00 147.00 166.00 OK

Check Details

Version: 3.0-1
Check: whether package can be installed
Result: WARN
    Found the following significant warnings:
     Warning: S4 exports specified in 'NAMESPACE' but not defined in package 'downscale'
Flavors: r-devel-linux-x86_64-debian-clang, r-devel-windows-ix86+x86_64

Version: 3.0-1
Check: whether the namespace can be loaded with stated dependencies
Result: NOTE
    Warning: S4 exports specified in 'NAMESPACE' but not defined in package 'downscale'
    
    A namespace must be able to be loaded with just the base namespace
    loaded: otherwise if the namespace gets loaded by a saved object, the
    session will be unable to start.
    
    Probably some imports need to be declared in the NAMESPACE file.
Flavors: r-devel-linux-x86_64-debian-clang, r-devel-windows-ix86+x86_64

Version: 3.0-1
Check: whether the namespace can be loaded with stated dependencies
Result: WARN
    Warning: S4 exports specified in 'NAMESPACE' but not defined in package ‘downscale’
Flavors: r-devel-linux-x86_64-debian-gcc, r-devel-linux-x86_64-fedora-clang, r-devel-linux-x86_64-fedora-gcc