CRAN Package Check Results for Package downscaledl

Last updated on 2022-05-23 02:53:36 CEST.

Flavor Version Tinstall Tcheck Ttotal Status Flags
r-devel-linux-x86_64-debian-clang 1.0 29.24 67.39 96.63 NOTE
r-devel-linux-x86_64-debian-gcc 1.0 23.01 50.25 73.26 NOTE
r-devel-linux-x86_64-fedora-clang 1.0 133.54 NOTE
r-devel-linux-x86_64-fedora-gcc 1.0 115.66 NOTE
r-devel-windows-x86_64 1.0 40.00 106.00 146.00 NOTE
r-patched-linux-x86_64 1.0 26.13 62.83 88.96 NOTE
r-release-linux-x86_64 1.0 24.82 63.50 88.32 NOTE
r-release-macos-arm64 1.0 35.00 NOTE
r-release-macos-x86_64 1.0 61.00 NOTE
r-release-windows-x86_64 1.0 44.00 107.00 151.00 NOTE
r-oldrel-macos-arm64 1.0 37.00 NOTE
r-oldrel-macos-x86_64 1.0 50.00 NOTE
r-oldrel-windows-ix86+x86_64 1.0 76.00 119.00 195.00 NOTE

Check Details

Version: 1.0
Check: LazyData
Result: NOTE
     'LazyData' is specified without a 'data' directory
Flavors: r-devel-linux-x86_64-debian-clang, r-devel-linux-x86_64-debian-gcc, r-devel-linux-x86_64-fedora-clang, r-devel-linux-x86_64-fedora-gcc, r-devel-windows-x86_64, r-patched-linux-x86_64, r-release-linux-x86_64, r-release-macos-arm64, r-release-macos-x86_64, r-release-windows-x86_64, r-oldrel-macos-arm64, r-oldrel-macos-x86_64, r-oldrel-windows-ix86+x86_64

Version: 1.0
Check: dependencies in R code
Result: NOTE
    Namespaces in Imports field not imported from:
     ‘dplyr’ ‘parallel’ ‘rgdal’ ‘sp’ ‘tensorflow’
     All declared Imports should be used.
Flavors: r-devel-linux-x86_64-fedora-clang, r-devel-linux-x86_64-fedora-gcc, r-release-macos-arm64, r-release-macos-x86_64, r-oldrel-macos-arm64, r-oldrel-macos-x86_64