CRAN Package Check Results for Package dparser

Last updated on 2019-11-19 06:48:24 CET.

Flavor Version Tinstall Tcheck Ttotal Status Flags
r-devel-linux-x86_64-debian-clang 0.1.8 14.50 31.89 46.39 NOTE
r-devel-linux-x86_64-debian-gcc 0.1.8 9.44 25.71 35.15 NOTE
r-devel-linux-x86_64-fedora-clang 0.1.8 60.50 NOTE
r-devel-linux-x86_64-fedora-gcc 0.1.8 54.01 NOTE
r-devel-windows-ix86+x86_64 0.1.8 83.00 100.00 183.00 OK
r-patched-linux-x86_64 0.1.8 10.20 29.55 39.75 OK
r-patched-solaris-x86 0.1.8 65.90 OK
r-release-linux-x86_64 0.1.8 9.58 29.42 39.00 OK
r-release-windows-ix86+x86_64 0.1.8 42.00 147.00 189.00 OK
r-release-osx-x86_64 0.1.8 OK
r-oldrel-windows-ix86+x86_64 0.1.8 47.00 78.00 125.00 OK
r-oldrel-osx-x86_64 0.1.8 OK

Additional issues

clang-UBSAN gcc-UBSAN

Check Details

Version: 0.1.8
Check: for non-standard things in the check directory
Result: NOTE
    Found the following files/directories:
     'ansic_gram.c'
Flavors: r-devel-linux-x86_64-debian-clang, r-devel-linux-x86_64-debian-gcc, r-devel-linux-x86_64-fedora-clang, r-devel-linux-x86_64-fedora-gcc