CRAN Package Check Results for Package dpcR

Last updated on 2018-08-15 18:47:52 CEST.

Flavor Version Tinstall Tcheck Ttotal Status Flags
r-release-osx-x86_64 0.4 OK
r-oldrel-windows-ix86+x86_64 0.4 29.00 142.00 171.00 WARN
r-oldrel-osx-x86_64 0.4 OK

Check Details

Version: 0.4
Check: re-building of vignette outputs
Result: WARN
    Error in re-building vignettes:
     ...
    Quitting from lines 284-293 (overview.Rmd)
    Error: processing vignette 'overview.Rmd' failed with diagnostics:
    `data` must be uniquely named but has duplicate elements
    Execution halted
Flavor: r-oldrel-windows-ix86+x86_64