CRAN Package Check Results for Package dplR

Last updated on 2024-07-13 19:53:58 CEST.

Flavor Version Tinstall Tcheck Ttotal Status Flags
r-devel-linux-x86_64-debian-clang 1.7.7 31.26 263.94 295.20 NOTE
r-devel-linux-x86_64-debian-gcc 1.7.7 27.83 188.04 215.87 NOTE
r-devel-linux-x86_64-fedora-clang 1.7.7 385.12 NOTE
r-devel-linux-x86_64-fedora-gcc 1.7.7 345.10 NOTE
r-devel-windows-x86_64 1.7.7 34.00 218.00 252.00 NOTE
r-patched-linux-x86_64 1.7.7 40.09 254.80 294.89 OK
r-release-linux-x86_64 1.7.7 28.03 251.15 279.18 OK
r-release-macos-arm64 1.7.7 91.00 OK
r-release-macos-x86_64 1.7.7 199.00 OK
r-release-windows-x86_64 1.7.7 33.00 215.00 248.00 OK
r-oldrel-macos-arm64 1.7.7 93.00 OK
r-oldrel-macos-x86_64 1.7.7 183.00 OK
r-oldrel-windows-x86_64 1.7.7 43.00 271.00 314.00 OK

Check Details

Version: 1.7.7
Check: compiled code
Result: NOTE File ‘dplR/libs/dplR.so’: Found non-API call to R: ‘SET_TYPEOF’ Compiled code should not call non-API entry points in R. See ‘Writing portable packages’ in the ‘Writing R Extensions’ manual, and section ‘Moving into C API compliance’ for issues with the use of non-API entry points. Flavors: r-devel-linux-x86_64-debian-clang, r-devel-linux-x86_64-debian-gcc, r-devel-linux-x86_64-fedora-clang, r-devel-linux-x86_64-fedora-gcc

Version: 1.7.7
Check: Rd cross-references
Result: NOTE Found the following Rd file(s) with Rd \link{} targets missing package anchors: chron.ci.Rd: boot, boot.ci latexify.Rd: captureOutput pass.filt.Rd: butter, cheby1, filtfilt rasterPlot.Rd: readPNG uuid.gen.Rd: digest Please provide package anchors for all Rd \link{} targets not in the package itself and the base packages. Flavor: r-devel-windows-x86_64

Version: 1.7.7
Check: compiled code
Result: NOTE File 'dplR/libs/x64/dplR.dll': Found non-API call to R: 'SET_TYPEOF' Compiled code should not call non-API entry points in R. See 'Writing portable packages' in the 'Writing R Extensions' manual, and section 'Moving into C API compliance' for issues with the use of non-API entry points. Flavor: r-devel-windows-x86_64