CRAN Package Check Results for Package dplR

Last updated on 2018-02-25 16:48:16 CET.

Flavor Version Tinstall Tcheck Ttotal Status Flags
r-devel-linux-x86_64-debian-clang 1.6.7 21.54 230.53 252.07 OK
r-devel-linux-x86_64-debian-gcc 1.6.7 19.99 172.94 192.93 OK
r-devel-linux-x86_64-fedora-clang 1.6.7 296.32 NOTE
r-devel-linux-x86_64-fedora-gcc 1.6.7 286.29 NOTE
r-devel-windows-ix86+x86_64 1.6.7 53.00 403.00 456.00 OK
r-patched-linux-x86_64 1.6.7 9.31 255.86 265.17 OK
r-patched-solaris-x86 1.6.7 390.50 OK
r-release-linux-x86_64 1.6.7 9.37 260.68 270.05 OK
r-release-windows-ix86+x86_64 1.6.7 26.00 443.00 469.00 OK
r-release-osx-x86_64 1.6.7 OK
r-oldrel-windows-ix86+x86_64 1.6.7 25.00 315.00 340.00 OK
r-oldrel-osx-x86_64 1.6.6 OK

Check Details

Version: 1.6.7
Check: package dependencies
Result: NOTE
    Package suggested but not available for checking: ‘Biobase’
Flavors: r-devel-linux-x86_64-fedora-clang, r-devel-linux-x86_64-fedora-gcc