CRAN Package Check Results for Package dplR

Last updated on 2018-05-23 15:47:38 CEST.

Flavor Version Tinstall Tcheck Ttotal Status Flags
r-devel-linux-x86_64-debian-clang 1.6.7 22.88 237.64 260.52 OK
r-devel-linux-x86_64-debian-gcc 1.6.7 19.71 181.07 200.78 NOTE
r-devel-linux-x86_64-fedora-clang 1.6.7 317.34 OK
r-devel-linux-x86_64-fedora-gcc 1.6.7 308.07 OK
r-devel-windows-ix86+x86_64 1.6.7 55.00 439.00 494.00 OK
r-patched-linux-x86_64 1.6.7 20.69 225.44 246.13 OK
r-patched-solaris-x86 1.6.7 396.40 OK
r-release-linux-x86_64 1.6.7 22.05 220.04 242.09 OK
r-release-windows-ix86+x86_64 1.6.7 51.00 425.00 476.00 OK
r-release-osx-x86_64 1.6.7 OK
r-oldrel-windows-ix86+x86_64 1.6.7 31.00 447.00 478.00 OK
r-oldrel-osx-x86_64 1.6.7 OK

Check Details

Version: 1.6.7
Check: package dependencies
Result: NOTE
    Package suggested but not available for checking: ‘forecast’
Flavor: r-devel-linux-x86_64-debian-gcc