CRAN Package Check Results for Package dplyr

Last updated on 2019-06-17 21:46:39 CEST.

Flavor Version Tinstall Tcheck Ttotal Status Flags
r-devel-linux-x86_64-debian-clang 0.8.1 263.12 134.00 397.12 OK
r-devel-linux-x86_64-debian-gcc 0.8.1 231.24 105.04 336.28 OK
r-devel-linux-x86_64-fedora-clang 0.8.1 601.88 NOTE
r-devel-linux-x86_64-fedora-gcc 0.8.1 553.42 NOTE
r-devel-windows-ix86+x86_64 0.8.1 650.00 308.00 958.00 NOTE
r-patched-linux-x86_64 0.8.1 262.76 131.72 394.48 OK
r-patched-solaris-x86 0.8.1 548.60 NOTE
r-release-linux-x86_64 0.8.1 263.51 135.92 399.43 OK
r-release-windows-ix86+x86_64 0.8.1 504.00 315.00 819.00 NOTE
r-release-osx-x86_64 0.8.1 NOTE
r-oldrel-windows-ix86+x86_64 0.8.1 465.00 298.00 763.00 NOTE
r-oldrel-osx-x86_64 0.8.1 NOTE

Check Details

Version: 0.8.1
Check: installed package size
Result: NOTE
     installed size is 27.2Mb
     sub-directories of 1Mb or more:
     libs 24.9Mb
Flavors: r-devel-linux-x86_64-fedora-clang, r-devel-windows-ix86+x86_64, r-patched-solaris-x86, r-release-windows-ix86+x86_64, r-release-osx-x86_64, r-oldrel-windows-ix86+x86_64, r-oldrel-osx-x86_64

Version: 0.8.1
Check: data for non-ASCII characters
Result: NOTE
     Note: found 4 marked UTF-8 strings
Flavors: r-devel-linux-x86_64-fedora-clang, r-devel-linux-x86_64-fedora-gcc, r-patched-solaris-x86, r-release-osx-x86_64, r-oldrel-osx-x86_64