CRAN Package Check Results for Package dplyr

Last updated on 2018-05-25 10:48:18 CEST.

Flavor Version Tinstall Tcheck Ttotal Status Flags
r-devel-linux-x86_64-debian-clang 0.7.5 320.62 110.25 430.87 WARN
r-devel-linux-x86_64-debian-gcc 0.7.5 279.72 98.66 378.38 WARN
r-devel-linux-x86_64-fedora-clang 0.7.5 650.39 NOTE
r-devel-linux-x86_64-fedora-gcc 0.7.5 577.65 NOTE
r-devel-windows-ix86+x86_64 0.7.5 584.00 234.00 818.00 NOTE
r-patched-linux-x86_64 0.7.5 346.34 119.48 465.82 OK
r-patched-solaris-x86 0.7.5 549.30 NOTE
r-release-linux-x86_64 0.7.5 339.80 120.25 460.05 OK
r-release-windows-ix86+x86_64 0.7.5 807.00 302.00 1109.00 NOTE
r-release-osx-x86_64 0.7.5 NOTE
r-oldrel-windows-ix86+x86_64 0.7.5 815.00 225.00 1040.00 NOTE
r-oldrel-osx-x86_64 0.7.4 NOTE

Check Details

Version: 0.7.5
Check: for unstated dependencies in ‘tests’
Result: WARN
    '::' or ':::' import not declared from: ‘MASS’
Flavors: r-devel-linux-x86_64-debian-clang, r-devel-linux-x86_64-debian-gcc

Version: 0.7.5
Check: installed package size
Result: NOTE
     installed size is 26.7Mb
     sub-directories of 1Mb or more:
     libs 24.6Mb
Flavors: r-devel-linux-x86_64-fedora-clang, r-devel-linux-x86_64-fedora-gcc, r-devel-windows-ix86+x86_64, r-release-windows-ix86+x86_64, r-release-osx-x86_64, r-oldrel-windows-ix86+x86_64

Version: 0.7.5
Check: data for non-ASCII characters
Result: NOTE
     Note: found 4 marked UTF-8 strings
Flavors: r-devel-linux-x86_64-fedora-clang, r-devel-linux-x86_64-fedora-gcc, r-patched-solaris-x86, r-release-osx-x86_64

Version: 0.7.4
Check: installed package size
Result: NOTE
     installed size is 16.4Mb
     sub-directories of 1Mb or more:
     libs 14.6Mb
Flavor: r-oldrel-osx-x86_64

Version: 0.7.4
Check: data for non-ASCII characters
Result: NOTE
     Note: found 4 marked UTF-8 strings
Flavor: r-oldrel-osx-x86_64