CRAN Package Check Results for Package dplyr

Last updated on 2021-01-21 00:47:03 CET.

Flavor Version Tinstall Tcheck Ttotal Status Flags
r-devel-linux-x86_64-debian-clang 1.0.3 18.96 177.33 196.29 OK
r-devel-linux-x86_64-debian-gcc 1.0.3 13.62 128.28 141.90 OK
r-devel-linux-x86_64-fedora-clang 1.0.3 231.00 NOTE
r-devel-linux-x86_64-fedora-gcc 1.0.3 220.91 NOTE
r-devel-windows-ix86+x86_64 1.0.3 39.00 279.00 318.00 OK
r-patched-linux-x86_64 1.0.3 15.92 164.94 180.86 OK
r-patched-solaris-x86 1.0.3 276.40 NOTE
r-release-linux-x86_64 1.0.3 18.44 166.20 184.64 OK
r-release-macos-x86_64 1.0.3 NOTE
r-release-windows-ix86+x86_64 1.0.3 40.00 214.00 254.00 OK
r-oldrel-macos-x86_64 1.0.3 NOTE
r-oldrel-windows-ix86+x86_64 1.0.3 28.00 197.00 225.00 OK

Check Details

Version: 1.0.3
Check: Rd cross-references
Result: NOTE
    Undeclared package ‘tidyr’ in Rd xrefs
Flavor: r-devel-linux-x86_64-fedora-clang

Version: 1.0.3
Check: data for non-ASCII characters
Result: NOTE
     Note: found 4 marked UTF-8 strings
Flavors: r-devel-linux-x86_64-fedora-clang, r-devel-linux-x86_64-fedora-gcc, r-patched-solaris-x86, r-release-macos-x86_64, r-oldrel-macos-x86_64