Last updated on 2023-12-06 20:08:38 CET.
Flavor | Version | Tinstall | Tcheck | Ttotal | Status | Flags |
---|---|---|---|---|---|---|
r-devel-linux-x86_64-debian-clang | 1.1.4 | 32.21 | 379.96 | 412.17 | OK | |
r-devel-linux-x86_64-debian-gcc | 1.1.4 | 21.25 | 282.10 | 303.35 | OK | |
r-devel-linux-x86_64-fedora-clang | 1.1.4 | 481.50 | NOTE | |||
r-devel-linux-x86_64-fedora-gcc | 1.1.4 | 483.53 | NOTE | |||
r-devel-windows-x86_64 | 1.1.4 | 1.00 | 4.00 | 5.00 | ERROR | |
r-patched-linux-x86_64 | 1.1.4 | 29.91 | 351.94 | 381.85 | OK | |
r-release-linux-x86_64 | 1.1.4 | 24.40 | 349.52 | 373.92 | OK | |
r-release-macos-arm64 | 1.1.4 | 136.00 | OK | |||
r-release-macos-x86_64 | 1.1.4 | 480.00 | OK | |||
r-release-windows-x86_64 | 1.1.4 | 1.00 | 6.00 | 7.00 | ERROR | |
r-oldrel-macos-arm64 | 1.1.4 | 131.00 | OK | |||
r-oldrel-macos-x86_64 | 1.1.3 | 163.00 | OK | |||
r-oldrel-windows-x86_64 | 1.1.4 | 34.00 | 376.00 | 410.00 | OK |
Version: 1.1.4
Check: data for non-ASCII characters
Result: NOTE
Note: found 4 marked UTF-8 strings
Flavors: r-devel-linux-x86_64-fedora-clang, r-devel-linux-x86_64-fedora-gcc
Version: 1.1.4
Check: whether package can be installed
Result: ERROR
Installation failed.
Flavors: r-devel-windows-x86_64, r-release-windows-x86_64