CRAN Package Check Results for Package dplyr

Last updated on 2019-01-21 17:48:28 CET.

Flavor Version Tinstall Tcheck Ttotal Status Flags
r-devel-linux-x86_64-debian-clang 0.7.8 327.97 135.73 463.70 OK
r-devel-linux-x86_64-debian-gcc 0.7.8 316.97 103.58 420.55 OK
r-devel-linux-x86_64-fedora-clang 0.7.8 696.99 NOTE
r-devel-linux-x86_64-fedora-gcc 0.7.8 645.30 NOTE
r-devel-windows-ix86+x86_64 0.7.8 822.00 302.00 1124.00 NOTE
r-patched-linux-x86_64 0.7.8 373.57 119.58 493.15 OK
r-patched-solaris-x86 0.7.8 564.40 NOTE
r-release-linux-x86_64 0.7.8 359.89 119.41 479.30 OK
r-release-windows-ix86+x86_64 0.7.8 792.00 286.00 1078.00 NOTE
r-release-osx-x86_64 0.7.8 NOTE
r-oldrel-windows-ix86+x86_64 0.7.8 810.00 283.00 1093.00 NOTE
r-oldrel-osx-x86_64 0.7.8 NOTE

Check Details

Version: 0.7.8
Check: installed package size
Result: NOTE
     installed size is 28.4Mb
     sub-directories of 1Mb or more:
     libs 26.2Mb
Flavors: r-devel-linux-x86_64-fedora-clang, r-devel-windows-ix86+x86_64, r-patched-solaris-x86, r-release-windows-ix86+x86_64, r-release-osx-x86_64, r-oldrel-windows-ix86+x86_64, r-oldrel-osx-x86_64

Version: 0.7.8
Check: data for non-ASCII characters
Result: NOTE
     Note: found 4 marked UTF-8 strings
Flavors: r-devel-linux-x86_64-fedora-clang, r-devel-linux-x86_64-fedora-gcc, r-patched-solaris-x86, r-release-osx-x86_64, r-oldrel-osx-x86_64