CRAN Package Check Results for Package dplyr

Last updated on 2018-02-18 18:47:25 CET.

Flavor Version Tinstall Tcheck Ttotal Status Flags
r-devel-linux-x86_64-debian-clang 0.7.4 307.11 157.09 464.20 OK
r-devel-linux-x86_64-debian-gcc 0.7.4 253.76 114.56 368.32 OK
r-devel-linux-x86_64-fedora-clang 0.7.4 667.78 NOTE
r-devel-linux-x86_64-fedora-gcc 0.7.4 599.33 NOTE
r-devel-windows-ix86+x86_64 0.7.4 554.00 248.00 802.00 NOTE
r-patched-linux-x86_64 0.7.4 307.80 161.95 469.75 OK
r-patched-solaris-x86 0.7.4 578.00 NOTE
r-release-linux-x86_64 0.7.4 302.49 157.91 460.40 OK
r-release-windows-ix86+x86_64 0.7.4 796.00 342.00 1138.00 NOTE
r-release-osx-x86_64 0.7.4 NOTE
r-oldrel-windows-ix86+x86_64 0.7.4 556.00 263.00 819.00 NOTE
r-oldrel-osx-x86_64 0.7.4 NOTE

Additional issues

clang-UBSAN valgrind

Check Details

Version: 0.7.4
Check: installed package size
Result: NOTE
     installed size is 29.0Mb
     sub-directories of 1Mb or more:
     libs 27.0Mb
Flavors: r-devel-linux-x86_64-fedora-clang, r-devel-linux-x86_64-fedora-gcc, r-devel-windows-ix86+x86_64, r-release-windows-ix86+x86_64, r-release-osx-x86_64, r-oldrel-windows-ix86+x86_64, r-oldrel-osx-x86_64

Version: 0.7.4
Check: data for non-ASCII characters
Result: NOTE
     Note: found 4 marked UTF-8 strings
Flavors: r-devel-linux-x86_64-fedora-clang, r-devel-linux-x86_64-fedora-gcc, r-patched-solaris-x86, r-release-osx-x86_64, r-oldrel-osx-x86_64