CRAN Package Check Results for Package dplyr.teradata

Last updated on 2018-05-21 21:47:54 CEST.

Flavor Version Tinstall Tcheck Ttotal Status Flags
r-devel-linux-x86_64-debian-clang 0.2.0 5.44 59.99 65.43 OK
r-devel-linux-x86_64-debian-gcc 0.2.0 4.47 52.82 57.29 OK
r-devel-linux-x86_64-fedora-clang 0.2.0 87.32 NOTE
r-devel-linux-x86_64-fedora-gcc 0.2.0 83.52 NOTE
r-devel-windows-ix86+x86_64 0.2.0 15.00 80.00 95.00 OK
r-patched-linux-x86_64 0.2.0 4.73 57.62 62.35 OK
r-patched-solaris-x86 0.2.0 115.50 NOTE
r-release-linux-x86_64 0.2.0 5.01 56.43 61.44 OK
r-release-windows-ix86+x86_64 0.2.0 11.00 104.00 115.00 OK
r-release-osx-x86_64 0.2.0 NOTE
r-oldrel-windows-ix86+x86_64 0.2.0 15.00 105.00 120.00 OK
r-oldrel-osx-x86_64 0.2.0 NOTE

Check Details

Version: 0.2.0
Check: dependencies in R code
Result: NOTE
    Namespaces in Imports field not imported from:
     ‘bit64’ ‘rstudioapi’ ‘tidyverse’
     All declared Imports should be used.
Flavors: r-devel-linux-x86_64-fedora-clang, r-devel-linux-x86_64-fedora-gcc, r-patched-solaris-x86, r-release-osx-x86_64, r-oldrel-osx-x86_64