CRAN Package Check Results for Package dplyr.teradata

Last updated on 2018-08-21 08:48:49 CEST.

Flavor Version Tinstall Tcheck Ttotal Status Flags
r-devel-linux-x86_64-debian-clang 0.3.0 4.13 52.57 56.70 OK
r-devel-linux-x86_64-debian-gcc 0.3.0 3.53 40.90 44.43 OK
r-devel-linux-x86_64-fedora-clang 0.3.0 65.60 NOTE
r-devel-linux-x86_64-fedora-gcc 0.3.0 62.81 NOTE
r-devel-windows-ix86+x86_64 0.3.0 12.00 65.00 77.00 OK
r-patched-linux-x86_64 0.3.0 3.23 43.10 46.33 OK
r-patched-solaris-x86 0.3.0 87.40 NOTE
r-release-linux-x86_64 0.3.0 4.27 43.06 47.33 OK
r-release-windows-ix86+x86_64 0.3.0 11.00 84.00 95.00 OK
r-release-osx-x86_64 0.3.0 NOTE
r-oldrel-windows-ix86+x86_64 0.3.0 7.00 93.00 100.00 OK
r-oldrel-osx-x86_64 0.3.0 NOTE

Check Details

Version: 0.3.0
Check: dependencies in R code
Result: NOTE
    Namespaces in Imports field not imported from:
     ‘bit64’ ‘rstudioapi’
     All declared Imports should be used.
Flavors: r-devel-linux-x86_64-fedora-clang, r-devel-linux-x86_64-fedora-gcc, r-patched-solaris-x86, r-release-osx-x86_64, r-oldrel-osx-x86_64