CRAN Package Check Results for Package dplyr.teradata

Last updated on 2018-11-15 06:47:19 CET.

Flavor Version Tinstall Tcheck Ttotal Status Flags
r-devel-linux-x86_64-debian-clang 0.3.0 4.57 53.13 57.70 OK
r-devel-linux-x86_64-debian-gcc 0.3.0 3.83 43.00 46.83 OK
r-devel-linux-x86_64-fedora-clang 0.3.0 66.43 NOTE
r-devel-linux-x86_64-fedora-gcc 0.3.0 63.35 NOTE
r-devel-windows-ix86+x86_64 0.3.0 7.00 69.00 76.00 OK
r-patched-linux-x86_64 0.3.0 3.81 43.60 47.41 OK
r-patched-solaris-x86 0.3.0 86.10 NOTE
r-release-linux-x86_64 0.3.0 4.16 43.10 47.26 OK
r-release-windows-ix86+x86_64 0.3.0 9.00 88.00 97.00 OK
r-release-osx-x86_64 0.3.0 NOTE
r-oldrel-windows-ix86+x86_64 0.3.0 10.00 81.00 91.00 OK
r-oldrel-osx-x86_64 0.3.0 NOTE

Check Details

Version: 0.3.0
Check: dependencies in R code
Result: NOTE
    Namespaces in Imports field not imported from:
     ‘bit64’ ‘rstudioapi’
     All declared Imports should be used.
Flavors: r-devel-linux-x86_64-fedora-clang, r-devel-linux-x86_64-fedora-gcc, r-patched-solaris-x86, r-release-osx-x86_64, r-oldrel-osx-x86_64