CRAN Package Check Results for Package dplyr.teradata

Last updated on 2019-02-15 20:46:46 CET.

Flavor Version Tinstall Tcheck Ttotal Status Flags
r-devel-linux-x86_64-debian-clang 0.3.0 3.82 47.10 50.92 WARN
r-devel-linux-x86_64-debian-gcc 0.3.0 3.41 36.28 39.69 WARN
r-devel-linux-x86_64-fedora-clang 0.3.0 66.43 WARN
r-devel-linux-x86_64-fedora-gcc 0.3.0 58.36 WARN
r-devel-windows-ix86+x86_64 0.3.0 12.00 93.00 105.00 OK
r-patched-linux-x86_64 0.3.0 4.39 43.46 47.85 OK
r-patched-solaris-x86 0.3.0 83.10 WARN
r-release-linux-x86_64 0.3.0 4.30 43.98 48.28 OK
r-release-windows-ix86+x86_64 0.3.0 6.00 60.00 66.00 OK
r-release-osx-x86_64 0.3.0 NOTE
r-oldrel-windows-ix86+x86_64 0.3.0 13.00 89.00 102.00 OK
r-oldrel-osx-x86_64 0.3.0 NOTE

Check Details

Version: 0.3.0
Check: S3 generic/method consistency
Result: WARN
    sample_n:
     function(tbl, size, replace, weight, .env, ...)
    sample_n.tbl_teradata:
     function(tbl, size, replace, weight, .env)
    
    See section ‘Generic functions and methods’ in the ‘Writing R
    Extensions’ manual.
Flavors: r-devel-linux-x86_64-debian-clang, r-devel-linux-x86_64-debian-gcc, r-devel-linux-x86_64-fedora-clang, r-devel-linux-x86_64-fedora-gcc, r-patched-solaris-x86

Version: 0.3.0
Check: dependencies in R code
Result: NOTE
    Namespaces in Imports field not imported from:
     ‘bit64’ ‘rstudioapi’
     All declared Imports should be used.
Flavors: r-devel-linux-x86_64-fedora-clang, r-devel-linux-x86_64-fedora-gcc, r-patched-solaris-x86, r-release-osx-x86_64, r-oldrel-osx-x86_64